{"id":2690,"date":"2019-07-05T11:42:55","date_gmt":"2019-07-05T11:42:55","guid":{"rendered":"http:\/\/hubertpietka.bialystok.pl\/?page_id=2690"},"modified":"2019-07-05T11:45:07","modified_gmt":"2019-07-05T11:45:07","slug":"vincent-lambert-ostatni-moment","status":"publish","type":"page","link":"https:\/\/hubertpietka.bialystok.pl\/?page_id=2690","title":{"rendered":"Vincent Lambert \/ ostatni moment"},"content":{"rendered":"<p><strong><em>Vincent Lambert \/ ostatni moment<\/em><\/strong><\/p>\n<p>Lamb z angielskiego to jest owieczka<br \/>\nLamb z niemieckiego to ziemia<br \/>\nCa\u0142a ziemia patrzy<br \/>\nCo z t\u0105 owieczk\u0105 si\u0119 stanie<br \/>\nNa \u015bmier\u0107 niewinnie skazan\u0105<\/p>\n<p>Vincent to natomiast<br \/>\nZwyci\u0119stwo z \u0142aciny<br \/>\nVin cent inaczej powiedziane<br \/>\nTo zwyci\u0119stwo pieni\u0105dza by\u0107 mo\u017ce<br \/>\nCo wygra<br \/>\n\u017bycie mamona<br \/>\nInteresy partykularne<\/p>\n<p>42 lata Vincent Lambert ma<br \/>\n4 dni ju\u017c min\u0119\u0142y<br \/>\nOd kiedy zaprzestano pojenia i od\u017cywiania go<br \/>\nCzy 2 zosta\u0142y<br \/>\nA potem 0<br \/>\nJednostajny sygna\u0142<br \/>\nZaprzestania bicia serca<\/p>\n<p>Na motorze jecha\u0142<br \/>\nWypadek<br \/>\nKa\u017cdego spotka\u0107 to mo\u017ce.<\/p>\n","protected":false},"excerpt":{"rendered":"<p>Vincent Lambert \/ ostatni moment Lamb z angielskiego to jest owieczka Lamb z niemieckiego to ziemia Ca\u0142a ziemia patrzy Co z t\u0105 owieczk\u0105 si\u0119 stanie&hellip; <\/p>\n","protected":false},"author":1,"featured_media":0,"parent":0,"menu_order":0,"comment_status":"closed","ping_status":"closed","template":"","meta":{"footnotes":""},"class_list":["post-2690","page","type-page","status-publish","hentry"],"_links":{"self":[{"href":"https:\/\/hubertpietka.bialystok.pl\/index.php?rest_route=\/wp\/v2\/pages\/2690","targetHints":{"allow":["GET"]}}],"collection":[{"href":"https:\/\/hubertpietka.bialystok.pl\/index.php?rest_route=\/wp\/v2\/pages"}],"about":[{"href":"https:\/\/hubertpietka.bialystok.pl\/index.php?rest_route=\/wp\/v2\/types\/page"}],"author":[{"embeddable":true,"href":"https:\/\/hubertpietka.bialystok.pl\/index.php?rest_route=\/wp\/v2\/users\/1"}],"replies":[{"embeddable":true,"href":"https:\/\/hubertpietka.bialystok.pl\/index.php?rest_route=%2Fwp%2Fv2%2Fcomments&post=2690"}],"version-history":[{"count":2,"href":"https:\/\/hubertpietka.bialystok.pl\/index.php?rest_route=\/wp\/v2\/pages\/2690\/revisions"}],"predecessor-version":[{"id":2692,"href":"https:\/\/hubertpietka.bialystok.pl\/index.php?rest_route=\/wp\/v2\/pages\/2690\/revisions\/2692"}],"wp:attachment":[{"href":"https:\/\/hubertpietka.bialystok.pl\/index.php?rest_route=%2Fwp%2Fv2%2Fmedia&parent=2690"}],"curies":[{"name":"wp","href":"https:\/\/api.w.org\/{rel}","templated":true}]}}