{"id":280,"date":"2017-01-18T21:43:02","date_gmt":"2017-01-18T21:43:02","guid":{"rendered":"http:\/\/hubertpietka.bialystok.pl\/?page_id=280"},"modified":"2017-01-18T21:43:02","modified_gmt":"2017-01-18T21:43:02","slug":"bezdomny","status":"publish","type":"page","link":"https:\/\/hubertpietka.bialystok.pl\/?page_id=280","title":{"rendered":"Bezdomny"},"content":{"rendered":"<p><strong>Bezdomny<\/strong><\/p>\n<p>&nbsp;<\/p>\n<p>idzie bezdomny idzie<\/p>\n<p>na nogach si\u0119 ko\u0142ysze<\/p>\n<p>s\u0142aby duch w s\u0142abym ciele<\/p>\n<p>przesi\u0105kni\u0119ty alkoholem<\/p>\n<p>zbiera puszki<\/p>\n<p>resztki \u017cywno\u015bci ze \u015bmietnika<\/p>\n<p>przechodzi obok<\/p>\n<p>niech B\u00f3g wyprostuje mu kroki<\/p>\n<p>&nbsp;<\/p>\n<p>albo \u015bpi na \u0142awce w parku<\/p>\n<p>czy chocia\u017c sny ma kolorowe<\/p>\n<p>przy pewnym zbiegu okoliczno\u015bci<\/p>\n<p>i ja m\u00f3g\u0142bym by\u0107 nim<\/p>\n<p>m\u00f3g\u0142by\u015b by\u0107 nim i ty<\/p>\n<p>nic nie wiadomo<\/p>\n<p>mo\u017ce chocia\u017c Pan B\u00f3g przytuli go<\/p>\n<p>do serca kiedy odejdzie<\/p>\n<p>za to \u017cycie popl\u0105tane<\/p>\n","protected":false},"excerpt":{"rendered":"<p>Bezdomny &nbsp; idzie bezdomny idzie na nogach si\u0119 ko\u0142ysze s\u0142aby duch w s\u0142abym ciele przesi\u0105kni\u0119ty alkoholem zbiera puszki resztki \u017cywno\u015bci ze \u015bmietnika przechodzi obok niech&hellip; <\/p>\n","protected":false},"author":1,"featured_media":0,"parent":0,"menu_order":0,"comment_status":"closed","ping_status":"closed","template":"","meta":{"footnotes":""},"class_list":["post-280","page","type-page","status-publish","hentry"],"_links":{"self":[{"href":"https:\/\/hubertpietka.bialystok.pl\/index.php?rest_route=\/wp\/v2\/pages\/280","targetHints":{"allow":["GET"]}}],"collection":[{"href":"https:\/\/hubertpietka.bialystok.pl\/index.php?rest_route=\/wp\/v2\/pages"}],"about":[{"href":"https:\/\/hubertpietka.bialystok.pl\/index.php?rest_route=\/wp\/v2\/types\/page"}],"author":[{"embeddable":true,"href":"https:\/\/hubertpietka.bialystok.pl\/index.php?rest_route=\/wp\/v2\/users\/1"}],"replies":[{"embeddable":true,"href":"https:\/\/hubertpietka.bialystok.pl\/index.php?rest_route=%2Fwp%2Fv2%2Fcomments&post=280"}],"version-history":[{"count":1,"href":"https:\/\/hubertpietka.bialystok.pl\/index.php?rest_route=\/wp\/v2\/pages\/280\/revisions"}],"predecessor-version":[{"id":281,"href":"https:\/\/hubertpietka.bialystok.pl\/index.php?rest_route=\/wp\/v2\/pages\/280\/revisions\/281"}],"wp:attachment":[{"href":"https:\/\/hubertpietka.bialystok.pl\/index.php?rest_route=%2Fwp%2Fv2%2Fmedia&parent=280"}],"curies":[{"name":"wp","href":"https:\/\/api.w.org\/{rel}","templated":true}]}}