{"id":2842,"date":"2019-10-01T11:00:33","date_gmt":"2019-10-01T11:00:33","guid":{"rendered":"http:\/\/hubertpietka.bialystok.pl\/?page_id=2842"},"modified":"2019-10-01T12:23:30","modified_gmt":"2019-10-01T12:23:30","slug":"a-ten-a-odmiana-przez-przypadki-wyrazenia","status":"publish","type":"page","link":"https:\/\/hubertpietka.bialystok.pl\/?page_id=2842","title":{"rendered":"A ten a \/ odmiana przez przypadki wyra\u017cenia"},"content":{"rendered":"<p><strong><em>A ten a \/ odmiana przez przypadki wyra\u017cenia<\/em><\/strong><\/p>\n<p>A ten ach<br \/>\nBywa\u0142o kiedy\u015b<br \/>\nCzy jako\u015b tak<\/p>\n<p>A ten o<br \/>\nTe\u017c bywa\u0142o<\/p>\n<p>A ten a<br \/>\nA przecie\u017c on jest dla was<\/p>\n<p>A ten a my<br \/>\nWszyscy jeste\u015bmy<br \/>\nMniej wi\u0119cej<br \/>\nTacy sami<\/p>\n<p><em>Na zdj. Cukinia i jej kwiat<\/em><br \/>\n<em>Kwiaty s\u0105 dla was<\/em><br \/>\n<em>Ja owocu te\u017c mo\u017ce kiedy\u015b skosztuj\u0119<\/em><br \/>\n<em>Co daj Bo\u017ce Amen<\/em><\/p>\n<p><img decoding=\"async\" class=\"css-9pa8cd\" draggable=\"true\" src=\"https:\/\/pbs.twimg.com\/media\/EFyWgxYWkAI5cc1?format=jpg&amp;name=small\" alt=\"Image\" \/><\/p>\n","protected":false},"excerpt":{"rendered":"<p>A ten a \/ odmiana przez przypadki wyra\u017cenia A ten ach Bywa\u0142o kiedy\u015b Czy jako\u015b tak A ten o Te\u017c bywa\u0142o A ten a A&hellip; <\/p>\n","protected":false},"author":1,"featured_media":0,"parent":0,"menu_order":0,"comment_status":"closed","ping_status":"closed","template":"","meta":{"footnotes":""},"class_list":["post-2842","page","type-page","status-publish","hentry"],"_links":{"self":[{"href":"https:\/\/hubertpietka.bialystok.pl\/index.php?rest_route=\/wp\/v2\/pages\/2842","targetHints":{"allow":["GET"]}}],"collection":[{"href":"https:\/\/hubertpietka.bialystok.pl\/index.php?rest_route=\/wp\/v2\/pages"}],"about":[{"href":"https:\/\/hubertpietka.bialystok.pl\/index.php?rest_route=\/wp\/v2\/types\/page"}],"author":[{"embeddable":true,"href":"https:\/\/hubertpietka.bialystok.pl\/index.php?rest_route=\/wp\/v2\/users\/1"}],"replies":[{"embeddable":true,"href":"https:\/\/hubertpietka.bialystok.pl\/index.php?rest_route=%2Fwp%2Fv2%2Fcomments&post=2842"}],"version-history":[{"count":6,"href":"https:\/\/hubertpietka.bialystok.pl\/index.php?rest_route=\/wp\/v2\/pages\/2842\/revisions"}],"predecessor-version":[{"id":2854,"href":"https:\/\/hubertpietka.bialystok.pl\/index.php?rest_route=\/wp\/v2\/pages\/2842\/revisions\/2854"}],"wp:attachment":[{"href":"https:\/\/hubertpietka.bialystok.pl\/index.php?rest_route=%2Fwp%2Fv2%2Fmedia&parent=2842"}],"curies":[{"name":"wp","href":"https:\/\/api.w.org\/{rel}","templated":true}]}}