{"id":2997,"date":"2019-11-20T11:10:41","date_gmt":"2019-11-20T11:10:41","guid":{"rendered":"http:\/\/hubertpietka.bialystok.pl\/?page_id=2997"},"modified":"2019-11-20T11:10:41","modified_gmt":"2019-11-20T11:10:41","slug":"wybaczenie-czemu-nie","status":"publish","type":"page","link":"https:\/\/hubertpietka.bialystok.pl\/?page_id=2997","title":{"rendered":"Wybaczenie \/ czemu nie"},"content":{"rendered":"<div id=\":pn\" class=\"ii gt\">\n<div id=\":pm\" class=\"a3s aXjCH \">\n<div dir=\"auto\"><em><strong>Wybaczenie \/ czemu nie<\/strong><\/em><\/p>\n<div dir=\"auto\"><\/div>\n<div dir=\"auto\">Trzeba najpierw<\/div>\n<div dir=\"auto\">Wybaczy\u0107 sobie \/<\/div>\n<div dir=\"auto\"><\/div>\n<div dir=\"auto\">By potem m\u00f3c<\/div>\n<div dir=\"auto\">Innym wybaczy\u0107 \/<\/div>\n<div dir=\"auto\"><\/div>\n<div dir=\"auto\">By B\u00f3g wybaczy\u0142 \/<\/div>\n<div dir=\"auto\"><\/div>\n<div dir=\"auto\">Przebacz Panie<\/div>\n<div dir=\"auto\">Wybaczam sobie<\/div>\n<div dir=\"auto\">Wybaczam innym<\/div>\n<div dir=\"auto\">Bo nie wiedz\u0105<\/div>\n<div dir=\"auto\">Co czyni\u0105 \/<\/div>\n<div dir=\"auto\"><\/div>\n<div dir=\"auto\">Wybaczcie<\/div>\n<div dir=\"auto\">Wy baczcie<\/div>\n<div dir=\"auto\"><img decoding=\"async\" src=\"https:\/\/pbs.twimg.com\/media\/EJjqjK2XsAEDLxn?format=jpg&amp;name=small\" alt=\"Zdj\u00c4\u0099cie\" \/><\/div>\n<div dir=\"auto\">Na zdj. Jezus Dzieci\u0105tko<\/div>\n<div dir=\"auto\">W ko\u015bciele \u015awi\u0119tej Tr\u00f3jcy supraskim<\/div>\n<div dir=\"auto\">G\u0142owy cz\u0142owieka dotyka<\/div>\n<div dir=\"auto\">A wizerunki Maryi po bokach<\/div>\n<div dir=\"auto\">Jezu i Maryjo b\u0105d\u017acie zawsze przy nas<\/div>\n<\/div>\n<div class=\"yj6qo\"><\/div>\n<div class=\"adL\"><\/div>\n<\/div>\n<\/div>\n<div id=\":o7\" class=\"hq gt a10\"><\/div>\n","protected":false},"excerpt":{"rendered":"<p>Wybaczenie \/ czemu nie Trzeba najpierw Wybaczy\u0107 sobie \/ By potem m\u00f3c Innym wybaczy\u0107 \/ By B\u00f3g wybaczy\u0142 \/ Przebacz Panie Wybaczam sobie Wybaczam innym&hellip; <\/p>\n","protected":false},"author":1,"featured_media":0,"parent":0,"menu_order":0,"comment_status":"closed","ping_status":"closed","template":"","meta":{"footnotes":""},"class_list":["post-2997","page","type-page","status-publish","hentry"],"_links":{"self":[{"href":"https:\/\/hubertpietka.bialystok.pl\/index.php?rest_route=\/wp\/v2\/pages\/2997","targetHints":{"allow":["GET"]}}],"collection":[{"href":"https:\/\/hubertpietka.bialystok.pl\/index.php?rest_route=\/wp\/v2\/pages"}],"about":[{"href":"https:\/\/hubertpietka.bialystok.pl\/index.php?rest_route=\/wp\/v2\/types\/page"}],"author":[{"embeddable":true,"href":"https:\/\/hubertpietka.bialystok.pl\/index.php?rest_route=\/wp\/v2\/users\/1"}],"replies":[{"embeddable":true,"href":"https:\/\/hubertpietka.bialystok.pl\/index.php?rest_route=%2Fwp%2Fv2%2Fcomments&post=2997"}],"version-history":[{"count":1,"href":"https:\/\/hubertpietka.bialystok.pl\/index.php?rest_route=\/wp\/v2\/pages\/2997\/revisions"}],"predecessor-version":[{"id":2998,"href":"https:\/\/hubertpietka.bialystok.pl\/index.php?rest_route=\/wp\/v2\/pages\/2997\/revisions\/2998"}],"wp:attachment":[{"href":"https:\/\/hubertpietka.bialystok.pl\/index.php?rest_route=%2Fwp%2Fv2%2Fmedia&parent=2997"}],"curies":[{"name":"wp","href":"https:\/\/api.w.org\/{rel}","templated":true}]}}