{"id":3004,"date":"2019-11-20T11:21:00","date_gmt":"2019-11-20T11:21:00","guid":{"rendered":"http:\/\/hubertpietka.bialystok.pl\/?page_id=3004"},"modified":"2019-11-20T11:21:00","modified_gmt":"2019-11-20T11:21:00","slug":"was-i-tylko-wasilkow","status":"publish","type":"page","link":"https:\/\/hubertpietka.bialystok.pl\/?page_id=3004","title":{"rendered":"Was i tylko \/ Wasilk\u00f3w"},"content":{"rendered":"<p><em><strong>Was i tylko \/ Wasilk\u00f3w<\/strong><\/em><\/p>\n<div dir=\"auto\"><\/div>\n<div dir=\"auto\">I<\/div>\n<div dir=\"auto\">Was i tylko was<\/div>\n<div dir=\"auto\">Was ist das \ud83d\ude42 \/<\/div>\n<div dir=\"auto\"><\/div>\n<div dir=\"auto\">Potrzebuj\u0119 was<\/div>\n<div dir=\"auto\">Jestem dla was \/<\/div>\n<div dir=\"auto\"><\/div>\n<div dir=\"auto\">Nie jest to \u0142atwy czas<\/div>\n<div dir=\"auto\">Ale to Bo\u017cy czas<\/div>\n<div dir=\"auto\">Czas Bo\u017cych \u0142ask \/<\/div>\n<div dir=\"auto\"><\/div>\n<div dir=\"auto\">Mimo n\u0119dzy i s\u0142abo\u015bci<\/div>\n<div dir=\"auto\">Trwajmy w Mi\u0142osiernej Mi\u0142o\u015bci \/<\/div>\n<div dir=\"auto\"><img decoding=\"async\" src=\"https:\/\/pbs.twimg.com\/media\/EJUTvAzWsAA31Af?format=jpg&amp;name=small\" alt=\"Zdj\u00c4\u0099cie\" \/><\/div>\n<div dir=\"auto\">Na zdj. Krzy\u017c \u015bwietlisty<\/div>\n<div dir=\"auto\">Przy bibliotece wasilkowskiej<\/div>\n<div dir=\"auto\">W krzy\u017cu zrozumie\u0107 wszystko<\/div>\n<div dir=\"auto\">Mo\u017cemy dopiero dobrze \/\/\/<\/div>\n<div dir=\"auto\"><\/div>\n<div dir=\"auto\">II<\/div>\n<div dir=\"auto\">100 rocznica odzyskania niepodleg\u0142o\u015bci<\/div>\n<div dir=\"auto\">11 listopada w Wasilkowie<\/div>\n<div dir=\"auto\">Nie 101 jak w ca\u0142ej Polsce<\/div>\n<div dir=\"auto\">Bo dopiero wtedy odesz\u0142y wojska obce \/<\/div>\n<div dir=\"auto\"><\/div>\n<div dir=\"auto\">\u015awi\u0119towanie radosne \/<\/div>\n<div dir=\"auto\"><\/div>\n<div dir=\"auto\">Bo trzeba by\u0107 razem<\/div>\n<div dir=\"auto\">W tym co dobre<\/div>\n<div dir=\"auto\">Razem stara\u0107 si\u0119 robi\u0107<\/div>\n<div dir=\"auto\">Rzeczy pi\u0119kne \/<\/div>\n<div dir=\"auto\"><\/div>\n<div dir=\"auto\">Tak si\u0119 z\u0142o\u017cy\u0142o<\/div>\n<div dir=\"auto\">Kontynuacja naturalna lokalna<\/div>\n<div dir=\"auto\">Sprzed roku 100 rocznicy og\u00f3lnej \/<\/div>\n<div dir=\"auto\"><\/div>\n<div dir=\"auto\">W tym ma\u0142ym spokojnym mie\u015bcie<\/div>\n<div dir=\"auto\">Dobrze \u017ce jeste\u015bcie \ud83d\ude42 \/<\/div>\n<div dir=\"auto\"><img decoding=\"async\" src=\"https:\/\/pbs.twimg.com\/media\/EJUT7xxWwAEVyTl?format=jpg&amp;name=small\" alt=\"Zdj\u00c4\u0099cie\" \/><\/div>\n<div dir=\"auto\">Na zdj. Obchody 100 rocznicy odzyskania niepodleg\u0142o\u015bci<\/div>\n<div dir=\"auto\">W ko\u015bciele wasilkowskim<\/div>\n<div dir=\"auto\">W modlitwie wsp\u00f3lnej<\/div>\n<div dir=\"auto\">Najlepiej si\u0119 jednoczy\u0107<\/div>\n","protected":false},"excerpt":{"rendered":"<p>Was i tylko \/ Wasilk\u00f3w I Was i tylko was Was ist das \ud83d\ude42 \/ Potrzebuj\u0119 was Jestem dla was \/ Nie jest to \u0142atwy&hellip; <\/p>\n","protected":false},"author":1,"featured_media":0,"parent":0,"menu_order":0,"comment_status":"closed","ping_status":"closed","template":"","meta":{"footnotes":""},"class_list":["post-3004","page","type-page","status-publish","hentry"],"_links":{"self":[{"href":"https:\/\/hubertpietka.bialystok.pl\/index.php?rest_route=\/wp\/v2\/pages\/3004","targetHints":{"allow":["GET"]}}],"collection":[{"href":"https:\/\/hubertpietka.bialystok.pl\/index.php?rest_route=\/wp\/v2\/pages"}],"about":[{"href":"https:\/\/hubertpietka.bialystok.pl\/index.php?rest_route=\/wp\/v2\/types\/page"}],"author":[{"embeddable":true,"href":"https:\/\/hubertpietka.bialystok.pl\/index.php?rest_route=\/wp\/v2\/users\/1"}],"replies":[{"embeddable":true,"href":"https:\/\/hubertpietka.bialystok.pl\/index.php?rest_route=%2Fwp%2Fv2%2Fcomments&post=3004"}],"version-history":[{"count":1,"href":"https:\/\/hubertpietka.bialystok.pl\/index.php?rest_route=\/wp\/v2\/pages\/3004\/revisions"}],"predecessor-version":[{"id":3005,"href":"https:\/\/hubertpietka.bialystok.pl\/index.php?rest_route=\/wp\/v2\/pages\/3004\/revisions\/3005"}],"wp:attachment":[{"href":"https:\/\/hubertpietka.bialystok.pl\/index.php?rest_route=%2Fwp%2Fv2%2Fmedia&parent=3004"}],"curies":[{"name":"wp","href":"https:\/\/api.w.org\/{rel}","templated":true}]}}

Was i tylko / Wasilków

<p><em><strong>Was i tylko / Wasilków</strong></em></p>
<div dir="auto"></div>
<div dir="auto">I</div>
<div dir="auto">Was i tylko was</div>
<div dir="auto">Was ist das 🙂 /</div>
<div dir="auto"></div>
<div dir="auto">Potrzebuję was</div>
<div dir="auto">Jestem dla was /</div>
<div dir="auto"></div>
<div dir="auto">Nie jest to łatwy czas</div>
<div dir="auto">Ale to Boży czas</div>
<div dir="auto">Czas Bożych łask /</div>
<div dir="auto"></div>
<div dir="auto">Mimo nędzy i słabości</div>
<div dir="auto">Trwajmy w Miłosiernej Miłości /</div>
<div dir="auto"><img decoding="async" src="https://pbs.twimg.com/media/EJUTvAzWsAA31Af?format=jpg&amp;name=small" alt="ZdjÄcie" /></div>
<div dir="auto">Na zdj. Krzyż świetlisty</div>
<div dir="auto">Przy bibliotece wasilkowskiej</div>
<div dir="auto">W krzyżu zrozumieć wszystko</div>
<div dir="auto">Możemy dopiero dobrze ///</div>
<div dir="auto"></div>
<div dir="auto">II</div>
<div dir="auto">100 rocznica odzyskania niepodległości</div>
<div dir="auto">11 listopada w Wasilkowie</div>
<div dir="auto">Nie 101 jak w całej Polsce</div>
<div dir="auto">Bo dopiero wtedy odeszły wojska obce /</div>
<div dir="auto"></div>
<div dir="auto">Świętowanie radosne /</div>
<div dir="auto"></div>
<div dir="auto">Bo trzeba być razem</div>
<div dir="auto">W tym co dobre</div>
<div dir="auto">Razem starać się robić</div>
<div dir="auto">Rzeczy piękne /</div>
<div dir="auto"></div>
<div dir="auto">Tak się złożyło</div>
<div dir="auto">Kontynuacja naturalna lokalna</div>
<div dir="auto">Sprzed roku 100 rocznicy ogólnej /</div>
<div dir="auto"></div>
<div dir="auto">W tym małym spokojnym mieście</div>
<div dir="auto">Dobrze że jesteście 🙂 /</div>
<div dir="auto"><img decoding="async" src="https://pbs.twimg.com/media/EJUT7xxWwAEVyTl?format=jpg&amp;name=small" alt="ZdjÄcie" /></div>
<div dir="auto">Na zdj. Obchody 100 rocznicy odzyskania niepodległości</div>
<div dir="auto">W kościele wasilkowskim</div>
<div dir="auto">W modlitwie wspólnej</div>
<div dir="auto">Najlepiej się jednoczyć</div>

<p>Was i tylko / Wasilków I Was i tylko was Was ist das 🙂 / Potrzebuję was Jestem dla was / Nie jest to łatwy&hellip; </p>
