{"id":301,"date":"2017-01-18T22:03:47","date_gmt":"2017-01-18T22:03:47","guid":{"rendered":"http:\/\/hubertpietka.bialystok.pl\/?page_id=301"},"modified":"2017-01-18T23:14:15","modified_gmt":"2017-01-18T23:14:15","slug":"czym-jest-radosc","status":"publish","type":"page","link":"https:\/\/hubertpietka.bialystok.pl\/?page_id=301","title":{"rendered":"Czym jest rado\u015b\u0107?"},"content":{"rendered":"<p><strong>Czym jest rado\u015b\u0107?<\/strong><\/p>\n<p>&nbsp;<\/p>\n<p>czym jest rado\u015b\u0107?<\/p>\n<p>kiedy mnie zapytasz<\/p>\n<p>&#8211; rado\u015b\u0107 jest wtedy<\/p>\n<p>gdy ju\u017c o nic nie pytasz<\/p>\n<p>&nbsp;<\/p>\n<p>ona przychodzi jak spok\u00f3j<\/p>\n<p>po ci\u0119\u017ckiej nocy<\/p>\n<p>otwierasz oczy<\/p>\n<p>i zauroczony<\/p>\n<p>patrzysz wszystkiemu<\/p>\n<p>w ufno\u015bci<\/p>\n<p>\u017ce min\u0105 najwi\u0119ksze ciemno\u015bci<\/p>\n<p>&nbsp;<\/p>\n<p>czym jest rado\u015b\u0107?<\/p>\n<p>&#8211; pokojem serca<\/p>\n<p>kolec bole\u015bci<\/p>\n<p>ju\u017c nie wykr\u0119ca<\/p>\n<p>ogl\u0105du rzeczywisto\u015bci<\/p>\n<p>przygl\u0105dasz si\u0119 wszystkiemu<\/p>\n<p>w zupe\u0142no\u015bci<\/p>\n<p>&nbsp;<\/p>\n<p>czym jest jeszcze?<\/p>\n<p>&#8211; wiar\u0105<\/p>\n<p>\u017ce po ka\u017cdej ciemnej nocy<\/p>\n<p>blask zaja\u015bnieje<\/p>\n<p>w kt\u00f3rego jasno\u015bci<\/p>\n<p>zobaczysz rzeczy<\/p>\n<p>jakimi s\u0105<\/p>\n<p>&nbsp;<\/p>\n<p>i ze nie pominie ci\u0119 \u017cycie<\/p>\n<p>w drodze ku zachwycie<\/p>\n<p>\u017ce pokonasz ka\u017cde z\u0142o<\/p>\n<p>kt\u00f3re na ciebie przysz\u0142o<\/p>\n","protected":false},"excerpt":{"rendered":"<p>Czym jest rado\u015b\u0107? &nbsp; czym jest rado\u015b\u0107? kiedy mnie zapytasz &#8211; rado\u015b\u0107 jest wtedy gdy ju\u017c o nic nie pytasz &nbsp; ona przychodzi jak spok\u00f3j&hellip; <\/p>\n","protected":false},"author":1,"featured_media":0,"parent":0,"menu_order":0,"comment_status":"closed","ping_status":"closed","template":"","meta":{"footnotes":""},"class_list":["post-301","page","type-page","status-publish","hentry"],"_links":{"self":[{"href":"https:\/\/hubertpietka.bialystok.pl\/index.php?rest_route=\/wp\/v2\/pages\/301","targetHints":{"allow":["GET"]}}],"collection":[{"href":"https:\/\/hubertpietka.bialystok.pl\/index.php?rest_route=\/wp\/v2\/pages"}],"about":[{"href":"https:\/\/hubertpietka.bialystok.pl\/index.php?rest_route=\/wp\/v2\/types\/page"}],"author":[{"embeddable":true,"href":"https:\/\/hubertpietka.bialystok.pl\/index.php?rest_route=\/wp\/v2\/users\/1"}],"replies":[{"embeddable":true,"href":"https:\/\/hubertpietka.bialystok.pl\/index.php?rest_route=%2Fwp%2Fv2%2Fcomments&post=301"}],"version-history":[{"count":3,"href":"https:\/\/hubertpietka.bialystok.pl\/index.php?rest_route=\/wp\/v2\/pages\/301\/revisions"}],"predecessor-version":[{"id":359,"href":"https:\/\/hubertpietka.bialystok.pl\/index.php?rest_route=\/wp\/v2\/pages\/301\/revisions\/359"}],"wp:attachment":[{"href":"https:\/\/hubertpietka.bialystok.pl\/index.php?rest_route=%2Fwp%2Fv2%2Fmedia&parent=301"}],"curies":[{"name":"wp","href":"https:\/\/api.w.org\/{rel}","templated":true}]}}