{"id":3016,"date":"2019-11-20T11:44:49","date_gmt":"2019-11-20T11:44:49","guid":{"rendered":"http:\/\/hubertpietka.bialystok.pl\/?page_id=3016"},"modified":"2019-11-20T11:44:49","modified_gmt":"2019-11-20T11:44:49","slug":"duma-mu-da","status":"publish","type":"page","link":"https:\/\/hubertpietka.bialystok.pl\/?page_id=3016","title":{"rendered":"Duma \/ mu da"},"content":{"rendered":"<p><em><strong>Duma \/ mu da<\/strong><\/em><\/p>\n<div dir=\"auto\"><\/div>\n<div dir=\"auto\">Wiele rado\u015bci Bia\u0142ostoczaninowi da<\/div>\n<div dir=\"auto\">Duma Podlasia<\/div>\n<div dir=\"auto\">Jagiellonia<\/div>\n<div dir=\"auto\">Sport<\/div>\n<div dir=\"auto\">Pi\u0142ka no\u017cna \/<\/div>\n<div dir=\"auto\"><\/div>\n<div dir=\"auto\">Wiele rado\u015bci nam daje i da<\/div>\n<div dir=\"auto\">Nasza Duma<\/div>\n<div dir=\"auto\">Piesek weso\u0142y<\/div>\n<div dir=\"auto\">M\u0105dry pogodny<\/div>\n<div dir=\"auto\">Przyjaciel rodziny \/<\/div>\n<div dir=\"auto\"><\/div>\n<div dir=\"auto\">Wiele rado\u015bci Polakom da<\/div>\n<div dir=\"auto\">Nie tylko Reprezentacja \ud83d\ude42<\/div>\n<div dir=\"auto\">Ale Duma dobrze poj\u0119ta<\/div>\n<div dir=\"auto\">B\u00f3g honor Ojczyzna<\/div>\n<div dir=\"auto\">A B\u00f3g da to co trzeba \/<\/div>\n<div dir=\"auto\"><\/div>\n<div dir=\"auto\">R\u00f3\u017cne dumy wyrazy<\/div>\n<div dir=\"auto\">W \u017cyciu naszym<\/div>\n<div dir=\"auto\">Wszystkie wa\u017cne<\/div>\n<div dir=\"auto\">R\u00f3\u017cne aspekty<\/div>\n<div dir=\"auto\">Bytno\u015bci ludzkiej \/<\/div>\n<div dir=\"auto\"><img decoding=\"async\" src=\"https:\/\/pbs.twimg.com\/media\/EIzWyR6WsAYxP7S?format=jpg&amp;name=small\" alt=\"Zdj\u00c4\u0099cie\" \/><\/div>\n<div dir=\"auto\">Na zdj. Duma nasza i Duma Podlasia<\/div>\n<div dir=\"auto\">Autobus Jagiellonii i piesek nasz przed nim<\/div>\n<div dir=\"auto\">Niech B\u00f3g zawsze nam daje<\/div>\n<div dir=\"auto\">Rado\u015bci jak najwi\u0119cej<\/div>\n<div dir=\"auto\">Z dum naszych \ud83d\ude42<\/div>\n","protected":false},"excerpt":{"rendered":"<p>Duma \/ mu da Wiele rado\u015bci Bia\u0142ostoczaninowi da Duma Podlasia Jagiellonia Sport Pi\u0142ka no\u017cna \/ Wiele rado\u015bci nam daje i da Nasza Duma Piesek weso\u0142y&hellip; <\/p>\n","protected":false},"author":1,"featured_media":0,"parent":0,"menu_order":0,"comment_status":"closed","ping_status":"closed","template":"","meta":{"footnotes":""},"class_list":["post-3016","page","type-page","status-publish","hentry"],"_links":{"self":[{"href":"https:\/\/hubertpietka.bialystok.pl\/index.php?rest_route=\/wp\/v2\/pages\/3016","targetHints":{"allow":["GET"]}}],"collection":[{"href":"https:\/\/hubertpietka.bialystok.pl\/index.php?rest_route=\/wp\/v2\/pages"}],"about":[{"href":"https:\/\/hubertpietka.bialystok.pl\/index.php?rest_route=\/wp\/v2\/types\/page"}],"author":[{"embeddable":true,"href":"https:\/\/hubertpietka.bialystok.pl\/index.php?rest_route=\/wp\/v2\/users\/1"}],"replies":[{"embeddable":true,"href":"https:\/\/hubertpietka.bialystok.pl\/index.php?rest_route=%2Fwp%2Fv2%2Fcomments&post=3016"}],"version-history":[{"count":1,"href":"https:\/\/hubertpietka.bialystok.pl\/index.php?rest_route=\/wp\/v2\/pages\/3016\/revisions"}],"predecessor-version":[{"id":3017,"href":"https:\/\/hubertpietka.bialystok.pl\/index.php?rest_route=\/wp\/v2\/pages\/3016\/revisions\/3017"}],"wp:attachment":[{"href":"https:\/\/hubertpietka.bialystok.pl\/index.php?rest_route=%2Fwp%2Fv2%2Fmedia&parent=3016"}],"curies":[{"name":"wp","href":"https:\/\/api.w.org\/{rel}","templated":true}]}}