{"id":3137,"date":"2020-03-03T09:06:03","date_gmt":"2020-03-03T09:06:03","guid":{"rendered":"http:\/\/hubertpietka.bialystok.pl\/?page_id=3137"},"modified":"2020-03-03T09:42:13","modified_gmt":"2020-03-03T09:42:13","slug":"ofiarowanie-ofiara-a-owanie","status":"publish","type":"page","link":"https:\/\/hubertpietka.bialystok.pl\/?page_id=3137","title":{"rendered":"Ofiarowanie \/ ofiara a owanie"},"content":{"rendered":"<p><strong><em>Ofiarowanie \/ ofiara a owanie<\/em><\/strong><\/p>\n<p><strong>Modlitwa<\/strong><br \/>\nOfiarowuj\u0119 Tobie Maryjo<br \/>\nOfiarowuj\u0119 Tobie Panie<br \/>\nNas samych siebie swoj\u0105 \u017con\u0119<br \/>\nNasze mamy rodziny przyjaci\u00f3\u0142 znajomych<br \/>\nWszystkich bli\u017cszych i dalszych naszych<br \/>\nWszystko nasze<br \/>\nOfiarowuj\u0119 Tobie Maryjo<br \/>\nOfiarowuj\u0119 Tobie Panie<br \/>\nOraz to na nas na nasze i naszych nastawanie<br \/>\nOfiarowuj\u0119 Tobie Maryjo<br \/>\nOfiarowuj\u0119 Tobie Panie<\/p>\n<p><strong>Konkluzja<\/strong><br \/>\nJedyn\u0105 chyba moj\u0105 win\u0105<br \/>\nJest to \u017ce jeszcze \u017cyj\u0119<br \/>\nI \u017ce mam to co mam<br \/>\nI kt\u00f3rych mam<br \/>\nI \u017ce oni jeszcze \u017cyj\u0105<br \/>\nJest te\u017c ich win\u0105<\/p>\n<p><strong>Puenta<\/strong><br \/>\nJa wiem<br \/>\n\u017be to tylko<br \/>\nMyszek chrobotanie<br \/>\nWok\u00f3\u0142 naszego mieszkania<\/p>\n<p>Ja wiem<br \/>\n\u017be to tylko kreciki<br \/>\nRyj\u0105 pod naszym samochodem<br \/>\n(Nawet na betonie)<\/p>\n<p>Ofiarowuj\u0119 to Tobie Maryjo<br \/>\nOfiarowuj\u0119 to Panie Tobie<\/p>\n<p><em>Na zdj. Wsch\u00f3d s\u0142o\u0144ca na \u017bytniej<\/em><br \/>\n<em>Roz\u015bwietla zgromadzone chmury<\/em><br \/>\n<em>Niech ten czas nie b\u0119dzie ponury<\/em><br \/>\n<em>Ofiarowuj\u0119 to wszystko Tobie Panie<\/em><br \/>\n<em>Ofiarowuj\u0119 to Tobie Maryjo<br \/>\n<\/em><\/p>\n<p><img decoding=\"async\" class=\"css-9pa8cd\" draggable=\"true\" src=\"https:\/\/pbs.twimg.com\/media\/ESLATIUXsAAXqCZ?format=jpg&amp;name=small\" alt=\"Image\" \/><\/p>\n<p style=\"text-align: center;\">\/ <a href=\"https:\/\/www.youtube.com\/watch?v=O607-asExJM\"><em><strong>Mrozu &#8211; Napad<\/strong><\/em><\/a><\/p>\n<p style=\"text-align: center;\"><a href=\"https:\/\/www.youtube.com\/watch?v=Er5ZHKE5aYg\"><em><strong>Sosnowski &#8211; Gniew<\/strong><\/em><\/a><\/p>\n<p style=\"text-align: center;\"><a href=\"https:\/\/www.youtube.com\/watch?v=jMzWELAbQ-g\"><em><strong>Fisz Emade Tworzwo &#8211; Dwa ognie<\/strong><\/em><\/a> \/<\/p>\n","protected":false},"excerpt":{"rendered":"<p>Ofiarowanie \/ ofiara a owanie Modlitwa Ofiarowuj\u0119 Tobie Maryjo Ofiarowuj\u0119 Tobie Panie Nas samych siebie swoj\u0105 \u017con\u0119 Nasze mamy rodziny przyjaci\u00f3\u0142 znajomych Wszystkich bli\u017cszych i&hellip; <\/p>\n","protected":false},"author":1,"featured_media":0,"parent":0,"menu_order":0,"comment_status":"closed","ping_status":"closed","template":"","meta":{"footnotes":""},"class_list":["post-3137","page","type-page","status-publish","hentry"],"_links":{"self":[{"href":"https:\/\/hubertpietka.bialystok.pl\/index.php?rest_route=\/wp\/v2\/pages\/3137","targetHints":{"allow":["GET"]}}],"collection":[{"href":"https:\/\/hubertpietka.bialystok.pl\/index.php?rest_route=\/wp\/v2\/pages"}],"about":[{"href":"https:\/\/hubertpietka.bialystok.pl\/index.php?rest_route=\/wp\/v2\/types\/page"}],"author":[{"embeddable":true,"href":"https:\/\/hubertpietka.bialystok.pl\/index.php?rest_route=\/wp\/v2\/users\/1"}],"replies":[{"embeddable":true,"href":"https:\/\/hubertpietka.bialystok.pl\/index.php?rest_route=%2Fwp%2Fv2%2Fcomments&post=3137"}],"version-history":[{"count":8,"href":"https:\/\/hubertpietka.bialystok.pl\/index.php?rest_route=\/wp\/v2\/pages\/3137\/revisions"}],"predecessor-version":[{"id":3145,"href":"https:\/\/hubertpietka.bialystok.pl\/index.php?rest_route=\/wp\/v2\/pages\/3137\/revisions\/3145"}],"wp:attachment":[{"href":"https:\/\/hubertpietka.bialystok.pl\/index.php?rest_route=%2Fwp%2Fv2%2Fmedia&parent=3137"}],"curies":[{"name":"wp","href":"https:\/\/api.w.org\/{rel}","templated":true}]}}