{"id":3163,"date":"2020-04-02T11:37:31","date_gmt":"2020-04-02T11:37:31","guid":{"rendered":"http:\/\/hubertpietka.bialystok.pl\/?page_id=3163"},"modified":"2020-04-02T12:14:05","modified_gmt":"2020-04-02T12:14:05","slug":"o-prze-trwanie-modlitwa-o-trwanie-mimo-wszystko","status":"publish","type":"page","link":"https:\/\/hubertpietka.bialystok.pl\/?page_id=3163","title":{"rendered":"O prze-trwanie modlitwa \/ o trwanie mimo wszystko"},"content":{"rendered":"<p><strong><em>O prze-trwanie modlitwa \/ o trwanie mimo wszystko<\/em><\/strong><\/p>\n<p>Szatan rzek\u0142<\/p>\n<p>Kt\u00f3ry\u017c B\u00f3g<br \/>\nMo\u017ce wyrwa\u0107 was<br \/>\nZ moich r\u0105k<\/p>\n<p>A jednak<\/p>\n<p>Trwa modlitwa<br \/>\nI b\u0119dzie trwa\u0107<br \/>\nJak kadzid\u0142o wobec Boga<\/p>\n<p>Ta modlitwa<\/p>\n<p>Oby\u015bmy przetrwali to wszystko<br \/>\nMy nasi nasze i naszych<br \/>\nJednak i jednako<\/p>\n<p><img decoding=\"async\" class=\"css-9pa8cd\" draggable=\"true\" src=\"https:\/\/pbs.twimg.com\/media\/EUlElWOU4AA1L9j?format=jpg&amp;name=small\" alt=\"Image\" \/><\/p>\n<p><em>Na zdj. Skwer Dobrego S\u0105siedztwa<\/em><br \/>\n<em>W zachodz\u0105cym s\u0142o\u0144cu<\/em><br \/>\n<em>S\u0105siednia ulica W\u0142\u00f3kiennicza<\/em><br \/>\n<em>\u00a0<\/em><br \/>\n<em>S\u0105siedztwo rozumie\u0107 mo\u017cna szerzej<\/em><br \/>\n<em>Jako og\u00f3lnoludzka wsp\u00f3lnota ducha<\/em><br \/>\n<em>Oby\u015bmy przetrwali to wszystko<\/em><br \/>\n<em>\u00a0<\/em><br \/>\n<em>(W dobie koronawirusa)<\/em><\/p>\n<p>&nbsp;<\/p>\n<p style=\"text-align: left;\"><em><strong><a href=\"https:\/\/www.youtube.com\/watch?v=o7ShkcqU35U\">Maleo Reggae Rockers &#8211; <\/a><\/strong><\/em><strong><a href=\"https:\/\/www.youtube.com\/watch?v=o7ShkcqU35U\">Mamy siebie<\/a><\/strong><\/p>\n<p style=\"text-align: center;\"><a href=\"https:\/\/www.youtube.com\/watch?v=KDg9XpwZZaA\"><em><strong>Maleo Reggae Rockers &#8211; <\/strong><\/em><strong>Nie m\u00f3w nie<\/strong><\/a><\/p>\n<p style=\"text-align: right;\"><a href=\"https:\/\/www.youtube.com\/watch?v=-XptilHtEys\"><em><strong>Maleo Reggae Rockers &#8211; <\/strong><\/em><strong>Nie za p\u00f3\u017ano<\/strong><\/a><\/p>\n","protected":false},"excerpt":{"rendered":"<p>O prze-trwanie modlitwa \/ o trwanie mimo wszystko Szatan rzek\u0142 Kt\u00f3ry\u017c B\u00f3g Mo\u017ce wyrwa\u0107 was Z moich r\u0105k A jednak Trwa modlitwa I b\u0119dzie trwa\u0107&hellip; <\/p>\n","protected":false},"author":1,"featured_media":0,"parent":0,"menu_order":0,"comment_status":"closed","ping_status":"closed","template":"","meta":{"footnotes":""},"class_list":["post-3163","page","type-page","status-publish","hentry"],"_links":{"self":[{"href":"https:\/\/hubertpietka.bialystok.pl\/index.php?rest_route=\/wp\/v2\/pages\/3163","targetHints":{"allow":["GET"]}}],"collection":[{"href":"https:\/\/hubertpietka.bialystok.pl\/index.php?rest_route=\/wp\/v2\/pages"}],"about":[{"href":"https:\/\/hubertpietka.bialystok.pl\/index.php?rest_route=\/wp\/v2\/types\/page"}],"author":[{"embeddable":true,"href":"https:\/\/hubertpietka.bialystok.pl\/index.php?rest_route=\/wp\/v2\/users\/1"}],"replies":[{"embeddable":true,"href":"https:\/\/hubertpietka.bialystok.pl\/index.php?rest_route=%2Fwp%2Fv2%2Fcomments&post=3163"}],"version-history":[{"count":4,"href":"https:\/\/hubertpietka.bialystok.pl\/index.php?rest_route=\/wp\/v2\/pages\/3163\/revisions"}],"predecessor-version":[{"id":3167,"href":"https:\/\/hubertpietka.bialystok.pl\/index.php?rest_route=\/wp\/v2\/pages\/3163\/revisions\/3167"}],"wp:attachment":[{"href":"https:\/\/hubertpietka.bialystok.pl\/index.php?rest_route=%2Fwp%2Fv2%2Fmedia&parent=3163"}],"curies":[{"name":"wp","href":"https:\/\/api.w.org\/{rel}","templated":true}]}}