{"id":3214,"date":"2020-06-01T12:05:12","date_gmt":"2020-06-01T12:05:12","guid":{"rendered":"http:\/\/hubertpietka.bialystok.pl\/?page_id=3214"},"modified":"2020-06-01T12:16:53","modified_gmt":"2020-06-01T12:16:53","slug":"przy-stawanie-bycie-razem","status":"publish","type":"page","link":"https:\/\/hubertpietka.bialystok.pl\/?page_id=3214","title":{"rendered":"Przy-stawanie \/ bycie razem"},"content":{"rendered":"<p><strong><em>Przy-stawanie \/ bycie razem<\/em><\/strong><\/p>\n<p><strong>1.<\/strong><br \/>\nJak oczy dziecka<br \/>\nZwr\u00f3cone<br \/>\nW rodzic\u00f3w stron\u0119<\/p>\n<p>Tak oczy nasze<br \/>\nZwr\u00f3cone na Boga<br \/>\nW ka\u017cdym czasie<\/p>\n<p>Tak te\u017c oczy<br \/>\nBo\u017cej dziatwy<br \/>\nZwr\u00f3cone<br \/>\nW stron\u0119 Matki<\/p>\n<p><strong>2.<\/strong><br \/>\nZwr\u00f3ci\u0107 si\u0119<br \/>\nW czyj\u0105\u015b stron\u0119<br \/>\nTo patrze\u0107 razem<\/p>\n<p>Tak ja z \u017con\u0105<\/p>\n<p>Przy-stawanie<br \/>\nPrzy sobie trwanie<br \/>\nPrzy sobie si\u0119 zatrzymywanie<\/p>\n<p><img decoding=\"async\" class=\"css-9pa8cd\" draggable=\"true\" src=\"https:\/\/pbs.twimg.com\/media\/EZbC5u4XgAccl_D?format=jpg&amp;name=small\" alt=\"Image\" \/><\/p>\n<p><em>Na zdj. Obrazek rodzajowy<\/em><br \/>\n<em>Go\u0142\u0105bki zwr\u00f3cone w swoj\u0105 stron\u0119<\/em><br \/>\n<em>Patrz\u0105ce razem<\/em><br \/>\n<em>Wobec siebie wzajemnie<\/em><\/p>\n<p><strong>Dzi\u015b Matki Ko\u015bcio\u0142a<\/strong><br \/>\n<strong>Zwracajmy si\u0119 do Niej<\/strong><\/p>\n<p style=\"text-align: center;\"><a href=\"https:\/\/www.youtube.com\/watch?v=vaZ0cG5cDuY\"><em><strong>Ma\u0142e TGD i Roksana W\u0119giel &#8211; Nie z tej ziemi<\/strong><\/em><\/a><\/p>\n<p style=\"text-align: right;\">\ud83d\ude42<\/p>\n","protected":false},"excerpt":{"rendered":"<p>Przy-stawanie \/ bycie razem 1. Jak oczy dziecka Zwr\u00f3cone W rodzic\u00f3w stron\u0119 Tak oczy nasze Zwr\u00f3cone na Boga W ka\u017cdym czasie Tak te\u017c oczy Bo\u017cej&hellip; <\/p>\n","protected":false},"author":1,"featured_media":0,"parent":0,"menu_order":0,"comment_status":"closed","ping_status":"closed","template":"","meta":{"footnotes":""},"class_list":["post-3214","page","type-page","status-publish","hentry"],"_links":{"self":[{"href":"https:\/\/hubertpietka.bialystok.pl\/index.php?rest_route=\/wp\/v2\/pages\/3214","targetHints":{"allow":["GET"]}}],"collection":[{"href":"https:\/\/hubertpietka.bialystok.pl\/index.php?rest_route=\/wp\/v2\/pages"}],"about":[{"href":"https:\/\/hubertpietka.bialystok.pl\/index.php?rest_route=\/wp\/v2\/types\/page"}],"author":[{"embeddable":true,"href":"https:\/\/hubertpietka.bialystok.pl\/index.php?rest_route=\/wp\/v2\/users\/1"}],"replies":[{"embeddable":true,"href":"https:\/\/hubertpietka.bialystok.pl\/index.php?rest_route=%2Fwp%2Fv2%2Fcomments&post=3214"}],"version-history":[{"count":5,"href":"https:\/\/hubertpietka.bialystok.pl\/index.php?rest_route=\/wp\/v2\/pages\/3214\/revisions"}],"predecessor-version":[{"id":3219,"href":"https:\/\/hubertpietka.bialystok.pl\/index.php?rest_route=\/wp\/v2\/pages\/3214\/revisions\/3219"}],"wp:attachment":[{"href":"https:\/\/hubertpietka.bialystok.pl\/index.php?rest_route=%2Fwp%2Fv2%2Fmedia&parent=3214"}],"curies":[{"name":"wp","href":"https:\/\/api.w.org\/{rel}","templated":true}]}}