{"id":3273,"date":"2020-06-19T09:26:04","date_gmt":"2020-06-19T09:26:04","guid":{"rendered":"http:\/\/hubertpietka.bialystok.pl\/?page_id=3273"},"modified":"2020-06-19T09:35:54","modified_gmt":"2020-06-19T09:35:54","slug":"o-modlitwie-tryptyk","status":"publish","type":"page","link":"https:\/\/hubertpietka.bialystok.pl\/?page_id=3273","title":{"rendered":"O modlitwie \/ tryptyk"},"content":{"rendered":"<p><strong><em>O modlitwie \/ tryptyk<\/em><\/strong><\/p>\n<ol>\n<li><strong> Ikona \/ Tr\u00f3jcy \u015awi\u0119tej<\/strong><\/li>\n<\/ol>\n<p>Wyobra\u017a sobie tr\u00f3jk\u0105t<br \/>\nNa jego ko\u0144cach<br \/>\nB\u00f3g Ojciec Syn Bo\u017cy i Duch \u015awi\u0119ty<br \/>\nModlitwa wype\u0142nia jego przestrze\u0144<\/p>\n<p>Jak ma\u0142e dziecko obrazek rysuje<br \/>\nTr\u00f3jk\u0105t na r\u00f3\u017cne sposoby koloruje<br \/>\nMo\u017ce go wype\u0142ni\u0107 r\u00f3\u017cnymi barwami<\/p>\n<p>Tak te\u017c modlitwa<br \/>\nMa r\u00f3\u017cne odcienie<br \/>\nWed\u0142ug uczu\u0107<br \/>\nKt\u00f3rymi cz\u0142owiek \u017cyje<\/p>\n<p>Czy to jest niew\u0142a\u015bciwe<\/p>\n<ol start=\"2\">\n<li><strong><em> \u0179r\u00f3d\u0142o \/ wody czystej<\/em><\/strong><\/li>\n<\/ol>\n<p>Modlitwa jest jak \u017ar\u00f3d\u0142o<\/p>\n<p>Je\u015bli \u017ar\u00f3d\u0142o jest czyste<br \/>\nTo takie te\u017c p\u0142ynie<br \/>\nA je\u015bli zatrute<br \/>\nTo taka te\u017c b\u0119dzie woda z niego<\/p>\n<p>Modlitwa dobra<br \/>\nP\u0142ynie z g\u0142\u0119bi serca<br \/>\nMa dobre intencje<br \/>\nI jest z woli dobra<\/p>\n<p>Nie mo\u017cna przypisywa\u0107<br \/>\nDobrej modlitwie z\u0142ych intencji<br \/>\nBo wtedy<br \/>\nOskar\u017cany jest Duch \u015awi\u0119ty<\/p>\n<ol start=\"3\">\n<li><strong> Jak ptak \/ modlitwa wolna<\/strong><\/li>\n<\/ol>\n<p>Modlitwa te\u017c<br \/>\nMo\u017ce szybowa\u0107<br \/>\nW r\u00f3\u017cne przestrzenie<\/p>\n<p>Jest jak ptak wolna<br \/>\nKt\u00f3\u017c ptakowi zabroni<br \/>\nLecie\u0107 gdzie zechce<\/p>\n<p>Wolno\u015b\u0107 w modlitwie<br \/>\nJest fundamentem<br \/>\nProstota modlitwy<br \/>\nJest jak ptak pi\u0119kna<\/p>\n<p>A Duch tchnie k\u0119dy chce<\/p>\n<p>Wszystko po co\u015b jest<\/p>\n<p><img decoding=\"async\" class=\"css-9pa8cd\" draggable=\"true\" src=\"https:\/\/pbs.twimg.com\/media\/Ea3TdFZXsAEmloD?format=jpg&amp;name=small\" alt=\"Image\" \/><\/p>\n<p><em>Na zdj. W naszym domu<\/em><br \/>\n<em> Tr\u00f3jca \u015awi\u0119ta<\/em><br \/>\n<em> Obrazek ma\u0142y<\/em><br \/>\n<em> Pami\u0105tka po babci<\/em><\/p>\n<p><em>Modlitwy przestrze\u0144<\/em><br \/>\n<em> Rozpi\u0119ta jest pomi\u0119dzy Tr\u00f3jc\u0105 \u015awi\u0119t\u0105<\/em><br \/>\n<em> I nawet je\u015bli cz\u0142owiekowi b\u0142\u0105d jaki\u015b si\u0119 trafi<\/em><br \/>\n<em> Duch \u015awi\u0119ty wstawia si\u0119 za nim<\/em><\/p>\n<p><strong>Pisano w Naj\u015bwi\u0119tsze Jezusa Serce<\/strong><br \/>\n<strong> B\u00f3g jest mi\u0142osierny<\/strong><br \/>\n<strong> B\u00f3g Ojciec nie jest katem<\/strong><br \/>\n<strong> A Jezusowe Serce dla ludzi otwarte<\/strong><\/p>\n<p style=\"text-align: right;\"><a href=\"https:\/\/www.youtube.com\/watch?v=lpT4HL8RLoU\"><em><strong>Myslovitz &#8211; Acidland<\/strong><\/em><\/a><\/p>\n","protected":false},"excerpt":{"rendered":"<p>O modlitwie \/ tryptyk Ikona \/ Tr\u00f3jcy \u015awi\u0119tej Wyobra\u017a sobie tr\u00f3jk\u0105t Na jego ko\u0144cach B\u00f3g Ojciec Syn Bo\u017cy i Duch \u015awi\u0119ty Modlitwa wype\u0142nia jego przestrze\u0144&hellip; <\/p>\n","protected":false},"author":1,"featured_media":0,"parent":0,"menu_order":0,"comment_status":"closed","ping_status":"closed","template":"","meta":{"footnotes":""},"class_list":["post-3273","page","type-page","status-publish","hentry"],"_links":{"self":[{"href":"https:\/\/hubertpietka.bialystok.pl\/index.php?rest_route=\/wp\/v2\/pages\/3273","targetHints":{"allow":["GET"]}}],"collection":[{"href":"https:\/\/hubertpietka.bialystok.pl\/index.php?rest_route=\/wp\/v2\/pages"}],"about":[{"href":"https:\/\/hubertpietka.bialystok.pl\/index.php?rest_route=\/wp\/v2\/types\/page"}],"author":[{"embeddable":true,"href":"https:\/\/hubertpietka.bialystok.pl\/index.php?rest_route=\/wp\/v2\/users\/1"}],"replies":[{"embeddable":true,"href":"https:\/\/hubertpietka.bialystok.pl\/index.php?rest_route=%2Fwp%2Fv2%2Fcomments&post=3273"}],"version-history":[{"count":6,"href":"https:\/\/hubertpietka.bialystok.pl\/index.php?rest_route=\/wp\/v2\/pages\/3273\/revisions"}],"predecessor-version":[{"id":3279,"href":"https:\/\/hubertpietka.bialystok.pl\/index.php?rest_route=\/wp\/v2\/pages\/3273\/revisions\/3279"}],"wp:attachment":[{"href":"https:\/\/hubertpietka.bialystok.pl\/index.php?rest_route=%2Fwp%2Fv2%2Fmedia&parent=3273"}],"curies":[{"name":"wp","href":"https:\/\/api.w.org\/{rel}","templated":true}]}}