{"id":334,"date":"2017-01-18T22:21:30","date_gmt":"2017-01-18T22:21:30","guid":{"rendered":"http:\/\/hubertpietka.bialystok.pl\/?page_id=334"},"modified":"2017-01-18T22:32:23","modified_gmt":"2017-01-18T22:32:23","slug":"jubileusz-milosierdzia","status":"publish","type":"page","link":"https:\/\/hubertpietka.bialystok.pl\/?page_id=334","title":{"rendered":"Jubileusz Mi\u0142osierdzia"},"content":{"rendered":"<p><strong>Jubileusz Mi\u0142osierdzia<\/strong><\/p>\n<p>&nbsp;<\/p>\n<p>to nie jest dobry czas<\/p>\n<p>na pisanie wierszy<\/p>\n<p>to nie jest dobry czas<\/p>\n<p>&nbsp;<\/p>\n<p>gdy z\u0142o zaw\u0142adn\u0119\u0142o \u015bwiatem<\/p>\n<p>gdy wzmaga si\u0119 z\u0142o\u015b\u0107<\/p>\n<p>oboj\u0119tno\u015b\u0107 nienawi\u015b\u0107<\/p>\n<p>to nie jest dobry czas<\/p>\n<p>&nbsp;<\/p>\n<p>lecz w tym Jubileuszowym Roku<\/p>\n<p>wschodzi Iska \u2013 Mi\u0142osierdzie Bo\u017ce<\/p>\n<p>ona przygotuje \u015bwiat<\/p>\n<p>na Jego przyj\u015bcie<\/p>\n<p>&nbsp;<\/p>\n<p>to jest dobry moment<\/p>\n<p>by nawr\u00f3ci\u0107 si\u0119<\/p>\n<p>nie odk\u0142adaj tego czasu przyjacielu<\/p>\n<p>to najlepszy moment<\/p>\n<p>by zacz\u0105\u0107 \u017cy\u0107 mi\u0142o\u015bci\u0105<\/p>\n<p>&nbsp;<\/p>\n<p>sp\u00f3jrzmy razem<\/p>\n<p>w Bo\u017ce s\u0142o\u0144ce<\/p>\n<p>pomimo ciemno\u015bci z\u0142a<\/p>\n<p>kt\u00f3re ju\u017c spowijaj\u0105 \u015bwiat<\/p>\n<p>&nbsp;<\/p>\n<p>to wiersz dla ciebie<\/p>\n<p>by\u015bmy razem szukali<\/p>\n<p>jasnych gwiazd<\/p>\n<p>naszych dobrych pragnie\u0144<\/p>\n<p>\u017caru wspomnie\u0144<\/p>\n<p>&nbsp;<\/p>\n<p>Mi\u0142osierdzia Bo\u017cego to czas<\/p>\n","protected":false},"excerpt":{"rendered":"<p>Jubileusz Mi\u0142osierdzia &nbsp; to nie jest dobry czas na pisanie wierszy to nie jest dobry czas &nbsp; gdy z\u0142o zaw\u0142adn\u0119\u0142o \u015bwiatem gdy wzmaga si\u0119 z\u0142o\u015b\u0107&hellip; <\/p>\n","protected":false},"author":1,"featured_media":0,"parent":0,"menu_order":0,"comment_status":"closed","ping_status":"closed","template":"","meta":{"footnotes":""},"class_list":["post-334","page","type-page","status-publish","hentry"],"_links":{"self":[{"href":"https:\/\/hubertpietka.bialystok.pl\/index.php?rest_route=\/wp\/v2\/pages\/334","targetHints":{"allow":["GET"]}}],"collection":[{"href":"https:\/\/hubertpietka.bialystok.pl\/index.php?rest_route=\/wp\/v2\/pages"}],"about":[{"href":"https:\/\/hubertpietka.bialystok.pl\/index.php?rest_route=\/wp\/v2\/types\/page"}],"author":[{"embeddable":true,"href":"https:\/\/hubertpietka.bialystok.pl\/index.php?rest_route=\/wp\/v2\/users\/1"}],"replies":[{"embeddable":true,"href":"https:\/\/hubertpietka.bialystok.pl\/index.php?rest_route=%2Fwp%2Fv2%2Fcomments&post=334"}],"version-history":[{"count":2,"href":"https:\/\/hubertpietka.bialystok.pl\/index.php?rest_route=\/wp\/v2\/pages\/334\/revisions"}],"predecessor-version":[{"id":340,"href":"https:\/\/hubertpietka.bialystok.pl\/index.php?rest_route=\/wp\/v2\/pages\/334\/revisions\/340"}],"wp:attachment":[{"href":"https:\/\/hubertpietka.bialystok.pl\/index.php?rest_route=%2Fwp%2Fv2%2Fmedia&parent=334"}],"curies":[{"name":"wp","href":"https:\/\/api.w.org\/{rel}","templated":true}]}}