{"id":3356,"date":"2020-09-02T21:50:48","date_gmt":"2020-09-02T21:50:48","guid":{"rendered":"http:\/\/hubertpietka.bialystok.pl\/?page_id=3356"},"modified":"2020-09-02T22:00:48","modified_gmt":"2020-09-02T22:00:48","slug":"3356-2","status":"publish","type":"page","link":"https:\/\/hubertpietka.bialystok.pl\/?page_id=3356","title":{"rendered":"Na do widzenia \/ pozdrowienia"},"content":{"rendered":"<p><strong><em>Na do widzenia \/ pozdrowienia<\/em><\/strong><\/p>\n<p>\u017bal odje\u017cd\u017ca\u0107<br \/>\nMawia\u0142 Papie\u017c<br \/>\nAle c\u00f3\u017c<\/p>\n<p>Nie ustrzeg\u0119 ju\u017c tu<br \/>\nDepozytu kt\u00f3ry da\u0142 mi B\u00f3g<\/p>\n<p>\u017begnaj<br \/>\nNie m\u00f3wi\u0119<br \/>\nLecz<br \/>\nDo widzenia<\/p>\n<p>Ludzie<br \/>\nSiema<\/p>\n<p><img decoding=\"async\" class=\"css-9pa8cd\" draggable=\"true\" src=\"https:\/\/pbs.twimg.com\/media\/Eg8JzE3XsAAnoWP?format=jpg&amp;name=small\" alt=\"Image\" \/><\/p>\n<p><em>Na zdj. Zachodz\u0105ce niebo dzisiejsze<\/em><br \/>\n<em>Na dzia\u0142ce<\/em><br \/>\n<em>Lampa w tle<\/em><br \/>\n<em>Niech roz\u015bwietla si\u0119<\/em><br \/>\n<em>To co<\/em> <em>ma by\u0107 rozja\u015bnione<\/em><\/p>\n<p style=\"text-align: right;\"><em><strong><a href=\"https:\/\/www.youtube.com\/watch?v=EBxorz5MOxo\">Po\u017cegnanie Liverpoolu &#8211; Cztery rufy<\/a><\/strong><\/em><\/p>\n","protected":false},"excerpt":{"rendered":"<p>Na do widzenia \/ pozdrowienia \u017bal odje\u017cd\u017ca\u0107 Mawia\u0142 Papie\u017c Ale c\u00f3\u017c Nie ustrzeg\u0119 ju\u017c tu Depozytu kt\u00f3ry da\u0142 mi B\u00f3g \u017begnaj Nie m\u00f3wi\u0119 Lecz Do&hellip; <\/p>\n","protected":false},"author":1,"featured_media":0,"parent":0,"menu_order":0,"comment_status":"closed","ping_status":"closed","template":"","meta":{"footnotes":""},"class_list":["post-3356","page","type-page","status-publish","hentry"],"_links":{"self":[{"href":"https:\/\/hubertpietka.bialystok.pl\/index.php?rest_route=\/wp\/v2\/pages\/3356","targetHints":{"allow":["GET"]}}],"collection":[{"href":"https:\/\/hubertpietka.bialystok.pl\/index.php?rest_route=\/wp\/v2\/pages"}],"about":[{"href":"https:\/\/hubertpietka.bialystok.pl\/index.php?rest_route=\/wp\/v2\/types\/page"}],"author":[{"embeddable":true,"href":"https:\/\/hubertpietka.bialystok.pl\/index.php?rest_route=\/wp\/v2\/users\/1"}],"replies":[{"embeddable":true,"href":"https:\/\/hubertpietka.bialystok.pl\/index.php?rest_route=%2Fwp%2Fv2%2Fcomments&post=3356"}],"version-history":[{"count":7,"href":"https:\/\/hubertpietka.bialystok.pl\/index.php?rest_route=\/wp\/v2\/pages\/3356\/revisions"}],"predecessor-version":[{"id":3363,"href":"https:\/\/hubertpietka.bialystok.pl\/index.php?rest_route=\/wp\/v2\/pages\/3356\/revisions\/3363"}],"wp:attachment":[{"href":"https:\/\/hubertpietka.bialystok.pl\/index.php?rest_route=%2Fwp%2Fv2%2Fmedia&parent=3356"}],"curies":[{"name":"wp","href":"https:\/\/api.w.org\/{rel}","templated":true}]}}