{"id":3365,"date":"2020-09-02T22:14:23","date_gmt":"2020-09-02T22:14:23","guid":{"rendered":"http:\/\/hubertpietka.bialystok.pl\/?page_id=3365"},"modified":"2020-09-02T22:32:22","modified_gmt":"2020-09-02T22:32:22","slug":"ufna-zawierzenie-bozemu-milosierdziu-siebie","status":"publish","type":"page","link":"https:\/\/hubertpietka.bialystok.pl\/?page_id=3365","title":{"rendered":"Ufne zawierzenie \/ Bo\u017cemu Mi\u0142osierdziu siebie"},"content":{"rendered":"<p><strong><em>Ufne zawierzenie \/ Bo\u017cemu Mi\u0142osierdziu siebie<\/em><\/strong><\/p>\n<p><strong>Przez Mi\u0142osierdzie Twoje Panie,<\/strong><br \/>\n<strong>Niech mi si\u0119 stanie!<\/strong><br \/>\n<strong>\u00a0<\/strong><br \/>\n<strong>Ufam Tobie,<\/strong><br \/>\n<strong>Ufam Panie!<\/strong><\/p>\n<p><img decoding=\"async\" class=\"css-9pa8cd\" draggable=\"true\" src=\"https:\/\/pbs.twimg.com\/media\/Ef6fjtSXkAcArmI?format=jpg&amp;name=small\" alt=\"Image\" \/><\/p>\n<p><em>Na zdj. Modlitwa<\/em><br \/>\n<em>Do\u015b\u0107 kr\u00f3tka<\/em><br \/>\n<em>Ale &#8222;B\u00f3g jest Mi\u0142o\u015bci\u0105&#8221; &#8211;<\/em><br \/>\n<em>W Ko\u015bciele Mi\u0142osierdzia Bo\u017cego w \u0141om\u017cy<\/em><br \/>\n<em>Jezus Mi\u0142osierny<\/em><\/p>\n<p>Trzeba si\u0119 stara\u0107<br \/>\nWytrwa\u0107 w ufno\u015bci<br \/>\nBo B\u00f3g cz\u0142owieka kocha<\/p>\n<p>Powtarza\u0107 mo\u017cna<br \/>\nA nawet trzeba powtarza\u0107<br \/>\nS\u0142owa wa\u017cne<\/p>\n<p><a href=\"https:\/\/www.youtube.com\/watch?v=ouSH0H5uiv8\"><em><strong>Koronka do Mi\u0142osierdzia Bo\u017cego &#8211; \u015bpiewana<\/strong><\/em><\/a><\/p>\n","protected":false},"excerpt":{"rendered":"<p>Ufne zawierzenie \/ Bo\u017cemu Mi\u0142osierdziu siebie Przez Mi\u0142osierdzie Twoje Panie, Niech mi si\u0119 stanie! \u00a0 Ufam Tobie, Ufam Panie! Na zdj. Modlitwa Do\u015b\u0107 kr\u00f3tka Ale&hellip; <\/p>\n","protected":false},"author":1,"featured_media":0,"parent":0,"menu_order":0,"comment_status":"closed","ping_status":"closed","template":"","meta":{"footnotes":""},"class_list":["post-3365","page","type-page","status-publish","hentry"],"_links":{"self":[{"href":"https:\/\/hubertpietka.bialystok.pl\/index.php?rest_route=\/wp\/v2\/pages\/3365","targetHints":{"allow":["GET"]}}],"collection":[{"href":"https:\/\/hubertpietka.bialystok.pl\/index.php?rest_route=\/wp\/v2\/pages"}],"about":[{"href":"https:\/\/hubertpietka.bialystok.pl\/index.php?rest_route=\/wp\/v2\/types\/page"}],"author":[{"embeddable":true,"href":"https:\/\/hubertpietka.bialystok.pl\/index.php?rest_route=\/wp\/v2\/users\/1"}],"replies":[{"embeddable":true,"href":"https:\/\/hubertpietka.bialystok.pl\/index.php?rest_route=%2Fwp%2Fv2%2Fcomments&post=3365"}],"version-history":[{"count":7,"href":"https:\/\/hubertpietka.bialystok.pl\/index.php?rest_route=\/wp\/v2\/pages\/3365\/revisions"}],"predecessor-version":[{"id":3373,"href":"https:\/\/hubertpietka.bialystok.pl\/index.php?rest_route=\/wp\/v2\/pages\/3365\/revisions\/3373"}],"wp:attachment":[{"href":"https:\/\/hubertpietka.bialystok.pl\/index.php?rest_route=%2Fwp%2Fv2%2Fmedia&parent=3365"}],"curies":[{"name":"wp","href":"https:\/\/api.w.org\/{rel}","templated":true}]}}