{"id":3399,"date":"2020-10-05T09:47:09","date_gmt":"2020-10-05T09:47:09","guid":{"rendered":"http:\/\/hubertpietka.bialystok.pl\/?page_id=3399"},"modified":"2020-10-05T11:21:49","modified_gmt":"2020-10-05T11:21:49","slug":"teresa-i-moja-droga","status":"publish","type":"page","link":"https:\/\/hubertpietka.bialystok.pl\/?page_id=3399","title":{"rendered":"Teresa \/ i moja droga"},"content":{"rendered":"<p><strong><em>Teresa \/ i moja droga<\/em><\/strong><\/p>\n<p>Teresa<br \/>\nTeraz sza<br \/>\nTeraz ja<\/p>\n<p>Nie moja wina<\/p>\n<p>Tak si\u0119 sk\u0142ada<br \/>\nTo nie przypadek<br \/>\nJa tego nie wybra\u0142em<br \/>\n<img decoding=\"async\" class=\"css-9pa8cd\" draggable=\"true\" src=\"https:\/\/pbs.twimg.com\/media\/EjjS0h4XkAATW7K?format=jpg&amp;name=small\" alt=\"Image\" \/><br \/>\n<em>Na zdj. Ma\u0142a Tereska<\/em><br \/>\n<em>W katedrze kieleckiej<\/em><br \/>\n<em>I moja ma\u0142a droga<\/em><br \/>\n<em>W niczym niezawiniona<\/em><br \/>\n<em>\u00a0<\/em><br \/>\n<em>Ps. I moja ma\u0142a<\/em><br \/>\n<em>Droga<\/em><br \/>\n<em>Te\u017c w niczym niezawiniona<\/em><\/p>\n<p><a href=\"https:\/\/youtu.be\/qQzdAsjWGPg\"><em><strong>Frank Sinatra &#8211; My way<\/strong><\/em><\/a><\/p>\n","protected":false},"excerpt":{"rendered":"<p>Teresa \/ i moja droga Teresa Teraz sza Teraz ja Nie moja wina Tak si\u0119 sk\u0142ada To nie przypadek Ja tego nie wybra\u0142em Na zdj.&hellip;<\/p>\n","protected":false},"author":1,"featured_media":0,"parent":0,"menu_order":0,"comment_status":"closed","ping_status":"closed","template":"","meta":{"_customify_content_layout":"","_customify_sidebar":"","_customify_page_header_display":"","_customify_disable_header":"","_customify_disable_header_top":"","_customify_disable_header_main":"","_customify_disable_header_bottom":"","_customify_disable_page_title":"","_customify_disable_content_vertical_padding":"","_customify_disable_footer_top":"","_customify_disable_footer_main":"","_customify_disable_footer_bottom":"","_customify_breadcrumb_display":"","_customify_header_transparent_display":"","footnotes":""},"class_list":["post-3399","page","type-page","status-publish","hentry"],"_links":{"self":[{"href":"https:\/\/hubertpietka.bialystok.pl\/index.php?rest_route=\/wp\/v2\/pages\/3399","targetHints":{"allow":["GET"]}}],"collection":[{"href":"https:\/\/hubertpietka.bialystok.pl\/index.php?rest_route=\/wp\/v2\/pages"}],"about":[{"href":"https:\/\/hubertpietka.bialystok.pl\/index.php?rest_route=\/wp\/v2\/types\/page"}],"author":[{"embeddable":true,"href":"https:\/\/hubertpietka.bialystok.pl\/index.php?rest_route=\/wp\/v2\/users\/1"}],"replies":[{"embeddable":true,"href":"https:\/\/hubertpietka.bialystok.pl\/index.php?rest_route=%2Fwp%2Fv2%2Fcomments&post=3399"}],"version-history":[{"count":3,"href":"https:\/\/hubertpietka.bialystok.pl\/index.php?rest_route=\/wp\/v2\/pages\/3399\/revisions"}],"predecessor-version":[{"id":3403,"href":"https:\/\/hubertpietka.bialystok.pl\/index.php?rest_route=\/wp\/v2\/pages\/3399\/revisions\/3403"}],"wp:attachment":[{"href":"https:\/\/hubertpietka.bialystok.pl\/index.php?rest_route=%2Fwp%2Fv2%2Fmedia&parent=3399"}],"curies":[{"name":"wp","href":"https:\/\/api.w.org\/{rel}","templated":true}]}}

<p><strong><em>Teresa / i moja droga</em></strong></p>
<p>Teresa<br />
Teraz sza<br />
Teraz ja</p>
<p>Nie moja wina</p>
<p>Tak się składa<br />
To nie przypadek<br />
Ja tego nie wybrałem<br />
<img decoding="async" class="css-9pa8cd" draggable="true" src="https://pbs.twimg.com/media/EjjS0h4XkAATW7K?format=jpg&amp;name=small" alt="Image" /><br />
<em>Na zdj. Mała Tereska</em><br />
<em>W katedrze kieleckiej</em><br />
<em>I moja mała droga</em><br />
<em>W niczym niezawiniona</em><br />
<em> </em><br />
<em>Ps. I moja mała</em><br />
<em>Droga</em><br />
<em>Też w niczym niezawiniona</em></p>
<p><a href="https://youtu.be/qQzdAsjWGPg"><em><strong>Frank Sinatra &#8211; My way</strong></em></a></p>

<p>Teresa / i moja droga Teresa Teraz sza Teraz ja Nie moja wina Tak się składa To nie przypadek Ja tego nie wybrałem Na zdj.&hellip;</p>
