{"id":3442,"date":"2020-10-29T08:08:54","date_gmt":"2020-10-29T08:08:54","guid":{"rendered":"http:\/\/hubertpietka.bialystok.pl\/?page_id=3442"},"modified":"2020-10-29T08:44:20","modified_gmt":"2020-10-29T08:44:20","slug":"3442-2","status":"publish","type":"page","link":"https:\/\/hubertpietka.bialystok.pl\/?page_id=3442","title":{"rendered":"Dzi\u0119kczy\u017cycie Panu \/ wdzi\u0119kczynienie si\u0119 Jemu"},"content":{"rendered":"<p><strong><em>Dzi\u0119kczy\u017cycie Panu \/ wdzi\u0119kczynienie si\u0119 Jemu<\/em><\/strong><\/p>\n<p>Dzi\u0119kuj\u0119 Tobie<br \/>\n\u017be\u015b mnie stworzy\u0142<br \/>\nTak pi\u0119knie<\/p>\n<p>Utka\u0142e\u015b me cia\u0142o<br \/>\nW \u0142onie mej matki<\/p>\n<p>Jakimi drogami<br \/>\nIskr\u0119 ducha<br \/>\nZ\u0142o\u017cy\u0142e\u015b we mnie Panie<\/p>\n<p>Za dar \u017cycia<br \/>\nDzi\u0119kuj\u0119 Ci Panie<br \/>\nWszystkie moje drogi<br \/>\nS\u0105 w Twej ksi\u0119dze zapisane<\/p>\n<p><img decoding=\"async\" class=\"css-9pa8cd\" draggable=\"true\" src=\"https:\/\/pbs.twimg.com\/media\/EleytTHWMAA-4we?format=jpg&amp;name=small\" alt=\"Image\" \/><\/p>\n<p><em>Na zdj. Nasz piesek<\/em><br \/>\n<em>Jak\u017cesz on si\u0119 potrafi<\/em><br \/>\n<em>Wdzi\u0119kczy\u0107 pi\u0119knie<\/em><br \/>\n<em>\u00a0<\/em><br \/>\n<em>W pewnym domu<\/em><br \/>\n<em>W Dawidach Bankowych<\/em><br \/>\n<em>Przy dywaniku swoim<\/em><br \/>\n<em>\u00a0<\/em><br \/>\n<em>Tako\u017c i my przy Panu<\/em><br \/>\n<em>Z dzi\u0119kczynieniem za wszystko<\/em><br \/>\n<em>U kolan Jego siadamy<\/em><br \/>\n<em>I tak si\u0119 z \u017cycia w Nim radujemy<\/em><\/p>\n<p style=\"text-align: right;\"><a href=\"https:\/\/www.youtube.com\/watch?v=WYj_T8VG96o\"><em><strong>De Su &#8211; \u017bycie cudem jest<\/strong><\/em><\/a><\/p>\n<p style=\"text-align: left;\"><a href=\"https:\/\/www.youtube.com\/watch?v=s8z363KKOiA\"><em><strong>Wszystko mam w Tobie<\/strong><\/em><\/a><\/p>\n","protected":false},"excerpt":{"rendered":"<p>Dzi\u0119kczy\u017cycie Panu \/ wdzi\u0119kczynienie si\u0119 Jemu Dzi\u0119kuj\u0119 Tobie \u017be\u015b mnie stworzy\u0142 Tak pi\u0119knie Utka\u0142e\u015b me cia\u0142o W \u0142onie mej matki Jakimi drogami Iskr\u0119 ducha Z\u0142o\u017cy\u0142e\u015b&hellip; <\/p>\n","protected":false},"author":1,"featured_media":0,"parent":0,"menu_order":0,"comment_status":"closed","ping_status":"closed","template":"","meta":{"footnotes":""},"class_list":["post-3442","page","type-page","status-publish","hentry"],"_links":{"self":[{"href":"https:\/\/hubertpietka.bialystok.pl\/index.php?rest_route=\/wp\/v2\/pages\/3442","targetHints":{"allow":["GET"]}}],"collection":[{"href":"https:\/\/hubertpietka.bialystok.pl\/index.php?rest_route=\/wp\/v2\/pages"}],"about":[{"href":"https:\/\/hubertpietka.bialystok.pl\/index.php?rest_route=\/wp\/v2\/types\/page"}],"author":[{"embeddable":true,"href":"https:\/\/hubertpietka.bialystok.pl\/index.php?rest_route=\/wp\/v2\/users\/1"}],"replies":[{"embeddable":true,"href":"https:\/\/hubertpietka.bialystok.pl\/index.php?rest_route=%2Fwp%2Fv2%2Fcomments&post=3442"}],"version-history":[{"count":5,"href":"https:\/\/hubertpietka.bialystok.pl\/index.php?rest_route=\/wp\/v2\/pages\/3442\/revisions"}],"predecessor-version":[{"id":3447,"href":"https:\/\/hubertpietka.bialystok.pl\/index.php?rest_route=\/wp\/v2\/pages\/3442\/revisions\/3447"}],"wp:attachment":[{"href":"https:\/\/hubertpietka.bialystok.pl\/index.php?rest_route=%2Fwp%2Fv2%2Fmedia&parent=3442"}],"curies":[{"name":"wp","href":"https:\/\/api.w.org\/{rel}","templated":true}]}}