{"id":3457,"date":"2020-10-30T21:55:13","date_gmt":"2020-10-30T21:55:13","guid":{"rendered":"http:\/\/hubertpietka.bialystok.pl\/?page_id=3457"},"modified":"2020-10-30T22:04:48","modified_gmt":"2020-10-30T22:04:48","slug":"3457-2","status":"publish","type":"page","link":"https:\/\/hubertpietka.bialystok.pl\/?page_id=3457","title":{"rendered":"Pokojowanie \/ o pok\u00f3j wo\u0142anie"},"content":{"rendered":"<p><em><strong>Pokojowanie \/ o pok\u00f3j wo\u0142anie<\/strong><\/em><\/p>\n<p><strong>1.<\/strong><br \/>\nPokojowanie<br \/>\nTo nie pokoju pomalowanie<br \/>\nTo go szerzenie wok\u00f3\u0142 siebie<br \/>\nTak by m\u00f3g\u0142 obj\u0105\u0107 \u015bwiat ca\u0142y<br \/>\nTo od ka\u017cdego w jakim\u015b stopniu zale\u017cy<\/p>\n<p>To wojowanie o pok\u00f3j<br \/>\nNie pozorny<br \/>\nA trwa\u0142y i realny<br \/>\nW swym najbli\u017cszym otoczeniu<br \/>\nBy na zasadzie rozchodz\u0105cych si\u0119 tafli wody<br \/>\nM\u00f3g\u0142 obj\u0105\u0107 ca\u0142\u0105 ziemi\u0119<\/p>\n<p><strong>2.<\/strong><br \/>\nTo zadanie ka\u017cdego<br \/>\nOd najmniejszego do najwa\u017cniejszego<br \/>\nKa\u017cdy zosta\u0142 czym\u015b obdarzony<br \/>\nCo mo\u017ce s\u0142u\u017cy\u0107 innym<br \/>\nCo mo\u017ce s\u0142u\u017cy\u0107 pokojowi<br \/>\nW zakresie kt\u00f3ry go dotyczy<\/p>\n<p><strong>3.<\/strong><br \/>\nPokojowanie kojarzy si\u0119<br \/>\nZ pokajaniem dobrze rozumianym<br \/>\nPotrzebna jest pokuta<br \/>\nOdnowa \u017cycia w Bogu<br \/>\nCz\u0142owieka odnowa<\/p>\n<p>Trzeba wr\u00f3ci\u0107 do Boga<br \/>\nTo warunek konieczny<br \/>\nB\u00f3g go wyznaczy\u0142<br \/>\nAby m\u00f3g\u0142 zapanowa\u0107 pok\u00f3j na \u015bwiecie<br \/>\nI w ka\u017cdym \u015brodowisku ludzkim<\/p>\n<p>Lecz \u017ceby tak si\u0119 sta\u0142o<br \/>\nTrzeba si\u0119 nawr\u00f3ci\u0107<\/p>\n<p><strong>4.<\/strong><br \/>\nWreszcie przywo\u0142am tu<br \/>\nSercan\u00f3w i franciszkan\u00f3w<br \/>\nPo to by lepiej zrozumie\u0107 te fakty<\/p>\n<p>Serca n\u00f3w<br \/>\nOdnowienie serc<br \/>\nPrzez mi\u0142o\u015b\u0107 i \u017cycie w prawdzie<\/p>\n<p>To wi\u0105\u017ce si\u0119 bardzo z pokojowaniem<br \/>\nOd pokoju serca trzeba zacz\u0105\u0107<br \/>\nLecz aby osi\u0105gn\u0105\u0107 to<br \/>\nTrzeba serce karmi\u0107 mi\u0142o\u015bci\u0105<br \/>\nA rozum prawd\u0105 i pokor\u0105<br \/>\nWobec Boga i innych w\u0142a\u015bciw\u0105 postaw\u0105<\/p>\n<p>Franciszka n\u00f3w<br \/>\nTo z kolei zatroszczenie si\u0119<br \/>\nO \u015bwiat i ludzi<br \/>\nTak by franciszka\u0144skie zawo\u0142anie<br \/>\nPok\u00f3j i dobro<br \/>\nMog\u0142o sta\u0107 si\u0119 wszystkich udzia\u0142em<\/p>\n<p><strong>Fina\u0142<\/strong><br \/>\nPok\u00f3j nale\u017cy do wszystkich<br \/>\nI zale\u017cy od wszystkich<br \/>\nAle trzeba od siebie zacz\u0105\u0107<br \/>\nBo tylko pokojem serca<br \/>\nMo\u017cna prawdziwy pok\u00f3j roztacza\u0107<\/p>\n<p>Aby to osi\u0105gn\u0105\u0107<br \/>\nTrzeba powr\u00f3ci\u0107 do Boga<br \/>\nBez Niego nie osi\u0105gnie si\u0119 tego<br \/>\nAni pokoju serca<br \/>\nAni pokoju w \u015bwiecie<\/p>\n<p><img decoding=\"async\" class=\"css-9pa8cd\" draggable=\"true\" src=\"https:\/\/pbs.twimg.com\/media\/Elm41lWW0AszE5D?format=jpg&amp;name=small\" alt=\"Image\" \/><\/p>\n<p><em>Na zdj. \u015aw. Franciszek<\/em><br \/>\n<em> W ko\u015bciele warszawskim na Hynki<\/em><br \/>\n<em> Pok\u00f3j i dobro<\/em><br \/>\n<em> Mi\u0142o\u015b\u0107<\/em><br \/>\n<em> Jest to mo\u017cliwe dla wszystkich<\/em><br \/>\n<em> Jest to mo\u017cliwe w \u015bwiecie<\/em><br \/>\n<em> Trzeba tylko<\/em><br \/>\n<em> Odnawia\u0107 siebie w Bogu<\/em><br \/>\n<em> I wszystko inne<\/em><br \/>\n<em> Stara\u0107 si\u0119 czyni\u0107 pod\u0142ug tego<\/em><\/p>\n<p><a href=\"https:\/\/www.youtube.com\/watch?v=V5-stQfiCe0\"><em><strong>Syn marnotrawny<\/strong><\/em><\/a><\/p>\n","protected":false},"excerpt":{"rendered":"<p>Pokojowanie \/ o pok\u00f3j wo\u0142anie 1. Pokojowanie To nie pokoju pomalowanie To go szerzenie wok\u00f3\u0142 siebie Tak by m\u00f3g\u0142 obj\u0105\u0107 \u015bwiat ca\u0142y To od ka\u017cdego&hellip; <\/p>\n","protected":false},"author":1,"featured_media":0,"parent":0,"menu_order":0,"comment_status":"closed","ping_status":"closed","template":"","meta":{"footnotes":""},"class_list":["post-3457","page","type-page","status-publish","hentry"],"_links":{"self":[{"href":"https:\/\/hubertpietka.bialystok.pl\/index.php?rest_route=\/wp\/v2\/pages\/3457","targetHints":{"allow":["GET"]}}],"collection":[{"href":"https:\/\/hubertpietka.bialystok.pl\/index.php?rest_route=\/wp\/v2\/pages"}],"about":[{"href":"https:\/\/hubertpietka.bialystok.pl\/index.php?rest_route=\/wp\/v2\/types\/page"}],"author":[{"embeddable":true,"href":"https:\/\/hubertpietka.bialystok.pl\/index.php?rest_route=\/wp\/v2\/users\/1"}],"replies":[{"embeddable":true,"href":"https:\/\/hubertpietka.bialystok.pl\/index.php?rest_route=%2Fwp%2Fv2%2Fcomments&post=3457"}],"version-history":[{"count":4,"href":"https:\/\/hubertpietka.bialystok.pl\/index.php?rest_route=\/wp\/v2\/pages\/3457\/revisions"}],"predecessor-version":[{"id":3461,"href":"https:\/\/hubertpietka.bialystok.pl\/index.php?rest_route=\/wp\/v2\/pages\/3457\/revisions\/3461"}],"wp:attachment":[{"href":"https:\/\/hubertpietka.bialystok.pl\/index.php?rest_route=%2Fwp%2Fv2%2Fmedia&parent=3457"}],"curies":[{"name":"wp","href":"https:\/\/api.w.org\/{rel}","templated":true}]}}