{"id":3692,"date":"2021-01-22T19:28:14","date_gmt":"2021-01-22T19:28:14","guid":{"rendered":"http:\/\/hubertpietka.bialystok.pl\/?page_id=3692"},"modified":"2021-01-22T19:28:14","modified_gmt":"2021-01-22T19:28:14","slug":"czyny-czy-slowa","status":"publish","type":"page","link":"https:\/\/hubertpietka.bialystok.pl\/?page_id=3692","title":{"rendered":"Czyny \/ czy s\u0142owa"},"content":{"rendered":"<p><em><strong>Czyny \/ czy s\u0142owa<\/strong><\/em><\/p>\n<p>Dlaczego on m\u00f3wi<br \/>\nTo czego<br \/>\nNie powinien<\/p>\n<p>A ty<br \/>\nJak m\u00f3wisz<br \/>\nCo czynisz<\/p>\n<p>Za s\u0142owa<br \/>\nChcesz mnie zabi\u0107<\/p>\n<p><a href=\"http:\/\/hubertpietka.bialystok.pl\/wp-content\/uploads\/2021\/01\/IMG_20210122_202251.jpg\"><img loading=\"lazy\" decoding=\"async\" class=\"alignnone size-thumbnail wp-image-3693\" src=\"http:\/\/hubertpietka.bialystok.pl\/wp-content\/uploads\/2021\/01\/IMG_20210122_202251-150x150.jpg\" alt=\"\" width=\"150\" height=\"150\" srcset=\"https:\/\/hubertpietka.bialystok.pl\/wp-content\/uploads\/2021\/01\/IMG_20210122_202251-150x150.jpg 150w, https:\/\/hubertpietka.bialystok.pl\/wp-content\/uploads\/2021\/01\/IMG_20210122_202251-75x75.jpg 75w\" sizes=\"auto, (max-width: 150px) 100vw, 150px\" \/><\/a><\/p>\n<p><em>Na zdj. Adoracja eucharystyczna<\/em><br \/>\n<em>W Sanktuarium Bo\u017cego Mi\u0142osierdzia<\/em><br \/>\n<em>W Krakowie \u0141agiewnikach<\/em><br \/>\n<em>Niech b\u0119dzie wi\u0119cej mi\u0142osierdzia w czynach<\/em><br \/>\n<em>Za\u015b s\u0142owa niech b\u0119d\u0105 odpowiednie<\/em><\/p>\n","protected":false},"excerpt":{"rendered":"<p>Czyny \/ czy s\u0142owa Dlaczego on m\u00f3wi To czego Nie powinien A ty Jak m\u00f3wisz Co czynisz Za s\u0142owa Chcesz mnie zabi\u0107 Na zdj. Adoracja&hellip; <\/p>\n","protected":false},"author":1,"featured_media":0,"parent":0,"menu_order":0,"comment_status":"closed","ping_status":"closed","template":"","meta":{"footnotes":""},"class_list":["post-3692","page","type-page","status-publish","hentry"],"_links":{"self":[{"href":"https:\/\/hubertpietka.bialystok.pl\/index.php?rest_route=\/wp\/v2\/pages\/3692","targetHints":{"allow":["GET"]}}],"collection":[{"href":"https:\/\/hubertpietka.bialystok.pl\/index.php?rest_route=\/wp\/v2\/pages"}],"about":[{"href":"https:\/\/hubertpietka.bialystok.pl\/index.php?rest_route=\/wp\/v2\/types\/page"}],"author":[{"embeddable":true,"href":"https:\/\/hubertpietka.bialystok.pl\/index.php?rest_route=\/wp\/v2\/users\/1"}],"replies":[{"embeddable":true,"href":"https:\/\/hubertpietka.bialystok.pl\/index.php?rest_route=%2Fwp%2Fv2%2Fcomments&post=3692"}],"version-history":[{"count":1,"href":"https:\/\/hubertpietka.bialystok.pl\/index.php?rest_route=\/wp\/v2\/pages\/3692\/revisions"}],"predecessor-version":[{"id":3694,"href":"https:\/\/hubertpietka.bialystok.pl\/index.php?rest_route=\/wp\/v2\/pages\/3692\/revisions\/3694"}],"wp:attachment":[{"href":"https:\/\/hubertpietka.bialystok.pl\/index.php?rest_route=%2Fwp%2Fv2%2Fmedia&parent=3692"}],"curies":[{"name":"wp","href":"https:\/\/api.w.org\/{rel}","templated":true}]}}