{"id":3728,"date":"2021-02-10T08:29:02","date_gmt":"2021-02-10T08:29:02","guid":{"rendered":"http:\/\/hubertpietka.bialystok.pl\/?page_id=3728"},"modified":"2021-02-10T08:43:11","modified_gmt":"2021-02-10T08:43:11","slug":"lek-na-lek","status":"publish","type":"page","link":"https:\/\/hubertpietka.bialystok.pl\/?page_id=3728","title":{"rendered":"Lek \/ na l\u0119k"},"content":{"rendered":"<p><em><strong>Lek \/ na l\u0119k<\/strong><\/em><\/p>\n<p><strong>1.<\/strong><br \/>\nKiedy by\u0142em dzieckiem ma\u0142ym<br \/>\nMama do domu bardzo p\u00f3\u017ano wraca\u0142a<br \/>\nW domu kultury pracowa\u0142a<br \/>\nR\u00f3\u017cne imprezy organizowa\u0142a<\/p>\n<p>A ja w oknie sta\u0142em<br \/>\nI modli\u0142em si\u0119<br \/>\nCzekaj\u0105c na mam\u0119<\/p>\n<p>Panie Bo\u017ce kochany<br \/>\nProsz\u0119 Ci\u0119<br \/>\n\u017beby mama szcz\u0119\u015bliwie wr\u00f3ci\u0142a do domu<br \/>\nI \u017ceby si\u0119 jej nie sta\u0142o nic z\u0142ego<\/p>\n<p>Mama przez ciemny las wraca\u0142a<br \/>\nWyobra\u017ania dziecka<br \/>\nR\u00f3\u017cne rzeczy podpowiada\u0142a<\/p>\n<p>I dobry B\u00f3g<br \/>\nModlitw\u0119 dziecka wys\u0142ucha\u0142<\/p>\n<p>Leczy\u0142y si\u0119 l\u0119ki dziecka<br \/>\nA rado\u015b\u0107 zawsze z powrotu mamy<br \/>\nBy\u0142a wielka<\/p>\n<p>&nbsp;<\/p>\n<p><em>A wi\u0119c<\/em><br \/>\n<em>Jak dalej<\/em><\/p>\n<p><strong>2.<\/strong> Skoro taka prosta modlitwa dziecka<br \/>\nLeczy\u0142a l\u0119ki<br \/>\nTo chyba<br \/>\nTrzeba wr\u00f3ci\u0107 do \u017ar\u00f3d\u0142a<\/p>\n<p>Panie Bo\u017ce kochany<br \/>\nProsz\u0119 Ci\u0119<br \/>\nAby nic z\u0142ego z nami si\u0119 nie sta\u0142o<br \/>\n\u017beby\u015bmy do\u017cy\u0107 mogli<br \/>\nSzcz\u0119\u015bliwej staro\u015bci<br \/>\nW pokoju<br \/>\nMy i bliscy nasi<\/p>\n<p>I by nic z\u0142ego<br \/>\nNie sta\u0142o si\u0119 z naszym mieniem<\/p>\n<p>Prosz\u0119 Ci\u0119 Panie Bo\u017ce kochany<br \/>\nB\u0105d\u017a zawsze z nami<br \/>\nNie opuszczaj nas nigdy<\/p>\n<p><a href=\"http:\/\/hubertpietka.bialystok.pl\/wp-content\/uploads\/2021\/02\/IMG_20210210_090228.jpg\"><img loading=\"lazy\" decoding=\"async\" class=\"alignnone size-thumbnail wp-image-3729\" src=\"http:\/\/hubertpietka.bialystok.pl\/wp-content\/uploads\/2021\/02\/IMG_20210210_090228-150x150.jpg\" alt=\"\" width=\"150\" height=\"150\" srcset=\"https:\/\/hubertpietka.bialystok.pl\/wp-content\/uploads\/2021\/02\/IMG_20210210_090228-150x150.jpg 150w, https:\/\/hubertpietka.bialystok.pl\/wp-content\/uploads\/2021\/02\/IMG_20210210_090228-75x75.jpg 75w\" sizes=\"auto, (max-width: 150px) 100vw, 150px\" \/><\/a><\/p>\n<p><em>Na zdj. B\u00f3g Ojciec<\/em><br \/>\n<em>W ko\u015bciele krakowskim<\/em><br \/>\n<em>Matki Bo\u017cej z Lourdes<\/em><br \/>\n<em>B\u00f3g jest dobry kochany<\/em><br \/>\n<em>Ufam \u017ce i tej modlitwy wys\u0142ucha tak\u017ce<\/em><\/p>\n<p><em>Ka\u017cdy jakie\u015b l\u0119ki ma<\/em><br \/>\n<em>Najlepszym lekarstwem na nie<\/em><br \/>\n<em>Jest modlitwa dobra<\/em><\/p>\n<p><em>Na drodze ka\u017cdego<br \/>\nLub bliskich jego<br \/>\nMo\u017ce stan\u0105\u0107<br \/>\nCiemny las<br \/>\nSzczeg\u00f3lnie w tych czasach<\/em><\/p>\n<p style=\"text-align: center;\"><em><strong><a href=\"https:\/\/youtu.be\/q70sQX4SkEw\">Nasze plany i nadzieje &#8211; El\u017cbieta Kulmaczewska<\/a><\/strong><\/em><\/p>\n","protected":false},"excerpt":{"rendered":"<p>Lek \/ na l\u0119k 1. Kiedy by\u0142em dzieckiem ma\u0142ym Mama do domu bardzo p\u00f3\u017ano wraca\u0142a W domu kultury pracowa\u0142a R\u00f3\u017cne imprezy organizowa\u0142a A ja w&hellip; <\/p>\n","protected":false},"author":1,"featured_media":0,"parent":0,"menu_order":0,"comment_status":"closed","ping_status":"closed","template":"","meta":{"footnotes":""},"class_list":["post-3728","page","type-page","status-publish","hentry"],"_links":{"self":[{"href":"https:\/\/hubertpietka.bialystok.pl\/index.php?rest_route=\/wp\/v2\/pages\/3728","targetHints":{"allow":["GET"]}}],"collection":[{"href":"https:\/\/hubertpietka.bialystok.pl\/index.php?rest_route=\/wp\/v2\/pages"}],"about":[{"href":"https:\/\/hubertpietka.bialystok.pl\/index.php?rest_route=\/wp\/v2\/types\/page"}],"author":[{"embeddable":true,"href":"https:\/\/hubertpietka.bialystok.pl\/index.php?rest_route=\/wp\/v2\/users\/1"}],"replies":[{"embeddable":true,"href":"https:\/\/hubertpietka.bialystok.pl\/index.php?rest_route=%2Fwp%2Fv2%2Fcomments&post=3728"}],"version-history":[{"count":6,"href":"https:\/\/hubertpietka.bialystok.pl\/index.php?rest_route=\/wp\/v2\/pages\/3728\/revisions"}],"predecessor-version":[{"id":3737,"href":"https:\/\/hubertpietka.bialystok.pl\/index.php?rest_route=\/wp\/v2\/pages\/3728\/revisions\/3737"}],"wp:attachment":[{"href":"https:\/\/hubertpietka.bialystok.pl\/index.php?rest_route=%2Fwp%2Fv2%2Fmedia&parent=3728"}],"curies":[{"name":"wp","href":"https:\/\/api.w.org\/{rel}","templated":true}]}}