{"id":378,"date":"2017-01-19T22:20:49","date_gmt":"2017-01-19T22:20:49","guid":{"rendered":"http:\/\/hubertpietka.bialystok.pl\/?page_id=378"},"modified":"2017-01-19T22:27:10","modified_gmt":"2017-01-19T22:27:10","slug":"pycha","status":"publish","type":"page","link":"https:\/\/hubertpietka.bialystok.pl\/?page_id=378","title":{"rendered":"Pycha"},"content":{"rendered":"<p><strong>Pycha<\/strong><\/p>\n<p>&nbsp;<\/p>\n<p><strong>I<\/strong><\/p>\n<p>Kiedy wydaje mi si\u0119,<\/p>\n<p>\u017ce wiem, co si\u0119 stanie<\/p>\n<p>&#8211; chro\u0144 mnie przed pych\u0105, Panie!<\/p>\n<p>&nbsp;<\/p>\n<p><strong>II<\/strong><\/p>\n<p>Kiedy jestem z siebie<\/p>\n<p>zbyt zadowolony<\/p>\n<p>&#8211; niech nie pod\u0105\u017cam w t\u0119 stron\u0119!<\/p>\n<p>&nbsp;<\/p>\n<p><strong>III<\/strong><\/p>\n<p>Kiedy wydaje mi si\u0119,<\/p>\n<p>\u017ce jestem lepszy<\/p>\n<p>&#8211; niech erozja nie dotknie mojego wn\u0119trza!<\/p>\n<p>&nbsp;<\/p>\n<p><strong>Epilog<\/strong><\/p>\n<p><em>Spraw, bym by\u0142 prosty,<\/em><\/p>\n<p><em>w smutku radosny!<\/em><\/p>\n<p><em>Bym jasno trwa\u0142!<\/em><\/p>\n<p><em>&#8211; a gdy upadn\u0119<\/em><\/p>\n<p><em>niech \u0142aska Twa<\/em><\/p>\n<p><em>mn\u0105 ow\u0142adnie!<\/em><\/p>\n<p><em>\u00a0<\/em><\/p>\n<p><em>Dobrze \u017cy\u0107,<\/em><\/p>\n<p><em>\u00a0jasno by\u0107!<\/em><\/p>\n<p><em>&#8211; pych\u0119 w twarz trzasn\u0105\u0107!<\/em><\/p>\n<p>&nbsp;<\/p>\n<p><em>Na przek\u00f3r znojom,<\/em><\/p>\n<p><em>otworzy\u0107 serca podwoje<\/em><\/p>\n<p><em>&#8211; Bogu do ko\u0144ca.<\/em><\/p>\n","protected":false},"excerpt":{"rendered":"<p>Pycha &nbsp; I Kiedy wydaje mi si\u0119, \u017ce wiem, co si\u0119 stanie &#8211; chro\u0144 mnie przed pych\u0105, Panie! &nbsp; II Kiedy jestem z siebie zbyt&hellip; <\/p>\n","protected":false},"author":1,"featured_media":0,"parent":0,"menu_order":0,"comment_status":"closed","ping_status":"closed","template":"","meta":{"footnotes":""},"class_list":["post-378","page","type-page","status-publish","hentry"],"_links":{"self":[{"href":"https:\/\/hubertpietka.bialystok.pl\/index.php?rest_route=\/wp\/v2\/pages\/378","targetHints":{"allow":["GET"]}}],"collection":[{"href":"https:\/\/hubertpietka.bialystok.pl\/index.php?rest_route=\/wp\/v2\/pages"}],"about":[{"href":"https:\/\/hubertpietka.bialystok.pl\/index.php?rest_route=\/wp\/v2\/types\/page"}],"author":[{"embeddable":true,"href":"https:\/\/hubertpietka.bialystok.pl\/index.php?rest_route=\/wp\/v2\/users\/1"}],"replies":[{"embeddable":true,"href":"https:\/\/hubertpietka.bialystok.pl\/index.php?rest_route=%2Fwp%2Fv2%2Fcomments&post=378"}],"version-history":[{"count":2,"href":"https:\/\/hubertpietka.bialystok.pl\/index.php?rest_route=\/wp\/v2\/pages\/378\/revisions"}],"predecessor-version":[{"id":385,"href":"https:\/\/hubertpietka.bialystok.pl\/index.php?rest_route=\/wp\/v2\/pages\/378\/revisions\/385"}],"wp:attachment":[{"href":"https:\/\/hubertpietka.bialystok.pl\/index.php?rest_route=%2Fwp%2Fv2%2Fmedia&parent=378"}],"curies":[{"name":"wp","href":"https:\/\/api.w.org\/{rel}","templated":true}]}}