{"id":3807,"date":"2021-03-09T22:01:03","date_gmt":"2021-03-09T22:01:03","guid":{"rendered":"http:\/\/hubertpietka.bialystok.pl\/?page_id=3807"},"modified":"2021-03-09T22:05:08","modified_gmt":"2021-03-09T22:05:08","slug":"anegdota-o-malzenskich-godach","status":"publish","type":"page","link":"https:\/\/hubertpietka.bialystok.pl\/?page_id=3807","title":{"rendered":"Anegdota \/ o ma\u0142\u017ce\u0144skich godach"},"content":{"rendered":"<p><em><strong>Anegdota \/ o ma\u0142\u017ce\u0144skich godach<\/strong><\/em><\/p>\n<p>Przecie\u017c to jest hipokryzja wr\u0119cz szalona<br \/>\nJak m\u0105\u017c mo\u017ce nie wp\u0142ywa\u0107 na \u017con\u0119<br \/>\nAlbo na odwr\u00f3t<\/p>\n<p>To tak jakby powiedzie\u0107<br \/>\n\u017be ogie\u0144 nie mo\u017ce<br \/>\nWp\u0142ywa\u0107 na wod\u0119<\/p>\n<p>Du\u017co wody przygasza p\u0142omie\u0144<br \/>\nA ma\u0142o wody wyparowuje<br \/>\nW kontakcie z nim<\/p>\n<p>Po\u017cycie ma\u0142\u017ce\u0144skie<br \/>\nIle\u015b tam letnie<br \/>\nNie mo\u017ce by\u0107 letnie<\/p>\n<p>To tak jakby za\u0142o\u017cy\u0107<br \/>\n\u017be dwoje ludzi<br \/>\nW interakcjach tak rozleg\u0142ych<br \/>\nPowinno by\u0107 do siebie<br \/>\nW relacji&#8230; mebli<\/p>\n<p><em><strong>Do mojej \u017cony<\/strong><\/em><\/p>\n<p><strong>&#8211; Jestem zaszczycony<\/strong><br \/>\n<strong>\u017be zna\u0107 Ciebie mog\u0119<\/strong><br \/>\n<strong>By\u0107 z Tob\u0105<\/strong><br \/>\n<strong>Kt\u00f3\u017c by to wszystko wytrzyma\u0107 by m\u00f3g\u0142<\/strong><br \/>\n<strong>Jestem przekonany o heroiczno\u015bci Twoich cn\u00f3t<\/strong><\/p>\n<p>\/<\/p>\n<p>B\u00f3g powiedzia\u0142<br \/>\nMi\u0142uj bli\u017aniego jak siebie samego<br \/>\nTo znaczy tyle<br \/>\nBy dobrze drugiemu czyni\u0107<\/p>\n<p>A wy w imi\u0119 zasad<br \/>\nWymy\u015blonych przez ludzi<br \/>\nNie pozwalacie<br \/>\nDobrze innemu czyni\u0107<br \/>\nI w imi\u0119 wymy\u015blonych praw<br \/>\nZnosicie przykazanie Boga<\/p>\n<p>\/<\/p>\n<p>Tak naprawd\u0119 nie chodzi im o zasady<br \/>\nLecz jest to nienawi\u015b\u0107<br \/>\nDo tego co ich prawom nie chce podlega\u0107<br \/>\nZreszt\u0105 prawom sprzecznym z pedagogi\u0105 Bo\u017c\u0105<\/p>\n<p><a href=\"http:\/\/hubertpietka.bialystok.pl\/wp-content\/uploads\/2021\/03\/IMG_20210309_225637.jpg\"><img loading=\"lazy\" decoding=\"async\" class=\"alignnone size-thumbnail wp-image-3810\" src=\"http:\/\/hubertpietka.bialystok.pl\/wp-content\/uploads\/2021\/03\/IMG_20210309_225637-150x150.jpg\" alt=\"\" width=\"150\" height=\"150\" srcset=\"https:\/\/hubertpietka.bialystok.pl\/wp-content\/uploads\/2021\/03\/IMG_20210309_225637-150x150.jpg 150w, https:\/\/hubertpietka.bialystok.pl\/wp-content\/uploads\/2021\/03\/IMG_20210309_225637-75x75.jpg 75w\" sizes=\"auto, (max-width: 150px) 100vw, 150px\" \/><\/a><\/p>\n<p><em>Na zdj. Chrzcielnica w bukowia\u0144skim ko\u015bciele<\/em><br \/>\n<em>Na mocy chrztu sakramentu<\/em><br \/>\n<em>Niech wszystko z\u0142e<\/em><br \/>\n<em>Odejdzie od nas precz<\/em><br \/>\n<em>Jezu ufam Tobie<\/em><\/p>\n","protected":false},"excerpt":{"rendered":"<p>Anegdota \/ o ma\u0142\u017ce\u0144skich godach Przecie\u017c to jest hipokryzja wr\u0119cz szalona Jak m\u0105\u017c mo\u017ce nie wp\u0142ywa\u0107 na \u017con\u0119 Albo na odwr\u00f3t To tak jakby powiedzie\u0107&hellip; <\/p>\n","protected":false},"author":1,"featured_media":0,"parent":0,"menu_order":0,"comment_status":"closed","ping_status":"closed","template":"","meta":{"footnotes":""},"class_list":["post-3807","page","type-page","status-publish","hentry"],"_links":{"self":[{"href":"https:\/\/hubertpietka.bialystok.pl\/index.php?rest_route=\/wp\/v2\/pages\/3807","targetHints":{"allow":["GET"]}}],"collection":[{"href":"https:\/\/hubertpietka.bialystok.pl\/index.php?rest_route=\/wp\/v2\/pages"}],"about":[{"href":"https:\/\/hubertpietka.bialystok.pl\/index.php?rest_route=\/wp\/v2\/types\/page"}],"author":[{"embeddable":true,"href":"https:\/\/hubertpietka.bialystok.pl\/index.php?rest_route=\/wp\/v2\/users\/1"}],"replies":[{"embeddable":true,"href":"https:\/\/hubertpietka.bialystok.pl\/index.php?rest_route=%2Fwp%2Fv2%2Fcomments&post=3807"}],"version-history":[{"count":3,"href":"https:\/\/hubertpietka.bialystok.pl\/index.php?rest_route=\/wp\/v2\/pages\/3807\/revisions"}],"predecessor-version":[{"id":3811,"href":"https:\/\/hubertpietka.bialystok.pl\/index.php?rest_route=\/wp\/v2\/pages\/3807\/revisions\/3811"}],"wp:attachment":[{"href":"https:\/\/hubertpietka.bialystok.pl\/index.php?rest_route=%2Fwp%2Fv2%2Fmedia&parent=3807"}],"curies":[{"name":"wp","href":"https:\/\/api.w.org\/{rel}","templated":true}]}}