{"id":3859,"date":"2021-03-19T08:43:22","date_gmt":"2021-03-19T08:43:22","guid":{"rendered":"http:\/\/hubertpietka.bialystok.pl\/?page_id=3859"},"modified":"2021-03-19T08:43:22","modified_gmt":"2021-03-19T08:43:22","slug":"3u-for-you","status":"publish","type":"page","link":"https:\/\/hubertpietka.bialystok.pl\/?page_id=3859","title":{"rendered":"3U \/ For You"},"content":{"rendered":"<p><em><strong>3U \/ For You<\/strong><\/em><\/p>\n<p>B\u00f3g do mnie powiedzia\u0142<br \/>\nTy mnie uwielbiaj<\/p>\n<p>O Panie m\u00f3j kochany<br \/>\nPrzecie\u017c jestem taki ma\u0142y<br \/>\nL\u0119kiem przenikni\u0119ty<br \/>\nO swoje i swoich<br \/>\nTo nie wa\u017cne<\/p>\n<p>Ty mnie uwielbiaj<\/p>\n<p>Mimo swej n\u0119dzy<br \/>\nUwielbiaj mnie w Mym mi\u0142osierdziu<br \/>\nDo tego nie trzeba pieni\u0119dzy<\/p>\n<p>Tak po prostu<br \/>\nCz\u0142owiek jest py\u0142em marnym<br \/>\nAle przeze Mnie umi\u0142owanym<\/p>\n<p><strong>Dla ciebie U 3<\/strong><br \/>\n<strong>Po pierwsze Mi *ufaj*<\/strong><br \/>\n<strong>Po drugie Mnie *uwielbiaj*<\/strong><br \/>\n<strong>A po trzecie<\/strong><br \/>\n<strong>Do Maryji *si\u0119 uciekaj*<\/strong><\/p>\n<p><strong>Dzi\u015b wspominany jest<\/strong><br \/>\n<strong>\u015aw. *J\u00f3-zef*<\/strong><br \/>\n<strong>Niech to b\u0119dzie *Your-zew*<\/strong><br \/>\n<strong>Twoja odpowied\u017a<\/strong><br \/>\n<strong>Na wezwanie Moje<\/strong><\/p>\n<p><strong><a href=\"http:\/\/hubertpietka.bialystok.pl\/wp-content\/uploads\/2021\/03\/IMG_20210319_084536.jpg\"><img loading=\"lazy\" decoding=\"async\" class=\"alignnone size-thumbnail wp-image-3860\" src=\"http:\/\/hubertpietka.bialystok.pl\/wp-content\/uploads\/2021\/03\/IMG_20210319_084536-150x150.jpg\" alt=\"\" width=\"150\" height=\"150\" srcset=\"https:\/\/hubertpietka.bialystok.pl\/wp-content\/uploads\/2021\/03\/IMG_20210319_084536-150x150.jpg 150w, https:\/\/hubertpietka.bialystok.pl\/wp-content\/uploads\/2021\/03\/IMG_20210319_084536-75x75.jpg 75w\" sizes=\"auto, (max-width: 150px) 100vw, 150px\" \/><\/a><\/strong><\/p>\n<p><em>Na zdj. \u015aw. J\u00f3zef i Maryja<\/em><br \/>\n<em>Mi\u0142o\u015b\u0107 oblubie\u0144cza ich po\u0142\u0105czy\u0142a<\/em><br \/>\n<em>Jezus Dzieci\u0105tko<\/em><br \/>\n<em>B\u0142ogos\u0142awi dobrym zwi\u0105zkom<\/em><\/p>\n<p><em>W ko\u015bci\u00f3\u0142ku szpitalnym<\/em><br \/>\n<em>Przy CM UJ krakowskim<\/em><br \/>\n<em>Zdj\u0119cie to zrobiono<\/em><\/p>\n<p style=\"text-align: right;\"><a href=\"https:\/\/youtu.be\/fyicpob4Tj4\"><strong><em>Rozmowa ze \u015bw. J\u00f3zefem<\/em><\/strong><\/a><\/p>\n","protected":false},"excerpt":{"rendered":"<p>3U \/ For You B\u00f3g do mnie powiedzia\u0142 Ty mnie uwielbiaj O Panie m\u00f3j kochany Przecie\u017c jestem taki ma\u0142y L\u0119kiem przenikni\u0119ty O swoje i swoich&hellip; <\/p>\n","protected":false},"author":1,"featured_media":0,"parent":0,"menu_order":0,"comment_status":"closed","ping_status":"closed","template":"","meta":{"footnotes":""},"class_list":["post-3859","page","type-page","status-publish","hentry"],"_links":{"self":[{"href":"https:\/\/hubertpietka.bialystok.pl\/index.php?rest_route=\/wp\/v2\/pages\/3859","targetHints":{"allow":["GET"]}}],"collection":[{"href":"https:\/\/hubertpietka.bialystok.pl\/index.php?rest_route=\/wp\/v2\/pages"}],"about":[{"href":"https:\/\/hubertpietka.bialystok.pl\/index.php?rest_route=\/wp\/v2\/types\/page"}],"author":[{"embeddable":true,"href":"https:\/\/hubertpietka.bialystok.pl\/index.php?rest_route=\/wp\/v2\/users\/1"}],"replies":[{"embeddable":true,"href":"https:\/\/hubertpietka.bialystok.pl\/index.php?rest_route=%2Fwp%2Fv2%2Fcomments&post=3859"}],"version-history":[{"count":1,"href":"https:\/\/hubertpietka.bialystok.pl\/index.php?rest_route=\/wp\/v2\/pages\/3859\/revisions"}],"predecessor-version":[{"id":3861,"href":"https:\/\/hubertpietka.bialystok.pl\/index.php?rest_route=\/wp\/v2\/pages\/3859\/revisions\/3861"}],"wp:attachment":[{"href":"https:\/\/hubertpietka.bialystok.pl\/index.php?rest_route=%2Fwp%2Fv2%2Fmedia&parent=3859"}],"curies":[{"name":"wp","href":"https:\/\/api.w.org\/{rel}","templated":true}]}}