{"id":3875,"date":"2021-03-28T22:03:49","date_gmt":"2021-03-28T22:03:49","guid":{"rendered":"http:\/\/hubertpietka.bialystok.pl\/?page_id=3875"},"modified":"2021-03-29T00:13:15","modified_gmt":"2021-03-29T00:13:15","slug":"rady-nie-od-parady","status":"publish","type":"page","link":"https:\/\/hubertpietka.bialystok.pl\/?page_id=3875","title":{"rendered":"Rady \/ nie od parady"},"content":{"rendered":"<p><em><strong>Rady \/ nie od parady<\/strong><\/em><\/p>\n<p>1. Uwa\u017caj ile cho\u0107by kosteczek<br \/>\nSwojemu psu da\u0107 chcesz<br \/>\n\u017beby to nie by\u0142o akurat 6<br \/>\nTo mo\u017ce kosztowa\u0107 go \u017cycie<\/p>\n<p>2. I sam uwa\u017caj te\u017c<br \/>\nIle czego jesz<\/p>\n<p>3. Uwa\u017caj ile kosteczek w\u0119gla<br \/>\nDorzucasz do pieca<br \/>\nPo godzinie 23<br \/>\nBo to mog\u0105 si\u0119 okaza\u0107<br \/>\nIskierki czyjego\u015b \u017cycia<\/p>\n<p>Takie poznania<br \/>\nB\u00f3g mi daje<br \/>\nNiczym l\u015bnienia<br \/>\nAle bez t\u0142umaczenia<\/p>\n<p><a href=\"http:\/\/hubertpietka.bialystok.pl\/wp-content\/uploads\/2021\/03\/IMG_20210328_232259.jpg\"><img loading=\"lazy\" decoding=\"async\" class=\"alignnone size-thumbnail wp-image-3876\" src=\"http:\/\/hubertpietka.bialystok.pl\/wp-content\/uploads\/2021\/03\/IMG_20210328_232259-150x150.jpg\" alt=\"\" width=\"150\" height=\"150\" srcset=\"https:\/\/hubertpietka.bialystok.pl\/wp-content\/uploads\/2021\/03\/IMG_20210328_232259-150x150.jpg 150w, https:\/\/hubertpietka.bialystok.pl\/wp-content\/uploads\/2021\/03\/IMG_20210328_232259-75x75.jpg 75w\" sizes=\"auto, (max-width: 150px) 100vw, 150px\" \/><\/a><\/p>\n<p><em>Na zdj. Nepomucenek Janek<\/em><br \/>\n<em> \u015awi\u0119ty kochany bardzo<\/em><br \/>\n<em> Przy stopnickiej drodze<\/em><br \/>\n<em> Na Bia\u0142oborzu<\/em><\/p>\n<p><em>B\u0105d\u017a z nami zawsze<\/em><br \/>\n<em> We wszystkim co nas spotyka<\/em><br \/>\n<em> Tak te\u017c niech B\u00f3g z nami b\u0119dzie tutaj<\/em><\/p>\n","protected":false},"excerpt":{"rendered":"<p>Rady \/ nie od parady 1. Uwa\u017caj ile cho\u0107by kosteczek Swojemu psu da\u0107 chcesz \u017beby to nie by\u0142o akurat 6 To mo\u017ce kosztowa\u0107 go \u017cycie&hellip; <\/p>\n","protected":false},"author":1,"featured_media":0,"parent":0,"menu_order":0,"comment_status":"closed","ping_status":"closed","template":"","meta":{"footnotes":""},"class_list":["post-3875","page","type-page","status-publish","hentry"],"_links":{"self":[{"href":"https:\/\/hubertpietka.bialystok.pl\/index.php?rest_route=\/wp\/v2\/pages\/3875","targetHints":{"allow":["GET"]}}],"collection":[{"href":"https:\/\/hubertpietka.bialystok.pl\/index.php?rest_route=\/wp\/v2\/pages"}],"about":[{"href":"https:\/\/hubertpietka.bialystok.pl\/index.php?rest_route=\/wp\/v2\/types\/page"}],"author":[{"embeddable":true,"href":"https:\/\/hubertpietka.bialystok.pl\/index.php?rest_route=\/wp\/v2\/users\/1"}],"replies":[{"embeddable":true,"href":"https:\/\/hubertpietka.bialystok.pl\/index.php?rest_route=%2Fwp%2Fv2%2Fcomments&post=3875"}],"version-history":[{"count":4,"href":"https:\/\/hubertpietka.bialystok.pl\/index.php?rest_route=\/wp\/v2\/pages\/3875\/revisions"}],"predecessor-version":[{"id":3885,"href":"https:\/\/hubertpietka.bialystok.pl\/index.php?rest_route=\/wp\/v2\/pages\/3875\/revisions\/3885"}],"wp:attachment":[{"href":"https:\/\/hubertpietka.bialystok.pl\/index.php?rest_route=%2Fwp%2Fv2%2Fmedia&parent=3875"}],"curies":[{"name":"wp","href":"https:\/\/api.w.org\/{rel}","templated":true}]}}