{"id":3880,"date":"2021-03-28T22:34:13","date_gmt":"2021-03-28T22:34:13","guid":{"rendered":"http:\/\/hubertpietka.bialystok.pl\/?page_id=3880"},"modified":"2021-03-28T22:40:20","modified_gmt":"2021-03-28T22:40:20","slug":"z-zyczeniami-zycze-ani","status":"publish","type":"page","link":"https:\/\/hubertpietka.bialystok.pl\/?page_id=3880","title":{"rendered":"Z \u017cyczeniami \/ \u017cycz\u0119 Ani"},"content":{"rendered":"<p><em><strong>Z \u017cyczeniami \/ \u017cycz\u0119 Ani<\/strong><\/em><\/p>\n<p>Niech b\u0119dzie B\u00f3g b\u0142ogos\u0142awiony<br \/>\nW ka\u017cde urodziny mojej \u017cony<br \/>\nI dzisiaj i potem<br \/>\nBo w Bogu<br \/>\nCzas si\u0119 liczy<br \/>\nWed\u0142ug \u017cycia w \u0142asce<br \/>\nPod\u0142ug \u017cycia w Nim<\/p>\n<p><strong>\u017bycz\u0119 Ci \u017bono kochana<\/strong><br \/>\n<strong>Nieustannego wzrastania w \u0142asce Pana<\/strong><br \/>\n<strong>I dzi\u0119kuj\u0119 Bogu i Ci<\/strong><br \/>\n<strong>\u017be mog\u0119 w tym wszystkim z Tob\u0105 by\u0107<\/strong><\/p>\n<p><strong><a href=\"http:\/\/hubertpietka.bialystok.pl\/wp-content\/uploads\/2021\/03\/IMG_20210329_003133.jpg\"><img loading=\"lazy\" decoding=\"async\" class=\"alignnone size-thumbnail wp-image-3881\" src=\"http:\/\/hubertpietka.bialystok.pl\/wp-content\/uploads\/2021\/03\/IMG_20210329_003133-150x150.jpg\" alt=\"\" width=\"150\" height=\"150\" srcset=\"https:\/\/hubertpietka.bialystok.pl\/wp-content\/uploads\/2021\/03\/IMG_20210329_003133-150x150.jpg 150w, https:\/\/hubertpietka.bialystok.pl\/wp-content\/uploads\/2021\/03\/IMG_20210329_003133-75x75.jpg 75w\" sizes=\"auto, (max-width: 150px) 100vw, 150px\" \/><\/a><\/strong><\/p>\n<p><em>Na zdj. Na fasadzie ko\u015bcio\u0142a<\/em><br \/>\n<em> Matki Bo\u017cej Nieustaj\u0105cej Pomocy<\/em><br \/>\n<em> W Krakowie &#8211; Bo\u017cy anio\u0142owie<\/em><br \/>\n<em> Niech towarzysz\u0105 zawsze mojej \u017conie<\/em><br \/>\n<em> A Maryja<\/em><br \/>\n<em> Niech j\u0105 wspiera<\/em><br \/>\n<em> Poprzez ka\u017cde poruszeniu dobra<\/em><br \/>\n<em> W niej i niej wok\u00f3\u0142<\/em><\/p>\n","protected":false},"excerpt":{"rendered":"<p>Z \u017cyczeniami \/ \u017cycz\u0119 Ani Niech b\u0119dzie B\u00f3g b\u0142ogos\u0142awiony W ka\u017cde urodziny mojej \u017cony I dzisiaj i potem Bo w Bogu Czas si\u0119 liczy Wed\u0142ug&hellip; <\/p>\n","protected":false},"author":1,"featured_media":0,"parent":0,"menu_order":0,"comment_status":"closed","ping_status":"closed","template":"","meta":{"footnotes":""},"class_list":["post-3880","page","type-page","status-publish","hentry"],"_links":{"self":[{"href":"https:\/\/hubertpietka.bialystok.pl\/index.php?rest_route=\/wp\/v2\/pages\/3880","targetHints":{"allow":["GET"]}}],"collection":[{"href":"https:\/\/hubertpietka.bialystok.pl\/index.php?rest_route=\/wp\/v2\/pages"}],"about":[{"href":"https:\/\/hubertpietka.bialystok.pl\/index.php?rest_route=\/wp\/v2\/types\/page"}],"author":[{"embeddable":true,"href":"https:\/\/hubertpietka.bialystok.pl\/index.php?rest_route=\/wp\/v2\/users\/1"}],"replies":[{"embeddable":true,"href":"https:\/\/hubertpietka.bialystok.pl\/index.php?rest_route=%2Fwp%2Fv2%2Fcomments&post=3880"}],"version-history":[{"count":3,"href":"https:\/\/hubertpietka.bialystok.pl\/index.php?rest_route=\/wp\/v2\/pages\/3880\/revisions"}],"predecessor-version":[{"id":3884,"href":"https:\/\/hubertpietka.bialystok.pl\/index.php?rest_route=\/wp\/v2\/pages\/3880\/revisions\/3884"}],"wp:attachment":[{"href":"https:\/\/hubertpietka.bialystok.pl\/index.php?rest_route=%2Fwp%2Fv2%2Fmedia&parent=3880"}],"curies":[{"name":"wp","href":"https:\/\/api.w.org\/{rel}","templated":true}]}}