{"id":3953,"date":"2021-04-24T20:08:07","date_gmt":"2021-04-24T20:08:07","guid":{"rendered":"http:\/\/hubertpietka.bialystok.pl\/?page_id=3953"},"modified":"2021-04-25T07:13:42","modified_gmt":"2021-04-25T07:13:42","slug":"ogloszenia-para-fill-ja-lne","status":"publish","type":"page","link":"https:\/\/hubertpietka.bialystok.pl\/?page_id=3953","title":{"rendered":"Og\u0142oszenia \/ para-fill-ja-lne"},"content":{"rendered":"<p><em><strong>Og\u0142oszenia \/ para-fill-ja-lne<\/strong><\/em><\/p>\n<p>Og\u0142aszam panowanie Jezusa Chrystusa<br \/>\nW naszych duszach<\/p>\n<p>W domach naszych<br \/>\nI we wszystkim co nas dotyczy jako\u015b<\/p>\n<p>Og\u0142aszam panowanie Jezusa Chrystusa<br \/>\nNa naszym rodzie<br \/>\nNa &#8211; na rodzie ca\u0142ym<\/p>\n<p>W naszych miejscach<br \/>\nMiast tych w kt\u00f3rych nas nie ma<br \/>\nW miejscach w kt\u00f3rych jeste\u015bmy<\/p>\n<p>Ca\u0142kowicie i nieodwo\u0142alnie<br \/>\nCokolwiek by si\u0119 nie dzia\u0142o<br \/>\nOg\u0142aszam Jezusa Chrystusa panowanie<\/p>\n<p><a href=\"http:\/\/hubertpietka.bialystok.pl\/wp-content\/uploads\/2021\/04\/IMG_20210424_215930.jpg\"><img loading=\"lazy\" decoding=\"async\" class=\"alignnone size-thumbnail wp-image-3954\" src=\"http:\/\/hubertpietka.bialystok.pl\/wp-content\/uploads\/2021\/04\/IMG_20210424_215930-150x150.jpg\" alt=\"\" width=\"150\" height=\"150\" srcset=\"https:\/\/hubertpietka.bialystok.pl\/wp-content\/uploads\/2021\/04\/IMG_20210424_215930-150x150.jpg 150w, https:\/\/hubertpietka.bialystok.pl\/wp-content\/uploads\/2021\/04\/IMG_20210424_215930-75x75.jpg 75w\" sizes=\"auto, (max-width: 150px) 100vw, 150px\" \/><\/a><\/p>\n<p><em>Na zdj. Maryja Matka \u017bycia<\/em><br \/>\n<em> I Jezus Mi\u0142osierny<\/em><br \/>\n<em> Kr\u00f3lestwo jej boskiego Syna<\/em><br \/>\n<em> Jest te\u017c kr\u00f3lestwem Maryi<\/em><\/p>\n<p><strong>Dzi\u015b \u015bw. Jerzy wspominany<\/strong><br \/>\n<strong> Niech zg\u0142adzony b\u0119dzie smok pradawny<\/strong><br \/>\n<strong> Przez Naj\u015bwi\u0119tsz\u0105 Maryj\u0119 Pann\u0119<\/strong><br \/>\n<strong>Amen<\/strong><\/p>\n","protected":false},"excerpt":{"rendered":"<p>Og\u0142oszenia \/ para-fill-ja-lne Og\u0142aszam panowanie Jezusa Chrystusa W naszych duszach W domach naszych I we wszystkim co nas dotyczy jako\u015b Og\u0142aszam panowanie Jezusa Chrystusa Na&hellip; <\/p>\n","protected":false},"author":1,"featured_media":0,"parent":0,"menu_order":0,"comment_status":"closed","ping_status":"closed","template":"","meta":{"footnotes":""},"class_list":["post-3953","page","type-page","status-publish","hentry"],"_links":{"self":[{"href":"https:\/\/hubertpietka.bialystok.pl\/index.php?rest_route=\/wp\/v2\/pages\/3953","targetHints":{"allow":["GET"]}}],"collection":[{"href":"https:\/\/hubertpietka.bialystok.pl\/index.php?rest_route=\/wp\/v2\/pages"}],"about":[{"href":"https:\/\/hubertpietka.bialystok.pl\/index.php?rest_route=\/wp\/v2\/types\/page"}],"author":[{"embeddable":true,"href":"https:\/\/hubertpietka.bialystok.pl\/index.php?rest_route=\/wp\/v2\/users\/1"}],"replies":[{"embeddable":true,"href":"https:\/\/hubertpietka.bialystok.pl\/index.php?rest_route=%2Fwp%2Fv2%2Fcomments&post=3953"}],"version-history":[{"count":3,"href":"https:\/\/hubertpietka.bialystok.pl\/index.php?rest_route=\/wp\/v2\/pages\/3953\/revisions"}],"predecessor-version":[{"id":3958,"href":"https:\/\/hubertpietka.bialystok.pl\/index.php?rest_route=\/wp\/v2\/pages\/3953\/revisions\/3958"}],"wp:attachment":[{"href":"https:\/\/hubertpietka.bialystok.pl\/index.php?rest_route=%2Fwp%2Fv2%2Fmedia&parent=3953"}],"curies":[{"name":"wp","href":"https:\/\/api.w.org\/{rel}","templated":true}]}}