{"id":4004,"date":"2021-05-15T23:24:45","date_gmt":"2021-05-15T23:24:45","guid":{"rendered":"http:\/\/hubertpietka.bialystok.pl\/?page_id=4004"},"modified":"2021-05-15T23:24:45","modified_gmt":"2021-05-15T23:24:45","slug":"para-fraza-w-para-ach-ach","status":"publish","type":"page","link":"https:\/\/hubertpietka.bialystok.pl\/?page_id=4004","title":{"rendered":"Para-fraza \/ w para-ach, ach"},"content":{"rendered":"<p><em><strong>Para-fraza \/ w para-ach, ach<\/strong><\/em><\/p>\n<p><strong>Intro<\/strong><br \/>\nWyznania abortera<br \/>\nA dziecko nienarodzone<\/p>\n<p><strong>Aborter<\/strong>:<br \/>\nPatrz\u0119 w lustro<br \/>\nSzukaj\u0105c resztek uczu\u0107 w twarzy mej<br \/>\nCzy lekarz jest po to aby zabija\u0107<br \/>\nZ zimn\u0105 krwi\u0105<\/p>\n<p><strong>Dziecko nienarodzone<\/strong>:<br \/>\n<em>Refr<\/em>. Nic si\u0119 nie<br \/>\nZ mych marze\u0144 nie spe\u0142ni\u0142o<br \/>\nNic si\u0119 nie<br \/>\nZ tego do czego zosta\u0142em przeznaczony<br \/>\nNie wype\u0142ni\u0142o<\/p>\n<p><strong>Aborter<\/strong>:<br \/>\nTak wiem<br \/>\nTo tylko p\u0142\u00f3d<br \/>\nCzy s\u0142u\u017cba zdrowia<br \/>\nJest po to aby zabija\u0107<br \/>\nTak wiem<\/p>\n<p><strong>Dziecko nienarodzone<\/strong>:<br \/>\n<em>Refr<\/em>.<\/p>\n<p><strong>Aborter<\/strong>:<br \/>\nNie pozwolono mi my\u015ble\u0107<br \/>\nZabija\u0107 tylko mam<\/p>\n<p><strong>Dziecko nienarodzone<\/strong>:<br \/>\n<em>Refr<\/em>.<\/p>\n<p><strong>Aborter<\/strong>:<br \/>\n30 srebrnik\u00f3w<br \/>\nTo za \u017cycie troch\u0119 za ma\u0142o<br \/>\nW sam raz na will\u0119<br \/>\nI dobry samoch\u00f3d<\/p>\n<p><strong>Dziecko nienarodzone<\/strong>:<br \/>\n<em>Refr<\/em>.<\/p>\n<p><a href=\"http:\/\/hubertpietka.bialystok.pl\/wp-content\/uploads\/2021\/05\/IMG_20210516_011858.jpg\"><img loading=\"lazy\" decoding=\"async\" class=\"alignnone size-thumbnail wp-image-4005\" src=\"http:\/\/hubertpietka.bialystok.pl\/wp-content\/uploads\/2021\/05\/IMG_20210516_011858-150x150.jpg\" alt=\"\" width=\"150\" height=\"150\" srcset=\"https:\/\/hubertpietka.bialystok.pl\/wp-content\/uploads\/2021\/05\/IMG_20210516_011858-150x150.jpg 150w, https:\/\/hubertpietka.bialystok.pl\/wp-content\/uploads\/2021\/05\/IMG_20210516_011858-75x75.jpg 75w\" sizes=\"auto, (max-width: 150px) 100vw, 150px\" \/><\/a><\/p>\n<p><em>Na zdj. Scena zwiastowania<\/em><br \/>\n<em>W ko\u015bciele w Pacanowie<\/em><br \/>\n<em>Ka\u017cde \u017cycie jest darem<\/em><br \/>\n<em>I powinno by\u0107 przyj\u0119te<\/em><\/p>\n<p>Tak wiem&#8230;<\/p>\n<p>Nic si\u0119 nie&#8230;<\/p>\n<p style=\"text-align: right;\"><a href=\"https:\/\/youtu.be\/5fzZ1_B1DDU\"><em><strong>Najemnik II<\/strong><\/em><\/a><\/p>\n","protected":false},"excerpt":{"rendered":"<p>Para-fraza \/ w para-ach, ach Intro Wyznania abortera A dziecko nienarodzone Aborter: Patrz\u0119 w lustro Szukaj\u0105c resztek uczu\u0107 w twarzy mej Czy lekarz jest po&hellip; <\/p>\n","protected":false},"author":1,"featured_media":0,"parent":0,"menu_order":0,"comment_status":"closed","ping_status":"closed","template":"","meta":{"footnotes":""},"class_list":["post-4004","page","type-page","status-publish","hentry"],"_links":{"self":[{"href":"https:\/\/hubertpietka.bialystok.pl\/index.php?rest_route=\/wp\/v2\/pages\/4004","targetHints":{"allow":["GET"]}}],"collection":[{"href":"https:\/\/hubertpietka.bialystok.pl\/index.php?rest_route=\/wp\/v2\/pages"}],"about":[{"href":"https:\/\/hubertpietka.bialystok.pl\/index.php?rest_route=\/wp\/v2\/types\/page"}],"author":[{"embeddable":true,"href":"https:\/\/hubertpietka.bialystok.pl\/index.php?rest_route=\/wp\/v2\/users\/1"}],"replies":[{"embeddable":true,"href":"https:\/\/hubertpietka.bialystok.pl\/index.php?rest_route=%2Fwp%2Fv2%2Fcomments&post=4004"}],"version-history":[{"count":1,"href":"https:\/\/hubertpietka.bialystok.pl\/index.php?rest_route=\/wp\/v2\/pages\/4004\/revisions"}],"predecessor-version":[{"id":4006,"href":"https:\/\/hubertpietka.bialystok.pl\/index.php?rest_route=\/wp\/v2\/pages\/4004\/revisions\/4006"}],"wp:attachment":[{"href":"https:\/\/hubertpietka.bialystok.pl\/index.php?rest_route=%2Fwp%2Fv2%2Fmedia&parent=4004"}],"curies":[{"name":"wp","href":"https:\/\/api.w.org\/{rel}","templated":true}]}}