{"id":4117,"date":"2021-06-11T05:00:45","date_gmt":"2021-06-11T05:00:45","guid":{"rendered":"http:\/\/hubertpietka.bialystok.pl\/?page_id=4117"},"modified":"2021-06-11T05:00:45","modified_gmt":"2021-06-11T05:00:45","slug":"obled-ale-obludy-zupelny","status":"publish","type":"page","link":"https:\/\/hubertpietka.bialystok.pl\/?page_id=4117","title":{"rendered":"Ob\u0142\u0119d ale ob\u0142udy \/ zupe\u0142ny"},"content":{"rendered":"<p><em><strong>Ob\u0142\u0119d ale ob\u0142udy \/ zupe\u0142ny<\/strong><\/em><\/p>\n<p>Pa\u0142ac ob\u0142udy si\u0119 wzni\u00f3s\u0142<br \/>\nI si\u0119ga a\u017c do chmur<\/p>\n<p><strong>1.<\/strong><br \/>\nKiedy ja m\u00f3wi\u0119 *ob\u0142uda*<br \/>\nBo j\u0105 widz\u0119 wyrazi\u015bcie<br \/>\nTo oni m\u00f3wi\u0105<br \/>\n*O b\u0142\u0105d* a nawet *ob\u0142\u0119d*<br \/>\nTo jest *ob\u0142e* dno serc<\/p>\n<p><strong>2.<\/strong><br \/>\nZa co tak naprawd\u0119<br \/>\nJezus podpad\u0142 u faryzeusz\u00f3w<br \/>\n\u017be \u017c\u0105dni byli Jego \u015bmierci<br \/>\nZa co wed\u0142ug nich mia\u0142 by\u0107 z Nim koniec definitywnie<br \/>\nBo wykazywa\u0142 ich ob\u0142ud\u0119<br \/>\nI tak j\u0105 nazywa\u0142<br \/>\nJezus w bawe\u0142n\u0119 nie owija\u0142<\/p>\n<p><strong>3.<\/strong><br \/>\nSzatyn najbardziej nie lubi<br \/>\nGdy demaskuje si\u0119 ob\u0142ud\u0119<br \/>\nBo to jest istota dzia\u0142ania<br \/>\nSzatyna i jemu poddanych<br \/>\nBy nie stawa\u0107 w prawdzie<br \/>\nBy nie nazywa\u0107 po imieniu<br \/>\nR\u00f3\u017cnych z\u0142ych rzeczy<br \/>\nBo wtedy si\u0119 demaskuje go<br \/>\nU samych podstaw moralno\u015bci<br \/>\nA on przecie\u017c jest k\u0142amstwa ojcem<\/p>\n<p><strong>4.<\/strong><br \/>\nJu\u017c wiem na czym polega ten <em>matrix<\/em><br \/>\nTo ob\u0142uda na ob\u0142udzie nak\u0142adana<br \/>\nA\u017c do pot\u0119gi entej<br \/>\nNa tym on polega<\/p>\n<p><a href=\"http:\/\/hubertpietka.bialystok.pl\/wp-content\/uploads\/2021\/06\/IMG_20210611_065307.jpg\"><img loading=\"lazy\" decoding=\"async\" class=\"alignnone size-thumbnail wp-image-4118\" src=\"http:\/\/hubertpietka.bialystok.pl\/wp-content\/uploads\/2021\/06\/IMG_20210611_065307-150x150.jpg\" alt=\"\" width=\"150\" height=\"150\" srcset=\"https:\/\/hubertpietka.bialystok.pl\/wp-content\/uploads\/2021\/06\/IMG_20210611_065307-150x150.jpg 150w, https:\/\/hubertpietka.bialystok.pl\/wp-content\/uploads\/2021\/06\/IMG_20210611_065307-75x75.jpg 75w\" sizes=\"auto, (max-width: 150px) 100vw, 150px\" \/><\/a><\/p>\n<p><em>Dzisiaj jest Naj\u015bwi\u0119tszego Serca Jezusowego<\/em><br \/>\n<em> Na zdj. w ko\u015bciele w Chmielniku to Serce<\/em><br \/>\n<em> I Maryja Niepokalana dziewica zawsze<\/em><br \/>\n<em> Dlaczego oni ob\u0142udnie nie pozwalaj\u0105<\/em>\u00a0\u017cycia<em>\u00a0chroni\u0107<\/em><br \/>\n<em> I do tego nazywaj\u0105 obron\u0119 \u017cycia ob\u0142\u0119dem<\/em><br \/>\n<em> I nic w tym celu nie pozwalaj\u0105 zrobi\u0107<\/em><\/p>\n","protected":false},"excerpt":{"rendered":"<p>Ob\u0142\u0119d ale ob\u0142udy \/ zupe\u0142ny Pa\u0142ac ob\u0142udy si\u0119 wzni\u00f3s\u0142 I si\u0119ga a\u017c do chmur 1. Kiedy ja m\u00f3wi\u0119 *ob\u0142uda* Bo j\u0105 widz\u0119 wyrazi\u015bcie To oni&hellip; <\/p>\n","protected":false},"author":1,"featured_media":0,"parent":0,"menu_order":0,"comment_status":"closed","ping_status":"closed","template":"","meta":{"footnotes":""},"class_list":["post-4117","page","type-page","status-publish","hentry"],"_links":{"self":[{"href":"https:\/\/hubertpietka.bialystok.pl\/index.php?rest_route=\/wp\/v2\/pages\/4117","targetHints":{"allow":["GET"]}}],"collection":[{"href":"https:\/\/hubertpietka.bialystok.pl\/index.php?rest_route=\/wp\/v2\/pages"}],"about":[{"href":"https:\/\/hubertpietka.bialystok.pl\/index.php?rest_route=\/wp\/v2\/types\/page"}],"author":[{"embeddable":true,"href":"https:\/\/hubertpietka.bialystok.pl\/index.php?rest_route=\/wp\/v2\/users\/1"}],"replies":[{"embeddable":true,"href":"https:\/\/hubertpietka.bialystok.pl\/index.php?rest_route=%2Fwp%2Fv2%2Fcomments&post=4117"}],"version-history":[{"count":1,"href":"https:\/\/hubertpietka.bialystok.pl\/index.php?rest_route=\/wp\/v2\/pages\/4117\/revisions"}],"predecessor-version":[{"id":4119,"href":"https:\/\/hubertpietka.bialystok.pl\/index.php?rest_route=\/wp\/v2\/pages\/4117\/revisions\/4119"}],"wp:attachment":[{"href":"https:\/\/hubertpietka.bialystok.pl\/index.php?rest_route=%2Fwp%2Fv2%2Fmedia&parent=4117"}],"curies":[{"name":"wp","href":"https:\/\/api.w.org\/{rel}","templated":true}]}}

Obłęd ale obłudy / zupełny

<p><em><strong>Obłęd ale obłudy / zupełny</strong></em></p>
<p>Pałac obłudy się wzniósł<br />
I sięga aż do chmur</p>
<p><strong>1.</strong><br />
Kiedy ja mówię *obłuda*<br />
Bo ją widzę wyraziście<br />
To oni mówią<br />
*O błąd* a nawet *obłęd*<br />
To jest *obłe* dno serc</p>
<p><strong>2.</strong><br />
Za co tak naprawdę<br />
Jezus podpadł u faryzeuszów<br />
Że żądni byli Jego śmierci<br />
Za co według nich miał być z Nim koniec definitywnie<br />
Bo wykazywał ich obłudę<br />
I tak ją nazywał<br />
Jezus w bawełnę nie owijał</p>
<p><strong>3.</strong><br />
Szatyn najbardziej nie lubi<br />
Gdy demaskuje się obłudę<br />
Bo to jest istota działania<br />
Szatyna i jemu poddanych<br />
By nie stawać w prawdzie<br />
By nie nazywać po imieniu<br />
Różnych złych rzeczy<br />
Bo wtedy się demaskuje go<br />
U samych podstaw moralności<br />
A on przecież jest kłamstwa ojcem</p>
<p><strong>4.</strong><br />
Już wiem na czym polega ten <em>matrix</em><br />
To obłuda na obłudzie nakładana<br />
Aż do potęgi entej<br />
Na tym on polega</p>
<p><a href="http://hubertpietka.bialystok.pl/wp-content/uploads/2021/06/IMG_20210611_065307.jpg"><img loading="lazy" decoding="async" class="alignnone size-thumbnail wp-image-4118" src="http://hubertpietka.bialystok.pl/wp-content/uploads/2021/06/IMG_20210611_065307-150x150.jpg" alt="" width="150" height="150" srcset="https://hubertpietka.bialystok.pl/wp-content/uploads/2021/06/IMG_20210611_065307-150x150.jpg 150w, https://hubertpietka.bialystok.pl/wp-content/uploads/2021/06/IMG_20210611_065307-75x75.jpg 75w" sizes="auto, (max-width: 150px) 100vw, 150px" /></a></p>
<p><em>Dzisiaj jest Najświętszego Serca Jezusowego</em><br />
<em> Na zdj. w kościele w Chmielniku to Serce</em><br />
<em> I Maryja Niepokalana dziewica zawsze</em><br />
<em> Dlaczego oni obłudnie nie pozwalają</em> życia<em> chronić</em><br />
<em> I do tego nazywają obronę życia obłędem</em><br />
<em> I nic w tym celu nie pozwalają zrobić</em></p>

<p>Obłęd ale obłudy / zupełny Pałac obłudy się wzniósł I sięga aż do chmur 1. Kiedy ja mówię *obłuda* Bo ją widzę wyraziście To oni&hellip; </p>
