{"id":4125,"date":"2021-06-13T07:08:37","date_gmt":"2021-06-13T07:08:37","guid":{"rendered":"http:\/\/hubertpietka.bialystok.pl\/?page_id=4125"},"modified":"2021-06-13T15:40:31","modified_gmt":"2021-06-13T15:40:31","slug":"anything-else-any-think-else","status":"publish","type":"page","link":"https:\/\/hubertpietka.bialystok.pl\/?page_id=4125","title":{"rendered":"Anything else \/ Any-think else"},"content":{"rendered":"<p><em><strong>Anything else \/ Any-think else<\/strong><\/em><\/p>\n<p>Wyprowad\u017a mnie Panie<br \/>\nZ zasadzki<br \/>\nZastawionej na mnie<\/p>\n<p><em>A ty synu cz\u0142owieczy<\/em><br \/>\n<em> Prorokuj do ko\u015bci-o\u0142\u00f3w tych<\/em><br \/>\n<em> Niech tchnie w nich Bo\u017cy Duch<\/em><br \/>\n<em> Z czterech \u015bwiata stron<\/em><br \/>\n<em> I niech o\u017cyj\u0105<\/em><\/p>\n<p>Ja wykona\u0142em co mia\u0142em<br \/>\nZaufa\u0142em<br \/>\nAle je\u015bli<br \/>\nCokolwiek si\u0119 stanie Anusi<br \/>\nTo Panie Ty wiesz<\/p>\n<p><a href=\"http:\/\/hubertpietka.bialystok.pl\/wp-content\/uploads\/2021\/06\/IMG_20210613_085133.jpg\"><img loading=\"lazy\" decoding=\"async\" class=\"alignnone size-thumbnail wp-image-4126\" src=\"http:\/\/hubertpietka.bialystok.pl\/wp-content\/uploads\/2021\/06\/IMG_20210613_085133-150x150.jpg\" alt=\"\" width=\"150\" height=\"150\" srcset=\"https:\/\/hubertpietka.bialystok.pl\/wp-content\/uploads\/2021\/06\/IMG_20210613_085133-150x150.jpg 150w, https:\/\/hubertpietka.bialystok.pl\/wp-content\/uploads\/2021\/06\/IMG_20210613_085133-75x75.jpg 75w\" sizes=\"auto, (max-width: 150px) 100vw, 150px\" \/><\/a><\/p>\n<p><strong>Na zdj. \u015awi\u0119ty Antoni Padewski<\/strong><br \/>\n<strong> Wspominany dzi\u015b<\/strong><br \/>\n<strong> I \u015bw. J\u00f3zef Rzemie\u015blnik<\/strong><br \/>\n<strong> Obaj z Dzieci\u0105tkiem Jezus<\/strong><br \/>\n<strong> Przemo\u017cni Or\u0119downicy nasi<\/strong><br \/>\n<strong> Wstawiajcie si\u0119 za nami<\/strong><br \/>\n<strong> By z Boga si\u0119 dokonywa\u0142o<\/strong><br \/>\n<strong>To co z Niego<\/strong><br \/>\n<strong>A nie przeciwnik\u00f3w Syna Cz\u0142owieczego<\/strong><\/p>\n<p><strong>Ps.<\/strong> Pewna saga sko\u0144czy\u0142a si\u0119 chyba<br \/>\nChocia\u017c pewnym by\u0107 tego nie mo\u017cna nigdy<br \/>\nW Pi\u0144czowie w \u015brod\u0119 by\u0142o wszystko w porz\u0105dku<br \/>\nA jednak ohyda spustoszenia gdzie\u015b by\u0142a blisko<br \/>\nCho\u0107 nie bezpo\u015brednio<\/p>\n<p>A po drodze<br \/>\nCzerwonym kijem go mo\u017ce<\/p>\n<hr \/>\n<p>Dzi\u015b te\u017c dzie\u0144 fatimski jest<br \/>\nA mo\u017ce ju\u017c czas na odpowiednich rzeczy reset<\/p>\n","protected":false},"excerpt":{"rendered":"<p>Anything else \/ Any-think else Wyprowad\u017a mnie Panie Z zasadzki Zastawionej na mnie A ty synu cz\u0142owieczy Prorokuj do ko\u015bci-o\u0142\u00f3w tych Niech tchnie w nich&hellip; <\/p>\n","protected":false},"author":1,"featured_media":0,"parent":0,"menu_order":0,"comment_status":"closed","ping_status":"closed","template":"","meta":{"footnotes":""},"class_list":["post-4125","page","type-page","status-publish","hentry"],"_links":{"self":[{"href":"https:\/\/hubertpietka.bialystok.pl\/index.php?rest_route=\/wp\/v2\/pages\/4125","targetHints":{"allow":["GET"]}}],"collection":[{"href":"https:\/\/hubertpietka.bialystok.pl\/index.php?rest_route=\/wp\/v2\/pages"}],"about":[{"href":"https:\/\/hubertpietka.bialystok.pl\/index.php?rest_route=\/wp\/v2\/types\/page"}],"author":[{"embeddable":true,"href":"https:\/\/hubertpietka.bialystok.pl\/index.php?rest_route=\/wp\/v2\/users\/1"}],"replies":[{"embeddable":true,"href":"https:\/\/hubertpietka.bialystok.pl\/index.php?rest_route=%2Fwp%2Fv2%2Fcomments&post=4125"}],"version-history":[{"count":4,"href":"https:\/\/hubertpietka.bialystok.pl\/index.php?rest_route=\/wp\/v2\/pages\/4125\/revisions"}],"predecessor-version":[{"id":4132,"href":"https:\/\/hubertpietka.bialystok.pl\/index.php?rest_route=\/wp\/v2\/pages\/4125\/revisions\/4132"}],"wp:attachment":[{"href":"https:\/\/hubertpietka.bialystok.pl\/index.php?rest_route=%2Fwp%2Fv2%2Fmedia&parent=4125"}],"curies":[{"name":"wp","href":"https:\/\/api.w.org\/{rel}","templated":true}]}}