{"id":4166,"date":"2021-06-20T22:13:11","date_gmt":"2021-06-20T22:13:11","guid":{"rendered":"http:\/\/hubertpietka.bialystok.pl\/?page_id=4166"},"modified":"2021-06-20T22:18:33","modified_gmt":"2021-06-20T22:18:33","slug":"znak-krzyza-zlu-zapora","status":"publish","type":"page","link":"https:\/\/hubertpietka.bialystok.pl\/?page_id=4166","title":{"rendered":"Znak krzy\u017ca \/ z\u0142u zapora"},"content":{"rendered":"<p><em><strong>Znak krzy\u017ca \/ z\u0142u zapora<\/strong><\/em><\/p>\n<p style=\"text-align: center;\"><em>I rzek\u0142em: A\u017c dot\u0105d, nie dalej!<\/em><br \/>\n<em> Tu zapora dla twoich fal nad\u0119tych.<\/em><br \/>\n<em> \/ Hi 38,11 \/<\/em><\/p>\n<p>Stawiam krzy\u017c<br \/>\nNa drodze tych<br \/>\nKt\u00f3rzy chcieliby do nas przyj\u015b\u0107<br \/>\nW zamiarach z\u0142ych<\/p>\n<p><strong>1.<\/strong><br \/>\nA Ciebie Bo\u017ce prosz\u0119<br \/>\nAby nie przyszli oni<br \/>\nAby mnie zabra\u0107<br \/>\nW tym momencie<br \/>\nW chwili ka\u017cdej kolejnej<\/p>\n<p><strong>2.<\/strong><br \/>\nI te\u017c Ci\u0119 prosz\u0119<br \/>\nAby nie zosta\u0142a skrzywdzona<br \/>\nMoja \u017cona ten pies<br \/>\nI wszyscy nasi te\u017c<\/p>\n<p><strong>3.<\/strong><br \/>\nI jeszcze<br \/>\nAby oni<br \/>\nZostawili nas w spokoju i<br \/>\nOdeszli st\u0105d precz<br \/>\nUfam Tobie<\/p>\n<p><strong>Jutro Matki Bo\u017cej z G\u00f3ry Iglicznej<\/strong><br \/>\n<strong> Przyczyny naszej rado\u015bci<\/strong><br \/>\n<strong> Niech ta moja modlitwa<\/strong><br \/>\n<strong> Zostanie wys\u0142uchana za jej przyczyn\u0105<\/strong><\/p>\n<p><strong><a href=\"http:\/\/hubertpietka.bialystok.pl\/wp-content\/uploads\/2021\/06\/IMG_20210620_235425.jpg\"><img loading=\"lazy\" decoding=\"async\" class=\"alignnone size-thumbnail wp-image-4167\" src=\"http:\/\/hubertpietka.bialystok.pl\/wp-content\/uploads\/2021\/06\/IMG_20210620_235425-150x150.jpg\" alt=\"\" width=\"150\" height=\"150\" srcset=\"https:\/\/hubertpietka.bialystok.pl\/wp-content\/uploads\/2021\/06\/IMG_20210620_235425-150x150.jpg 150w, https:\/\/hubertpietka.bialystok.pl\/wp-content\/uploads\/2021\/06\/IMG_20210620_235425-75x75.jpg 75w\" sizes=\"auto, (max-width: 150px) 100vw, 150px\" \/><\/a><\/strong><\/p>\n<p><em>Na zdj. Matka Bo\u017ca Loreta\u0144ska<\/em><br \/>\n<em> Niech to jedno z wyzwa\u0144 do niej<\/em><br \/>\n<em> Loreta\u0144skiej litanii<\/em><br \/>\n<em> Realizuje si\u0119 w pe\u0142ni<\/em><br \/>\n<em> W \u017cyciu naszym<\/em>\u00a0i<em>\u00a0wszystkich<\/em><br \/>\n<em> Kt\u00f3rym jest ona bliska<\/em><br \/>\n<em> Ave Maryja teraz i zawsze<\/em><\/p>\n<p style=\"text-align: center;\"><a href=\"https:\/\/youtu.be\/sX5g4ub3dz0\"><strong><em>Bo\u017ce Granie @ Jakub Tomalak &#8211; Kim Jest Ta<\/em><\/strong><\/a><\/p>\n","protected":false},"excerpt":{"rendered":"<p>Znak krzy\u017ca \/ z\u0142u zapora I rzek\u0142em: A\u017c dot\u0105d, nie dalej! Tu zapora dla twoich fal nad\u0119tych. \/ Hi 38,11 \/ Stawiam krzy\u017c Na drodze&hellip; <\/p>\n","protected":false},"author":1,"featured_media":0,"parent":0,"menu_order":0,"comment_status":"closed","ping_status":"closed","template":"","meta":{"footnotes":""},"class_list":["post-4166","page","type-page","status-publish","hentry"],"_links":{"self":[{"href":"https:\/\/hubertpietka.bialystok.pl\/index.php?rest_route=\/wp\/v2\/pages\/4166","targetHints":{"allow":["GET"]}}],"collection":[{"href":"https:\/\/hubertpietka.bialystok.pl\/index.php?rest_route=\/wp\/v2\/pages"}],"about":[{"href":"https:\/\/hubertpietka.bialystok.pl\/index.php?rest_route=\/wp\/v2\/types\/page"}],"author":[{"embeddable":true,"href":"https:\/\/hubertpietka.bialystok.pl\/index.php?rest_route=\/wp\/v2\/users\/1"}],"replies":[{"embeddable":true,"href":"https:\/\/hubertpietka.bialystok.pl\/index.php?rest_route=%2Fwp%2Fv2%2Fcomments&post=4166"}],"version-history":[{"count":3,"href":"https:\/\/hubertpietka.bialystok.pl\/index.php?rest_route=\/wp\/v2\/pages\/4166\/revisions"}],"predecessor-version":[{"id":4171,"href":"https:\/\/hubertpietka.bialystok.pl\/index.php?rest_route=\/wp\/v2\/pages\/4166\/revisions\/4171"}],"wp:attachment":[{"href":"https:\/\/hubertpietka.bialystok.pl\/index.php?rest_route=%2Fwp%2Fv2%2Fmedia&parent=4166"}],"curies":[{"name":"wp","href":"https:\/\/api.w.org\/{rel}","templated":true}]}}