{"id":4230,"date":"2021-07-06T07:30:33","date_gmt":"2021-07-06T07:30:33","guid":{"rendered":"http:\/\/hubertpietka.bialystok.pl\/?page_id=4230"},"modified":"2021-07-06T07:30:33","modified_gmt":"2021-07-06T07:30:33","slug":"czyli-triumf-obludy","status":"publish","type":"page","link":"https:\/\/hubertpietka.bialystok.pl\/?page_id=4230","title":{"rendered":"Czyli \/ triumf ob\u0142udy?"},"content":{"rendered":"<p><em><strong>Czyli \/ triumf ob\u0142udy?<\/strong><\/em><\/p>\n<p>Jak\u017ce skutecznym narz\u0119dziem jest dzisiaj<br \/>\nOskar\u017cenie kogo\u015b o mow\u0119 nienawi\u015bci<br \/>\nW taki spos\u00f3b bardzo prosty<br \/>\nMo\u017cna uciszy\u0107 wszystkich niewygodnych<\/p>\n<p>Nie mo\u017cna m\u00f3wi\u0107 na przyk\u0142ad<br \/>\nO kogo\u015b ob\u0142udzie<br \/>\nBo m\u00f3g\u0142by poczu\u0107 si\u0119 dotkni\u0119ty<br \/>\nNie wa\u017cne \u017ce poprzez ni\u0105<br \/>\nOn w kogo\u015b tragicznie uderza<\/p>\n<p>Nie mo\u017cna nazywa\u0107 takich rzeczy po imieniu<br \/>\nNie mo\u017cna m\u00f3wi\u0107 prawdy<br \/>\nBo kto\u015b m\u00f3g\u0142by poczu\u0107 si\u0119<br \/>\nZ tego powodu \u017ale<br \/>\nNie wa\u017cne \u017ce \u017ale m\u00f3wi czy czyni<\/p>\n<p>W ten spos\u00f3b jest tworzona<br \/>\nPaj\u0119czyna fa\u0142szu i k\u0142amstw<br \/>\nKt\u00f3ra ma ople\u015b\u0107 ca\u0142y \u015bwiat<br \/>\nBo nie mo\u017cna w prawdzie stawa\u0107<\/p>\n<p><a href=\"http:\/\/hubertpietka.bialystok.pl\/wp-content\/uploads\/2021\/07\/IMG_20210706_090142.jpg\"><img loading=\"lazy\" decoding=\"async\" class=\"alignnone size-thumbnail wp-image-4231\" src=\"http:\/\/hubertpietka.bialystok.pl\/wp-content\/uploads\/2021\/07\/IMG_20210706_090142-150x150.jpg\" alt=\"\" width=\"150\" height=\"150\" srcset=\"https:\/\/hubertpietka.bialystok.pl\/wp-content\/uploads\/2021\/07\/IMG_20210706_090142-150x150.jpg 150w, https:\/\/hubertpietka.bialystok.pl\/wp-content\/uploads\/2021\/07\/IMG_20210706_090142-75x75.jpg 75w\" sizes=\"auto, (max-width: 150px) 100vw, 150px\" \/><\/a><\/p>\n<p><em>Na zdj. Jezus cierpi\u0105cy<br \/>\nDzisiaj by On zosta\u0142 oskar\u017cony<br \/>\nNie za to \u017ce jest Synem Bo\u017cym<br \/>\nLecz za mow\u0119 nienawi\u015bci<br \/>\nWobec faryzeusz\u00f3w wszelakich<\/em><\/p>\n","protected":false},"excerpt":{"rendered":"<p>Czyli \/ triumf ob\u0142udy? Jak\u017ce skutecznym narz\u0119dziem jest dzisiaj Oskar\u017cenie kogo\u015b o mow\u0119 nienawi\u015bci W taki spos\u00f3b bardzo prosty Mo\u017cna uciszy\u0107 wszystkich niewygodnych Nie mo\u017cna&hellip; <\/p>\n","protected":false},"author":1,"featured_media":0,"parent":0,"menu_order":0,"comment_status":"closed","ping_status":"closed","template":"","meta":{"footnotes":""},"class_list":["post-4230","page","type-page","status-publish","hentry"],"_links":{"self":[{"href":"https:\/\/hubertpietka.bialystok.pl\/index.php?rest_route=\/wp\/v2\/pages\/4230","targetHints":{"allow":["GET"]}}],"collection":[{"href":"https:\/\/hubertpietka.bialystok.pl\/index.php?rest_route=\/wp\/v2\/pages"}],"about":[{"href":"https:\/\/hubertpietka.bialystok.pl\/index.php?rest_route=\/wp\/v2\/types\/page"}],"author":[{"embeddable":true,"href":"https:\/\/hubertpietka.bialystok.pl\/index.php?rest_route=\/wp\/v2\/users\/1"}],"replies":[{"embeddable":true,"href":"https:\/\/hubertpietka.bialystok.pl\/index.php?rest_route=%2Fwp%2Fv2%2Fcomments&post=4230"}],"version-history":[{"count":1,"href":"https:\/\/hubertpietka.bialystok.pl\/index.php?rest_route=\/wp\/v2\/pages\/4230\/revisions"}],"predecessor-version":[{"id":4232,"href":"https:\/\/hubertpietka.bialystok.pl\/index.php?rest_route=\/wp\/v2\/pages\/4230\/revisions\/4232"}],"wp:attachment":[{"href":"https:\/\/hubertpietka.bialystok.pl\/index.php?rest_route=%2Fwp%2Fv2%2Fmedia&parent=4230"}],"curies":[{"name":"wp","href":"https:\/\/api.w.org\/{rel}","templated":true}]}}