{"id":4267,"date":"2021-07-12T20:50:12","date_gmt":"2021-07-12T20:50:12","guid":{"rendered":"http:\/\/hubertpietka.bialystok.pl\/?page_id=4267"},"modified":"2021-07-12T20:50:12","modified_gmt":"2021-07-12T20:50:12","slug":"wartosci-i-te-anty","status":"publish","type":"page","link":"https:\/\/hubertpietka.bialystok.pl\/?page_id=4267","title":{"rendered":"Warto\u015bci \/ i te anty"},"content":{"rendered":"<p><em><strong>Warto\u015bci \/ i te anty<\/strong><\/em><\/p>\n<p>Solidarno\u015b\u0107 mo\u017ce by\u0107 tylko<br \/>\nKu prawdziwemu dobru<br \/>\nA ku z\u0142u wsp\u00f3\u0142dzia\u0142anie<br \/>\nSpiskiem zmow\u0105 trzeba nazwa\u0107<\/p>\n<p>Podobnie kontakty i relacje ku prawdzie<br \/>\nA w celu uczynienia z\u0142a<br \/>\nTo s\u0105 konszachty<br \/>\nNa podobie\u0144stwo tych z diab\u0142em<\/p>\n<p>Kogokolwiek to dotyczy<br \/>\nOd najbli\u017cszych po wszystkich<\/p>\n<p>Dobro nigdy nie wynika z uczynienia z\u0142a<br \/>\nNawet je\u015bli komu\u015b si\u0119 wydaje tak<br \/>\n\u017be trzeba dla dobra og\u00f3\u0142u lub jednostkowego<br \/>\nUderzy ono rykoszetem w czyni\u0105cego<br \/>\nWcze\u015bniej czy p\u00f3\u017aniej<\/p>\n<p><strong>*<\/strong>Zmowa przeciw niewinnym<br \/>\nBogu ducha przecie\u017c winnym<br \/>\nKonszachty jakiekolwiek<br \/>\nBy uczyni\u0107 im z\u0142o<br \/>\nZa to si\u0119 odpowie<\/p>\n<p>B\u00f3g nie \u015bpi<br \/>\nJak si\u0119 niekt\u00f3rym wydaje<br \/>\nI dotyczy to kogokolwiek<br \/>\nKto dopuszcza si\u0119 takich rzeczy<br \/>\nPodst\u0119pu wobec bezbronnych<\/p>\n<p>B\u00f3g odpowie<\/p>\n<p><a href=\"http:\/\/hubertpietka.bialystok.pl\/wp-content\/uploads\/2021\/07\/IMG_20210712_221306.jpg\"><img loading=\"lazy\" decoding=\"async\" class=\"alignnone size-thumbnail wp-image-4268\" src=\"http:\/\/hubertpietka.bialystok.pl\/wp-content\/uploads\/2021\/07\/IMG_20210712_221306-150x150.jpg\" alt=\"\" width=\"150\" height=\"150\" srcset=\"https:\/\/hubertpietka.bialystok.pl\/wp-content\/uploads\/2021\/07\/IMG_20210712_221306-150x150.jpg 150w, https:\/\/hubertpietka.bialystok.pl\/wp-content\/uploads\/2021\/07\/IMG_20210712_221306-75x75.jpg 75w\" sizes=\"auto, (max-width: 150px) 100vw, 150px\" \/><\/a><\/p>\n<p><em>Na zdj. Maryja przy ko\u015bciele w Kielcach<\/em><br \/>\n<em> Jutro jest fatimski dzie\u0144<\/em><br \/>\n<em> Chwa\u0142a Bo\u017ca tak czy inaczej objawi si\u0119<\/em><br \/>\n<em> Przez Maryj\u0119<\/em><\/p>\n","protected":false},"excerpt":{"rendered":"<p>Warto\u015bci \/ i te anty Solidarno\u015b\u0107 mo\u017ce by\u0107 tylko Ku prawdziwemu dobru A ku z\u0142u wsp\u00f3\u0142dzia\u0142anie Spiskiem zmow\u0105 trzeba nazwa\u0107 Podobnie kontakty i relacje ku&hellip; <\/p>\n","protected":false},"author":1,"featured_media":0,"parent":0,"menu_order":0,"comment_status":"closed","ping_status":"closed","template":"","meta":{"footnotes":""},"class_list":["post-4267","page","type-page","status-publish","hentry"],"_links":{"self":[{"href":"https:\/\/hubertpietka.bialystok.pl\/index.php?rest_route=\/wp\/v2\/pages\/4267","targetHints":{"allow":["GET"]}}],"collection":[{"href":"https:\/\/hubertpietka.bialystok.pl\/index.php?rest_route=\/wp\/v2\/pages"}],"about":[{"href":"https:\/\/hubertpietka.bialystok.pl\/index.php?rest_route=\/wp\/v2\/types\/page"}],"author":[{"embeddable":true,"href":"https:\/\/hubertpietka.bialystok.pl\/index.php?rest_route=\/wp\/v2\/users\/1"}],"replies":[{"embeddable":true,"href":"https:\/\/hubertpietka.bialystok.pl\/index.php?rest_route=%2Fwp%2Fv2%2Fcomments&post=4267"}],"version-history":[{"count":1,"href":"https:\/\/hubertpietka.bialystok.pl\/index.php?rest_route=\/wp\/v2\/pages\/4267\/revisions"}],"predecessor-version":[{"id":4269,"href":"https:\/\/hubertpietka.bialystok.pl\/index.php?rest_route=\/wp\/v2\/pages\/4267\/revisions\/4269"}],"wp:attachment":[{"href":"https:\/\/hubertpietka.bialystok.pl\/index.php?rest_route=%2Fwp%2Fv2%2Fmedia&parent=4267"}],"curies":[{"name":"wp","href":"https:\/\/api.w.org\/{rel}","templated":true}]}}