{"id":4283,"date":"2021-07-17T03:32:22","date_gmt":"2021-07-17T03:32:22","guid":{"rendered":"http:\/\/hubertpietka.bialystok.pl\/?page_id=4283"},"modified":"2021-07-17T03:32:22","modified_gmt":"2021-07-17T03:32:22","slug":"czci-oddanie-najswietszej-maryi-pannie","status":"publish","type":"page","link":"https:\/\/hubertpietka.bialystok.pl\/?page_id=4283","title":{"rendered":"Czci oddanie \/ Naj\u015bwi\u0119tszej Maryi Pannie"},"content":{"rendered":"<p><em><strong>Czci oddanie \/ Naj\u015bwi\u0119tszej Maryi Pannie<\/strong><\/em><\/p>\n<p>Dzisiaj w nocy obudzi\u0142em si\u0119<br \/>\nTo chyba nie jest grzech<br \/>\nMo\u017ce \u017ceby zaczerpn\u0105\u0107 ch\u0142odnego powietrza<br \/>\nW tym upale epoki wsp\u00f3\u0142czesnej<br \/>\nI podda\u0107 refleksji wczorajszy dzie\u0144<\/p>\n<p>Nie by\u0142 on \u0142atwy wcale<br \/>\nTak si\u0119 dzieje w \u017cyciu<br \/>\nCzasem jakby wszystko si\u0119 sprzysi\u0119g\u0142o<br \/>\nPrzeciwko cz\u0142owiekowi ma\u0142emu i marnemu<br \/>\nCzasem jako\u015b wszystko idzie trudno<\/p>\n<p>Nie chodzi tu o prac\u0119<br \/>\nBo ta posz\u0142a nawet troch\u0119<br \/>\nPoza jednym przypadkiem do\u015b\u0107 b\u0142achym<br \/>\nWszystko inne trudne bywa bardziej<br \/>\nAle o tym troch\u0119 dalej<\/p>\n<p>Kiedy cz\u0142owiek prze\u017cywa wewn\u0119trzne trudno\u015bci<br \/>\nKiedy zawodzi nawet \u015bwiat\u0142o w\u0142asne<br \/>\nKiedy pozbiera\u0107 si\u0119 jest trudno<br \/>\nKiedy na zewn\u0105trz wszystko przeciwko<br \/>\nWtedy przyj\u015b\u0107 mo\u017ce refleksja \u0142agodna<\/p>\n<p>\u017be mimo tego wszystkiego w\u0142a\u015bnie<br \/>\nCz\u0142owiek nie jest naprawd\u0119 sam<br \/>\nNawet wbrew jego odczuciom serca<br \/>\n\u017be jest kto\u015b kto podtrzymuje<br \/>\nA mo\u017ce w\u0142a\u015bnie i dlatego<\/p>\n<p>Wczoraj Matki Bo\u017cej Szkaplerznej by\u0142o<br \/>\nDzisiaj ju\u017c sobota dzie\u0144 maryjny<br \/>\nTo ona jasna czysta \u0142agodna<br \/>\nJest przy cz\u0142owieku wtedy zw\u0142aszcza<br \/>\nKiedy wszystko go chce rozszarpa\u0107<\/p>\n<p>I na zewn\u0105trz i wewn\u0105trz<br \/>\nKiedy jest on u skraju<br \/>\nTo wtedy mo\u017ce u\u015bwiadomi\u0107 sobie<br \/>\n\u017be cho\u0107by nie wiem co<br \/>\nNie jest do ko\u0144ca sam<\/p>\n<p>\u017be jest z nim B\u00f3g<br \/>\nPrzez Maryj\u0119 to si\u0119 poznaje<br \/>\nI gdy wszystko jest przeciwne<br \/>\nI cz\u0142owiek nie radzi sobie<br \/>\nZ sob\u0105 czy te\u017c rzeczywisto\u015bci\u0105<\/p>\n<p>Dzi\u0119kuj\u0119 ci Maryjo \u017ce jeste\u015b<br \/>\nW rzeczywisto\u015bci tej trudnej najbardziej<br \/>\nBo przecie\u017c c\u00f3\u017c to wielkiego<br \/>\nGdy wszystko idzie bardzo dobrze<br \/>\nGdy uk\u0142ada si\u0119 wszystko pomy\u015blnie<\/p>\n<p>Ale przetrwa\u0107 czas wielkiej rzezi<br \/>\nCzy wewn\u0119trznej czy jakiejkolwiek innej<br \/>\nKiedy zawodzi chyba wszystko niemal<br \/>\nKiedy cz\u0142owiek ju\u017c traci pok\u00f3j<br \/>\nTo jest co\u015b wtedy dopiero<\/p>\n<p>Tak jest w\u0142a\u015bnie dzi\u0119ki Maryi<br \/>\nJu\u017c wczoraj to sobie u\u015bwiadomi\u0142em<br \/>\nA dzisiaj mo\u017ce si\u0119 obudzi\u0142em<br \/>\nAby odda\u0107 jej nale\u017cn\u0105 chwa\u0142\u0119<br \/>\nBo przez ni\u0105 B\u00f3g dzia\u0142a<\/p>\n<p>Panie Ci dzi\u0119kuj\u0119 za Maryj\u0119<br \/>\nJasn\u0105 czyst\u0105 prost\u0105 troskliw\u0105 \u0142agodn\u0105<br \/>\nOna Ciebie przybli\u017ca ca\u0142emu \u015bwiatu<br \/>\nW niej objawiasz si\u0119 cudownie<br \/>\n\u017be jeste\u015b dajesz cz\u0142owiekowi pozna\u0107<\/p>\n<p>Dzi\u0119kuj\u0119 Ci Panie za wys\u0142uchanie<br \/>\nZa duszy przed Tob\u0105 wylanie<br \/>\nNiezr\u0119czne zapewne i tak\u017ce ma\u0142e<br \/>\nAle to nie jest wa\u017cne<br \/>\nBy objawia\u0142a si\u0119 Twoja chwa\u0142a<\/p>\n<p>Jest mi ju\u017c troszk\u0119 lepiej<br \/>\nDzi\u0119kuj\u0119 Tobie za pozbieranie si\u0119<br \/>\n\u017be da\u0142e\u015b nam Matk\u0119 Maryj\u0119<br \/>\nPrzez ni\u0105 to najlepiej uczyni\u0107<br \/>\nPrzez sam\u0105 tylko jasn\u0105 my\u015bl<\/p>\n<p>\u017be ona z cz\u0142owiekiem jest<br \/>\nCho\u0107by ju\u017c nie wiem co<br \/>\nA i Ty przez ni\u0105<br \/>\nWi\u0119cej ju\u017c nie trzeba czasem<br \/>\nTo tylko wystarcza udr\u0119czonej duszy<\/p>\n<p>Chwa\u0142a Panu zawsze w Maryi<br \/>\nJ\u0105 czci\u0107 zawsze w Nim<br \/>\nBo On j\u0105 cz\u0142owiekowi da\u0142<br \/>\nBy ten w chwilach najtrudniejszych<br \/>\nNie by\u0142 do ko\u0144ca sam<\/p>\n<p>By do niej m\u00f3g\u0142 odnie\u015b\u0107<br \/>\nWszystko co prze\u017cywa\u0107 mo\u017cna tylko<br \/>\nI siebie samego w trudno\u015bciach<br \/>\nJa w\u0142asnego wobec \u015bwiata ca\u0142ego<br \/>\nAve Maria dzi\u0119kuj\u0119 \u017ce jeste\u015b<\/p>\n<p><a href=\"http:\/\/hubertpietka.bialystok.pl\/wp-content\/uploads\/2021\/07\/IMG_20210717_040747.jpg\"><img loading=\"lazy\" decoding=\"async\" class=\"alignnone size-thumbnail wp-image-4285\" src=\"http:\/\/hubertpietka.bialystok.pl\/wp-content\/uploads\/2021\/07\/IMG_20210717_040747-150x150.jpg\" alt=\"\" width=\"150\" height=\"150\" srcset=\"https:\/\/hubertpietka.bialystok.pl\/wp-content\/uploads\/2021\/07\/IMG_20210717_040747-150x150.jpg 150w, https:\/\/hubertpietka.bialystok.pl\/wp-content\/uploads\/2021\/07\/IMG_20210717_040747-75x75.jpg 75w\" sizes=\"auto, (max-width: 150px) 100vw, 150px\" \/><\/a><\/p>\n<p><em>Na zdj. Matka Bo\u017ca Fatimska<\/em><br \/>\n<em> W ko\u015bciele staszowskim \u015bw. Barbary<\/em><br \/>\n<em> Ave Niepokalana ave pozdrawiam ciebie<\/em><br \/>\n<em> Niech objawia si\u0119 Bo\u017ca chwa\u0142a<\/em><br \/>\n<em> Teraz i zawsze przez ciebie<\/em><\/p>\n<p style=\"text-align: center;\"><a href=\"https:\/\/youtu.be\/sbDi8UH5XyM\"><strong><em>Ave Maryja &#8211; Universe<\/em><\/strong><\/a><\/p>\n","protected":false},"excerpt":{"rendered":"<p>Czci oddanie \/ Naj\u015bwi\u0119tszej Maryi Pannie Dzisiaj w nocy obudzi\u0142em si\u0119 To chyba nie jest grzech Mo\u017ce \u017ceby zaczerpn\u0105\u0107 ch\u0142odnego powietrza W tym upale epoki&hellip; <\/p>\n","protected":false},"author":1,"featured_media":0,"parent":0,"menu_order":0,"comment_status":"closed","ping_status":"closed","template":"","meta":{"footnotes":""},"class_list":["post-4283","page","type-page","status-publish","hentry"],"_links":{"self":[{"href":"https:\/\/hubertpietka.bialystok.pl\/index.php?rest_route=\/wp\/v2\/pages\/4283","targetHints":{"allow":["GET"]}}],"collection":[{"href":"https:\/\/hubertpietka.bialystok.pl\/index.php?rest_route=\/wp\/v2\/pages"}],"about":[{"href":"https:\/\/hubertpietka.bialystok.pl\/index.php?rest_route=\/wp\/v2\/types\/page"}],"author":[{"embeddable":true,"href":"https:\/\/hubertpietka.bialystok.pl\/index.php?rest_route=\/wp\/v2\/users\/1"}],"replies":[{"embeddable":true,"href":"https:\/\/hubertpietka.bialystok.pl\/index.php?rest_route=%2Fwp%2Fv2%2Fcomments&post=4283"}],"version-history":[{"count":2,"href":"https:\/\/hubertpietka.bialystok.pl\/index.php?rest_route=\/wp\/v2\/pages\/4283\/revisions"}],"predecessor-version":[{"id":4286,"href":"https:\/\/hubertpietka.bialystok.pl\/index.php?rest_route=\/wp\/v2\/pages\/4283\/revisions\/4286"}],"wp:attachment":[{"href":"https:\/\/hubertpietka.bialystok.pl\/index.php?rest_route=%2Fwp%2Fv2%2Fmedia&parent=4283"}],"curies":[{"name":"wp","href":"https:\/\/api.w.org\/{rel}","templated":true}]}}