{"id":4489,"date":"2021-09-05T09:42:41","date_gmt":"2021-09-05T09:42:41","guid":{"rendered":"http:\/\/hubertpietka.bialystok.pl\/?page_id=4489"},"modified":"2021-09-05T09:42:41","modified_gmt":"2021-09-05T09:42:41","slug":"wdepnac-by-paradoksalnie-odetchnac","status":"publish","type":"page","link":"https:\/\/hubertpietka.bialystok.pl\/?page_id=4489","title":{"rendered":"Wdepn\u0105\u0107 \/ by paradoksalnie odetchn\u0105\u0107"},"content":{"rendered":"<p><em><strong>Wdepn\u0105\u0107 \/ by paradoksalnie odetchn\u0105\u0107<\/strong><\/em><\/p>\n<p>Dzisiaj u\u015bwiadomi\u0142em sobie<br \/>\nPrzez pewn\u0105 rzecz prozaiczn\u0105<br \/>\n\u017be z t\u0105 <em>twoj\u0105 twarz\u0105 kt\u00f3ra brzmi znajomo<\/em><br \/>\nWdepn\u0105\u0142em w g. \u015bmierdz\u0105ce<\/p>\n<p>Pan mi przez to pokaza\u0142<br \/>\n\u017be ju\u017c nie chce tej dziwnej zabawy<br \/>\n\u017be ju\u017c wystarczy<br \/>\n\u017be ja mam to sko\u0144czy\u0107<\/p>\n<p>Z tego co wiem<br \/>\nTo w czwartek by\u0142o 4:1<br \/>\nPoddaj\u0119 si\u0119 walkowerem 0:3<br \/>\nCzyli w sumie 4:4<br \/>\n44<\/p>\n<p>I tak na koniec tylko wspomn\u0119 mimochodem<br \/>\nDzisiejsze jedno\u015blady<br \/>\nWczorajszego Chevroleta bia\u0142ego przy Biedronce w Krakowie<br \/>\nCzy wreszcie pi\u0105tkowe Renault Scenic w drodze do Buska za Widuchow\u0105<br \/>\nA wcze\u015bniej za Stopnic\u0105 z rowerem przechodzie\u0144<\/p>\n<p>Ju\u017c do\u015b\u0107 zak\u0142adam buty nowe<br \/>\nI id\u0119 dalej swoj\u0105 drog\u0105<br \/>\nZ rozpoznawania <em>twojej twarzy kt\u00f3ra brzmi znajomo<\/em><br \/>\nB\u00f3g mnie nimniejszym zwolni\u0142<br \/>\nOd tej chwili jestem od tego wolny<\/p>\n<p><a href=\"http:\/\/hubertpietka.bialystok.pl\/wp-content\/uploads\/2021\/09\/IMG_20210905_110453.jpg\"><img loading=\"lazy\" decoding=\"async\" class=\"alignnone size-thumbnail wp-image-4490\" src=\"http:\/\/hubertpietka.bialystok.pl\/wp-content\/uploads\/2021\/09\/IMG_20210905_110453-150x150.jpg\" alt=\"\" width=\"150\" height=\"150\" srcset=\"https:\/\/hubertpietka.bialystok.pl\/wp-content\/uploads\/2021\/09\/IMG_20210905_110453-150x150.jpg 150w, https:\/\/hubertpietka.bialystok.pl\/wp-content\/uploads\/2021\/09\/IMG_20210905_110453-75x75.jpg 75w\" sizes=\"auto, (max-width: 150px) 100vw, 150px\" \/><\/a><\/p>\n<p><em>Na zdj. W klasztorze norbertanek w Krakowie na Ko\u015bciuszki<\/em><br \/>\n<em> B\u0142. Bronis\u0142awa modl\u0105ca si\u0119 i pouczaj\u0105cy j\u0105 Jezus<\/em><br \/>\n<em> Dzi\u015b przypada tam jej odpust<\/em><br \/>\n<em> Przeniesiony z 1 wrze\u015bnia<\/em><\/p>\n<p>A poza tym przyj\u015b\u0107 po mnie maj\u0105 dalej<br \/>\nI wiem \u017ce si\u0119 nara\u017cam<br \/>\nAle ci\u0105gle chc\u0105 mi zabi\u0107 moj\u0105 \u017con\u0119<br \/>\nCi\u0105gle prowadz\u0105 swe gierki<br \/>\nCi kt\u00f3rzy je prowadz\u0105 i bli\u017cej i dalej<\/p>\n<p><strong>Dzi\u015b wspominana jest \u015bw. Matka Teresa z Kalkuty<\/strong><br \/>\n<strong> Ona powiedzia\u0142a \u017ce<\/strong><br \/>\n<strong> <em>Je\u015bli mo\u017cna zabija\u0107 nienarodzone dzieci<\/em><\/strong><br \/>\n<strong> <em>To kto powstrzyma ludzi<\/em><\/strong><br \/>\n<strong> <em>By nie zabijali si\u0119 nawzajem<\/em><\/strong><br \/>\n<strong> Podobno rocznie ginie w wyniku aborcji 42 miliony istnie\u0144 ludzkich<\/strong><br \/>\n<strong> A w samych Stanach zabito ju\u017c 60 milion\u00f3w nienarodzonych<\/strong><br \/>\n<strong> To straszne ale takie s\u0105 niestety fakty<\/strong><br \/>\n<strong> Pok\u00f3j wieczny anio\u0142kom ma\u0142ym<\/strong><\/p>\n<p><strong>Wczoraj by\u0142o Matki Bo\u017cej Pocieszenia<\/strong><br \/>\n<strong> B\u00f3g dzia\u0142a na r\u00f3\u017cne sposoby<\/strong><br \/>\n<strong> Czasem paradoksalnie kt\u00f3\u017c Bogu zabroni<\/strong><br \/>\n<strong> Mnie osobi\u015bcie dzisiejszy obrazek rodzajowy<\/strong><br \/>\n<strong> W g. wdepni\u0119cia pocieszy\u0142 troch\u0119<\/strong><\/p>\n","protected":false},"excerpt":{"rendered":"<p>Wdepn\u0105\u0107 \/ by paradoksalnie odetchn\u0105\u0107 Dzisiaj u\u015bwiadomi\u0142em sobie Przez pewn\u0105 rzecz prozaiczn\u0105 \u017be z t\u0105 twoj\u0105 twarz\u0105 kt\u00f3ra brzmi znajomo Wdepn\u0105\u0142em w g. \u015bmierdz\u0105ce Pan&hellip; <\/p>\n","protected":false},"author":1,"featured_media":0,"parent":0,"menu_order":0,"comment_status":"closed","ping_status":"closed","template":"","meta":{"footnotes":""},"class_list":["post-4489","page","type-page","status-publish","hentry"],"_links":{"self":[{"href":"https:\/\/hubertpietka.bialystok.pl\/index.php?rest_route=\/wp\/v2\/pages\/4489","targetHints":{"allow":["GET"]}}],"collection":[{"href":"https:\/\/hubertpietka.bialystok.pl\/index.php?rest_route=\/wp\/v2\/pages"}],"about":[{"href":"https:\/\/hubertpietka.bialystok.pl\/index.php?rest_route=\/wp\/v2\/types\/page"}],"author":[{"embeddable":true,"href":"https:\/\/hubertpietka.bialystok.pl\/index.php?rest_route=\/wp\/v2\/users\/1"}],"replies":[{"embeddable":true,"href":"https:\/\/hubertpietka.bialystok.pl\/index.php?rest_route=%2Fwp%2Fv2%2Fcomments&post=4489"}],"version-history":[{"count":1,"href":"https:\/\/hubertpietka.bialystok.pl\/index.php?rest_route=\/wp\/v2\/pages\/4489\/revisions"}],"predecessor-version":[{"id":4491,"href":"https:\/\/hubertpietka.bialystok.pl\/index.php?rest_route=\/wp\/v2\/pages\/4489\/revisions\/4491"}],"wp:attachment":[{"href":"https:\/\/hubertpietka.bialystok.pl\/index.php?rest_route=%2Fwp%2Fv2%2Fmedia&parent=4489"}],"curies":[{"name":"wp","href":"https:\/\/api.w.org\/{rel}","templated":true}]}}

Wdepnąć / by paradoksalnie odetchnąć

<p><em><strong>Wdepnąć / by paradoksalnie odetchnąć</strong></em></p>
<p>Dzisiaj uświadomiłem sobie<br />
Przez pewną rzecz prozaiczną<br />
Że z tą <em>twoją twarzą która brzmi znajomo</em><br />
Wdepnąłem w g. śmierdzące</p>
<p>Pan mi przez to pokazał<br />
Że już nie chce tej dziwnej zabawy<br />
Że już wystarczy<br />
Że ja mam to skończyć</p>
<p>Z tego co wiem<br />
To w czwartek było 4:1<br />
Poddaję się walkowerem 0:3<br />
Czyli w sumie 4:4<br />
44</p>
<p>I tak na koniec tylko wspomnę mimochodem<br />
Dzisiejsze jednoślady<br />
Wczorajszego Chevroleta białego przy Biedronce w Krakowie<br />
Czy wreszcie piątkowe Renault Scenic w drodze do Buska za Widuchową<br />
A wcześniej za Stopnicą z rowerem przechodzień</p>
<p>Już dość zakładam buty nowe<br />
I idę dalej swoją drogą<br />
Z rozpoznawania <em>twojej twarzy która brzmi znajomo</em><br />
Bóg mnie nimniejszym zwolnił<br />
Od tej chwili jestem od tego wolny</p>
<p><a href="http://hubertpietka.bialystok.pl/wp-content/uploads/2021/09/IMG_20210905_110453.jpg"><img loading="lazy" decoding="async" class="alignnone size-thumbnail wp-image-4490" src="http://hubertpietka.bialystok.pl/wp-content/uploads/2021/09/IMG_20210905_110453-150x150.jpg" alt="" width="150" height="150" srcset="https://hubertpietka.bialystok.pl/wp-content/uploads/2021/09/IMG_20210905_110453-150x150.jpg 150w, https://hubertpietka.bialystok.pl/wp-content/uploads/2021/09/IMG_20210905_110453-75x75.jpg 75w" sizes="auto, (max-width: 150px) 100vw, 150px" /></a></p>
<p><em>Na zdj. W klasztorze norbertanek w Krakowie na Kościuszki</em><br />
<em> Bł. Bronisława modląca się i pouczający ją Jezus</em><br />
<em> Dziś przypada tam jej odpust</em><br />
<em> Przeniesiony z 1 września</em></p>
<p>A poza tym przyjść po mnie mają dalej<br />
I wiem że się narażam<br />
Ale ciągle chcą mi zabić moją żonę<br />
Ciągle prowadzą swe gierki<br />
Ci którzy je prowadzą i bliżej i dalej</p>
<p><strong>Dziś wspominana jest św. Matka Teresa z Kalkuty</strong><br />
<strong> Ona powiedziała że</strong><br />
<strong> <em>Jeśli można zabijać nienarodzone dzieci</em></strong><br />
<strong> <em>To kto powstrzyma ludzi</em></strong><br />
<strong> <em>By nie zabijali się nawzajem</em></strong><br />
<strong> Podobno rocznie ginie w wyniku aborcji 42 miliony istnień ludzkich</strong><br />
<strong> A w samych Stanach zabito już 60 milionów nienarodzonych</strong><br />
<strong> To straszne ale takie są niestety fakty</strong><br />
<strong> Pokój wieczny aniołkom małym</strong></p>
<p><strong>Wczoraj było Matki Bożej Pocieszenia</strong><br />
<strong> Bóg działa na różne sposoby</strong><br />
<strong> Czasem paradoksalnie któż Bogu zabroni</strong><br />
<strong> Mnie osobiście dzisiejszy obrazek rodzajowy</strong><br />
<strong> W g. wdepnięcia pocieszył trochę</strong></p>

<p>Wdepnąć / by paradoksalnie odetchnąć Dzisiaj uświadomiłem sobie Przez pewną rzecz prozaiczną Że z tą twoją twarzą która brzmi znajomo Wdepnąłem w g. śmierdzące Pan&hellip; </p>
