{"id":4543,"date":"2021-09-17T06:58:10","date_gmt":"2021-09-17T06:58:10","guid":{"rendered":"http:\/\/hubertpietka.bialystok.pl\/?page_id=4543"},"modified":"2021-09-17T11:34:00","modified_gmt":"2021-09-17T11:34:00","slug":"kilka-refleksji-z-okazji-17-wrzesnia","status":"publish","type":"page","link":"https:\/\/hubertpietka.bialystok.pl\/?page_id=4543","title":{"rendered":"Kilka refleksji \/ z okazji 17 wrze\u015bnia"},"content":{"rendered":"<p><em><strong>Kilka refleksji \/ z okazji 17 wrze\u015bnia<\/strong><\/em><\/p>\n<p><strong>1.<\/strong> Dzi\u015b rocznica agresji sowieckiej<br \/>\nW czasie drugiej apokalipsy<br \/>\nZdradziecki cios w plecy<br \/>\nW imi\u0119 niby wolno\u015bci<br \/>\nR\u00f3\u017cnych narod\u00f3w stan\u00f3w spo\u0142ecznych<\/p>\n<p><strong>2.<\/strong> Dzi\u015b te\u017c pogrzeb Barta Sosnkowskiego<br \/>\nNiestety nie uda\u0142o mi si\u0119 jednak tam przyby\u0107<br \/>\nPok\u00f3j mu wieczny<br \/>\nA rodzinie przyjacio\u0142om i wszystkim kt\u00f3rzy \u017cegnaj\u0105 zmar\u0142ego pocieszenie<\/p>\n<p><strong>3.<\/strong> P\u00f3\u0142 roku wcze\u015bniej moje urodziny<br \/>\nA w po\u0142owie tego czasu<br \/>\nMojej \u017cony imieniny<br \/>\nB\u00f3g wiedzie\u0107 to raczy<br \/>\nCzy s\u0105 tych fakt\u00f3w korelacje mo\u017ce\u00a0jeszcze jakie\u015b<\/p>\n<p><a href=\"http:\/\/hubertpietka.bialystok.pl\/wp-content\/uploads\/2021\/09\/IMG_20210917_090530.jpg\"><img loading=\"lazy\" decoding=\"async\" class=\"alignnone size-thumbnail wp-image-4548\" src=\"http:\/\/hubertpietka.bialystok.pl\/wp-content\/uploads\/2021\/09\/IMG_20210917_090530-150x150.jpg\" alt=\"\" width=\"150\" height=\"150\" srcset=\"https:\/\/hubertpietka.bialystok.pl\/wp-content\/uploads\/2021\/09\/IMG_20210917_090530-150x150.jpg 150w, https:\/\/hubertpietka.bialystok.pl\/wp-content\/uploads\/2021\/09\/IMG_20210917_090530-75x75.jpg 75w\" sizes=\"auto, (max-width: 150px) 100vw, 150px\" \/><\/a><\/p>\n<p><em>Na zdj. Anio\u0142ek w ko\u015bciele \u015bw. Bart\u0142omieja w Rybiu<\/em><br \/>\n<em> Ufam Tobie Panie<\/em><br \/>\n<em> Przed Tob\u0105 jestem jak dziecko bardzo ma\u0142e<\/em><\/p>\n<p><strong>Dzi\u015b \u015bw. Zygmunta Szcz\u0119snego Feli\u0144skiego i b\u0142. Zygmunta Szajny<\/strong><br \/>\n<strong> Ich imi\u0119 \u017ce B\u00f3g zapewnia opiek\u0119 znaczy<\/strong><br \/>\n<strong> Ufam Panie w moc Twojej \u0142aski<\/strong><br \/>\n<strong> \u017be wszystko b\u0119dzie tak jak by\u0107 powinno<\/strong><br \/>\n<b>Z moim wyjazdem do Wawy niestety mi nie wysz\u0142o<br \/>\n<\/b><strong>Ale z Dumki operacj\u0105<\/strong><br \/>\n<strong> I z bliskimi ma by\u0107<\/strong><br \/>\n<strong> Ufam Panie Ci<\/strong><\/p>\n","protected":false},"excerpt":{"rendered":"<p>Kilka refleksji \/ z okazji 17 wrze\u015bnia 1. Dzi\u015b rocznica agresji sowieckiej W czasie drugiej apokalipsy Zdradziecki cios w plecy W imi\u0119 niby wolno\u015bci R\u00f3\u017cnych&hellip; <\/p>\n","protected":false},"author":1,"featured_media":0,"parent":0,"menu_order":0,"comment_status":"closed","ping_status":"closed","template":"","meta":{"footnotes":""},"class_list":["post-4543","page","type-page","status-publish","hentry"],"_links":{"self":[{"href":"https:\/\/hubertpietka.bialystok.pl\/index.php?rest_route=\/wp\/v2\/pages\/4543","targetHints":{"allow":["GET"]}}],"collection":[{"href":"https:\/\/hubertpietka.bialystok.pl\/index.php?rest_route=\/wp\/v2\/pages"}],"about":[{"href":"https:\/\/hubertpietka.bialystok.pl\/index.php?rest_route=\/wp\/v2\/types\/page"}],"author":[{"embeddable":true,"href":"https:\/\/hubertpietka.bialystok.pl\/index.php?rest_route=\/wp\/v2\/users\/1"}],"replies":[{"embeddable":true,"href":"https:\/\/hubertpietka.bialystok.pl\/index.php?rest_route=%2Fwp%2Fv2%2Fcomments&post=4543"}],"version-history":[{"count":8,"href":"https:\/\/hubertpietka.bialystok.pl\/index.php?rest_route=\/wp\/v2\/pages\/4543\/revisions"}],"predecessor-version":[{"id":4554,"href":"https:\/\/hubertpietka.bialystok.pl\/index.php?rest_route=\/wp\/v2\/pages\/4543\/revisions\/4554"}],"wp:attachment":[{"href":"https:\/\/hubertpietka.bialystok.pl\/index.php?rest_route=%2Fwp%2Fv2%2Fmedia&parent=4543"}],"curies":[{"name":"wp","href":"https:\/\/api.w.org\/{rel}","templated":true}]}}

Kilka refleksji / z okazji 17 września

<p><em><strong>Kilka refleksji / z okazji 17 września</strong></em></p>
<p><strong>1.</strong> Dziś rocznica agresji sowieckiej<br />
W czasie drugiej apokalipsy<br />
Zdradziecki cios w plecy<br />
W imię niby wolności<br />
Różnych narodów stanów społecznych</p>
<p><strong>2.</strong> Dziś też pogrzeb Barta Sosnkowskiego<br />
Niestety nie udało mi się jednak tam przybyć<br />
Pokój mu wieczny<br />
A rodzinie przyjaciołom i wszystkim którzy żegnają zmarłego pocieszenie</p>
<p><strong>3.</strong> Pół roku wcześniej moje urodziny<br />
A w połowie tego czasu<br />
Mojej żony imieniny<br />
Bóg wiedzieć to raczy<br />
Czy są tych faktów korelacje może jeszcze jakieś</p>
<p><a href="http://hubertpietka.bialystok.pl/wp-content/uploads/2021/09/IMG_20210917_090530.jpg"><img loading="lazy" decoding="async" class="alignnone size-thumbnail wp-image-4548" src="http://hubertpietka.bialystok.pl/wp-content/uploads/2021/09/IMG_20210917_090530-150x150.jpg" alt="" width="150" height="150" srcset="https://hubertpietka.bialystok.pl/wp-content/uploads/2021/09/IMG_20210917_090530-150x150.jpg 150w, https://hubertpietka.bialystok.pl/wp-content/uploads/2021/09/IMG_20210917_090530-75x75.jpg 75w" sizes="auto, (max-width: 150px) 100vw, 150px" /></a></p>
<p><em>Na zdj. Aniołek w kościele św. Bartłomieja w Rybiu</em><br />
<em> Ufam Tobie Panie</em><br />
<em> Przed Tobą jestem jak dziecko bardzo małe</em></p>
<p><strong>Dziś św. Zygmunta Szczęsnego Felińskiego i bł. Zygmunta Szajny</strong><br />
<strong> Ich imię że Bóg zapewnia opiekę znaczy</strong><br />
<strong> Ufam Panie w moc Twojej łaski</strong><br />
<strong> Że wszystko będzie tak jak być powinno</strong><br />
<b>Z moim wyjazdem do Wawy niestety mi nie wyszło<br />
</b><strong>Ale z Dumki operacją</strong><br />
<strong> I z bliskimi ma być</strong><br />
<strong> Ufam Panie Ci</strong></p>

<p>Kilka refleksji / z okazji 17 września 1. Dziś rocznica agresji sowieckiej W czasie drugiej apokalipsy Zdradziecki cios w plecy W imię niby wolności Różnych&hellip; </p>
