{"id":4562,"date":"2021-09-19T11:44:12","date_gmt":"2021-09-19T11:44:12","guid":{"rendered":"http:\/\/hubertpietka.bialystok.pl\/?page_id=4562"},"modified":"2021-09-19T11:44:12","modified_gmt":"2021-09-19T11:44:12","slug":"dusz-przystawanie-milosc-w-panu","status":"publish","type":"page","link":"https:\/\/hubertpietka.bialystok.pl\/?page_id=4562","title":{"rendered":"Dusz przystawanie \/ mi\u0142o\u015b\u0107 w Panu"},"content":{"rendered":"<p><em><strong>Dusz przystawanie \/ mi\u0142o\u015b\u0107 w Panu<\/strong><\/em><\/p>\n<p><strong>1.<\/strong> W\u00a0geometrii matematycznej<br \/>\nJest poj\u0119cie tr\u00f3jk\u0105t\u00f3w przystaj\u0105cych<br \/>\nS\u0105 do siebie podobne<br \/>\nAle to nie definiuje ich cech ca\u0142kowicie<\/p>\n<p>Podobnie jest z mi\u0142o\u015bci\u0105<br \/>\nMoj\u0105 i \u017cony<br \/>\nMo\u017cemy si\u0119 r\u00f3\u017cni\u0107 w rzeczach wielu pozornie<br \/>\nLecz dusze mamy przystaj\u0105ce zawsze<\/p>\n<p>Pewne zewn\u0119trzne r\u00f3\u017cnice mog\u0105 wynika\u0107<br \/>\nZ r\u00f3\u017cnych do\u015bwiadcze\u0144 odmiennego prze\u017cywania<br \/>\nNawet \u015bwiata pojmowanie<br \/>\nLecz w Bogu istota jest jedna i ca\u0142kowita<\/p>\n<p>Przystawania dusz nie wida\u0107 okiem<br \/>\nLecz tkanki mi\u0119dzy nimi s\u0105 \u015bci\u015ble powi\u0105zane<br \/>\nA w naszym przypadku usankcjonowa\u0142 to w Bogu<br \/>\nSakrament ma\u0142\u017ce\u0144stwa definitywnie<\/p>\n<p><strong>2.<\/strong> Mo\u017cna kupi\u0107 wszystko<br \/>\nWszystko mo\u017cna sprzeda\u0107<br \/>\nAle nie kupi si\u0119 mi\u0142o\u015bci tak pojmowanej<br \/>\nZa \u017cadn\u0105 cen\u0119<\/p>\n<p>Mi\u0142o\u015b\u0107 mojej \u017cony<br \/>\nJest podobna do mi\u0142o\u015bci Bo\u017cej<br \/>\nWi\u0119kszej by\u0107 nie mo\u017ce<br \/>\nDlatego jest warto\u015bci\u0105 niezbywaln\u0105 dla mnie w swej istocie<\/p>\n<p>Rodzina taka jest si\u0142\u0105<br \/>\nDlatego je\u015bli si\u0119 chce zniszczy\u0107<br \/>\nJej jedno\u015b\u0107 to wystarczy<br \/>\nUderzy\u0107 w jeden z element\u00f3w j\u0105 tworz\u0105cych<\/p>\n<p>Aby zniszczy\u0107 m\u0119\u017ca<br \/>\nW \u017con\u0119 si\u0119 uderza<br \/>\nI na odwr\u00f3t<br \/>\nI podwa\u017ca si\u0119 ich jedno\u015b\u0107 w Bogu<\/p>\n<p>Mi\u0142ujemy si\u0119 z \u017con\u0105 bardzo w Bogu<br \/>\nDlatego ufam \u017ce mimo naszych r\u00f3\u017cnych s\u0142abo\u015bci<br \/>\nNasza wiara nas ocali<br \/>\nMimo zasadzek r\u00f3\u017cnych nam gotowanych<\/p>\n<p><a href=\"http:\/\/hubertpietka.bialystok.pl\/wp-content\/uploads\/2021\/09\/IMG_20210919_132540.jpg\"><img loading=\"lazy\" decoding=\"async\" class=\"alignnone size-thumbnail wp-image-4563\" src=\"http:\/\/hubertpietka.bialystok.pl\/wp-content\/uploads\/2021\/09\/IMG_20210919_132540-150x150.jpg\" alt=\"\" width=\"150\" height=\"150\" srcset=\"https:\/\/hubertpietka.bialystok.pl\/wp-content\/uploads\/2021\/09\/IMG_20210919_132540-150x150.jpg 150w, https:\/\/hubertpietka.bialystok.pl\/wp-content\/uploads\/2021\/09\/IMG_20210919_132540-75x75.jpg 75w\" sizes=\"auto, (max-width: 150px) 100vw, 150px\" \/><\/a><\/p>\n<p><em>Na zdj. Przy ko\u015bciele bia\u0142ostockim \u015bw. Faustyny<\/em><br \/>\n<em> Maryja patronka pi\u0119knej mi\u0142o\u015bci Boga<\/em><br \/>\n<em> I tej w Bogu ludzkiej<\/em><br \/>\n<em> Wstawiaj si\u0119 za nami<\/em><br \/>\n<em> By\u015bmy wszystkie przeszkody<\/em><br \/>\n<em> Na drodze naszej mi\u0142o\u015bci ma\u0142\u017ce\u0144skiej<\/em><br \/>\n<em> Pokonywali w Bogu<\/em><\/p>\n<p><strong>Dzi\u015b Matki Bo\u017cej *Sale*-ty\u0144skiej jest<\/strong><br \/>\n<strong> Sale czyli sprzeda\u0107 mo\u017cna wszystko<\/strong><br \/>\n<strong> Nawet \u017cycie cz\u0142owieka<\/strong><br \/>\n<strong> Wyda\u0107 wyrok za sa\u0142at\u0119 n\u0119dzn\u0105<\/strong><br \/>\n<strong> Dzi\u015b 150 rocznica objawie\u0144 salety\u0144skich<\/strong><br \/>\n<strong> I dzi\u015b Maryja ukrywa twarz w d\u0142oniach i p\u0142acze<\/strong><br \/>\n<strong> Nad kupczeniem warto\u015bciami Bo\u017cymi w tym \u015bwiecie<\/strong><br \/>\n<strong> Jednak w Maryi my ma\u0142e dzieci te\u017c ludzkiej mi\u0142o\u015bci<\/strong><br \/>\n<strong> Szukamy swych spe\u0142nie\u0144<\/strong><br \/>\n<strong> Ma\u0142\u017ce\u0144stwo ma wymiar ludzki ale i boski<\/strong><br \/>\n<strong> W Maryi sk\u0142adamy swe troski<\/strong><\/p>\n<p style=\"text-align: center;\"><a href=\"https:\/\/youtu.be\/R9KlzefB6zE\"><em><b>Varius Manx &#8211; Oszukam czas<\/b><\/em><\/a><\/p>\n","protected":false},"excerpt":{"rendered":"<p>Dusz przystawanie \/ mi\u0142o\u015b\u0107 w Panu 1. W\u00a0geometrii matematycznej Jest poj\u0119cie tr\u00f3jk\u0105t\u00f3w przystaj\u0105cych S\u0105 do siebie podobne Ale to nie definiuje ich cech ca\u0142kowicie Podobnie&hellip; <\/p>\n","protected":false},"author":1,"featured_media":0,"parent":0,"menu_order":0,"comment_status":"closed","ping_status":"closed","template":"","meta":{"footnotes":""},"class_list":["post-4562","page","type-page","status-publish","hentry"],"_links":{"self":[{"href":"https:\/\/hubertpietka.bialystok.pl\/index.php?rest_route=\/wp\/v2\/pages\/4562","targetHints":{"allow":["GET"]}}],"collection":[{"href":"https:\/\/hubertpietka.bialystok.pl\/index.php?rest_route=\/wp\/v2\/pages"}],"about":[{"href":"https:\/\/hubertpietka.bialystok.pl\/index.php?rest_route=\/wp\/v2\/types\/page"}],"author":[{"embeddable":true,"href":"https:\/\/hubertpietka.bialystok.pl\/index.php?rest_route=\/wp\/v2\/users\/1"}],"replies":[{"embeddable":true,"href":"https:\/\/hubertpietka.bialystok.pl\/index.php?rest_route=%2Fwp%2Fv2%2Fcomments&post=4562"}],"version-history":[{"count":1,"href":"https:\/\/hubertpietka.bialystok.pl\/index.php?rest_route=\/wp\/v2\/pages\/4562\/revisions"}],"predecessor-version":[{"id":4564,"href":"https:\/\/hubertpietka.bialystok.pl\/index.php?rest_route=\/wp\/v2\/pages\/4562\/revisions\/4564"}],"wp:attachment":[{"href":"https:\/\/hubertpietka.bialystok.pl\/index.php?rest_route=%2Fwp%2Fv2%2Fmedia&parent=4562"}],"curies":[{"name":"wp","href":"https:\/\/api.w.org\/{rel}","templated":true}]}}