{"id":4567,"date":"2021-09-20T21:20:29","date_gmt":"2021-09-20T21:20:29","guid":{"rendered":"http:\/\/hubertpietka.bialystok.pl\/?page_id=4567"},"modified":"2021-09-21T13:52:03","modified_gmt":"2021-09-21T13:52:03","slug":"letnia-laka-filozofia-pogodna-hubalonka","status":"publish","type":"page","link":"https:\/\/hubertpietka.bialystok.pl\/?page_id=4567","title":{"rendered":"Letnia \u0142\u0105ka \/ filozofia pogodna Hubalonka"},"content":{"rendered":"<p><em><strong>Letnia \u0142\u0105ka \/ filozofia pogodna Hubalonka<\/strong><\/em><\/p>\n<p><strong>Letnia \u0142\u0105ka w promieniach s\u0142o\u0144ca<\/strong><br \/>\n<strong> Polna droga mi\u0119dzy \u0142anami zbo\u017ca<\/strong><br \/>\n<strong> I las mieszany w obwodzie<\/strong><\/p>\n<p><strong>Kwiaty proste i motyle kolorowe<\/strong><br \/>\n<strong> A ty je delikatnie \u0142apiesz<\/strong><br \/>\n<strong> By fruwa\u0142y w twej oran\u017cerii<\/strong><\/p>\n<p>1. Nie przepraszaj \u017ce \u017cyjesz<br \/>\n<em>Masz prawo by\u0107 tutaj<\/em><br \/>\n<em>Dla wszystkich starczy miejsca<\/em><br \/>\nB\u00f3g stworzy\u0142 tak samo<br \/>\nCiebie innych \u015bwiat ten<\/p>\n<p>2. Nie miej nadmiernego poczucia winy<br \/>\nStaraj si\u0119 nie grzeszy\u0107 ci\u0119\u017cko<br \/>\nStawaj w Bo\u017cej prawdzie adekwatnie<\/p>\n<p>Nie u\u017calaj si\u0119 nad sob\u0105<br \/>\nInni te\u017c \u0142atwo nie maj\u0105<br \/>\nNiepotrzebne kompleksy ale unikaj pychy<\/p>\n<p>3. Staraj si\u0119 zachowa\u0107 r\u00f3wnowag\u0119 ducha<br \/>\nBy\u0107 w przestrzeni pomi\u0119dzy skrajno\u015bciami<br \/>\nPatrz spokojnie i jasno s\u0142uchaj<\/p>\n<p>W miar\u0119 mo\u017cliwo\u015bci miej umiar<br \/>\nM\u0105drze kochaj i odpowiednio reaguj<br \/>\nDystans bywa te\u017c cz\u0119sto wskazany<\/p>\n<p><a href=\"http:\/\/hubertpietka.bialystok.pl\/wp-content\/uploads\/2021\/09\/IMG_20210920_230850.jpg\"><img loading=\"lazy\" decoding=\"async\" class=\"alignnone size-thumbnail wp-image-4569\" src=\"http:\/\/hubertpietka.bialystok.pl\/wp-content\/uploads\/2021\/09\/IMG_20210920_230850-150x150.jpg\" alt=\"\" width=\"150\" height=\"150\" srcset=\"https:\/\/hubertpietka.bialystok.pl\/wp-content\/uploads\/2021\/09\/IMG_20210920_230850-150x150.jpg 150w, https:\/\/hubertpietka.bialystok.pl\/wp-content\/uploads\/2021\/09\/IMG_20210920_230850-75x75.jpg 75w\" sizes=\"auto, (max-width: 150px) 100vw, 150px\" \/><\/a><\/p>\n<p><em>Na zdj. Bia\u0142ostocki Park Antoniuk na Wierzbowej<\/em><br \/>\n<em> Widok mo\u017ce niezbyt dobrze widoczny<\/em><br \/>\n<em> Ale g\u00f3rka boisko i ko\u015bci\u00f3\u0142<\/em><br \/>\n<em> I plac zabaw i \u015bcie\u017cka<\/em><br \/>\n<em> Inne spojrzenie na \u015bwiatopogl\u0105d Hubalonka<\/em><\/p>\n<p><em>Modlitwa i praca<\/em><br \/>\n<em> Nawet je\u015bli nie pop\u0142aca<\/em><br \/>\n<em> Sport i zabawa<\/em><br \/>\n<em> W odpowiednich miarach<\/em><br \/>\n<em> To wszystko kwintesencja my\u015bli<\/em><\/p>\n<p><em>A nad tym<\/em><br \/>\n<em> Jak pod kopu\u0142\u0105 nieba<\/em><br \/>\n<em> Przestrze\u0144 mi\u0142o\u015bci w\u0142a\u015bciwej<\/em><br \/>\n<em> Odpowiedniej wobec podmiot\u00f3w wszystkich<\/em><br \/>\n<em> Jak powierze o\u017cywiaj\u0105ce wszystko wok\u00f3\u0142<\/em><\/p>\n<p><strong>I nawet je\u015bli harmoni\u0119 przyrody<\/strong><br \/>\n<strong> Zak\u0142\u00f3ci jaka\u015b burza przyjdzie noc<\/strong><br \/>\n<strong> To potem roz\u015bwietla si\u0119 \u0142\u0105ka<\/strong><br \/>\n<strong> Powraca \u017cycie na niej odnowione<\/strong><br \/>\n<strong> I tylko bia\u0142e ob\u0142oki przebiegaj\u0105<\/strong><\/p>\n<p style=\"text-align: center;\"><a href=\"https:\/\/youtu.be\/-t3dwrAqngA\"><em><strong>Stare Dobre Ma\u0142\u017ce\u0144stwo &#8211; Jak<\/strong><\/em><\/a><\/p>\n<hr \/>\n<p style=\"text-align: right;\"><a href=\"https:\/\/youtu.be\/kdZolhyQEpI\"><em><strong>\u017bycia ma\u0142a gar\u015b\u0107 &#8211; Piotr Cugowski<\/strong><\/em><\/a><\/p>\n<p style=\"text-align: right;\"><a href=\"https:\/\/youtu.be\/87Q5PEjmrCU\"><em><strong>Sylwia Grzeszczak &#8211; Ma\u0142e rzeczy<\/strong><\/em><\/a><\/p>\n<p style=\"text-align: right;\"><a href=\"https:\/\/youtu.be\/oHbGP01Xnws\"><em><strong>Ma\u0142e t\u0119sknoty &#8211; Krystyna Pro\u0144ko<\/strong><\/em><\/a><\/p>\n<p>M\u00f3dl si\u0119 za nami, \u015bwi\u0119ty Ewangelisto *M-(at)-euszu*<br \/>\n*Mat ateuszu* b\u0119dzie wcze\u015bniej czy p\u00f3\u017aniej i tak czy inaczej<br \/>\nNiezbywalnie<\/p>\n","protected":false},"excerpt":{"rendered":"<p>Letnia \u0142\u0105ka \/ filozofia pogodna Hubalonka Letnia \u0142\u0105ka w promieniach s\u0142o\u0144ca Polna droga mi\u0119dzy \u0142anami zbo\u017ca I las mieszany w obwodzie Kwiaty proste i motyle&hellip; <\/p>\n","protected":false},"author":1,"featured_media":0,"parent":0,"menu_order":0,"comment_status":"closed","ping_status":"closed","template":"","meta":{"footnotes":""},"class_list":["post-4567","page","type-page","status-publish","hentry"],"_links":{"self":[{"href":"https:\/\/hubertpietka.bialystok.pl\/index.php?rest_route=\/wp\/v2\/pages\/4567","targetHints":{"allow":["GET"]}}],"collection":[{"href":"https:\/\/hubertpietka.bialystok.pl\/index.php?rest_route=\/wp\/v2\/pages"}],"about":[{"href":"https:\/\/hubertpietka.bialystok.pl\/index.php?rest_route=\/wp\/v2\/types\/page"}],"author":[{"embeddable":true,"href":"https:\/\/hubertpietka.bialystok.pl\/index.php?rest_route=\/wp\/v2\/users\/1"}],"replies":[{"embeddable":true,"href":"https:\/\/hubertpietka.bialystok.pl\/index.php?rest_route=%2Fwp%2Fv2%2Fcomments&post=4567"}],"version-history":[{"count":4,"href":"https:\/\/hubertpietka.bialystok.pl\/index.php?rest_route=\/wp\/v2\/pages\/4567\/revisions"}],"predecessor-version":[{"id":4574,"href":"https:\/\/hubertpietka.bialystok.pl\/index.php?rest_route=\/wp\/v2\/pages\/4567\/revisions\/4574"}],"wp:attachment":[{"href":"https:\/\/hubertpietka.bialystok.pl\/index.php?rest_route=%2Fwp%2Fv2%2Fmedia&parent=4567"}],"curies":[{"name":"wp","href":"https:\/\/api.w.org\/{rel}","templated":true}]}}