{"id":4577,"date":"2021-09-23T09:00:22","date_gmt":"2021-09-23T09:00:22","guid":{"rendered":"http:\/\/hubertpietka.bialystok.pl\/?page_id=4577"},"modified":"2021-09-23T09:00:22","modified_gmt":"2021-09-23T09:00:22","slug":"yeah-jezu-jestes-tu","status":"publish","type":"page","link":"https:\/\/hubertpietka.bialystok.pl\/?page_id=4577","title":{"rendered":"Yeah \/ Jezu jeste\u015b tu"},"content":{"rendered":"<p><strong><em>Yeah \/<\/em>\u00a0Jezu jeste\u015b tu<\/strong><\/p>\n<p>Jezu b\u0105d\u017a w moim sercu<br \/>\nUfam \u017ce jeste\u015b<br \/>\nW mojej \u017conie bliskich<br \/>\nKt\u00f3rzy s\u0105 z Ciebie wszystkich<\/p>\n<p>Jezu b\u0105d\u017a w naszym domu<br \/>\nW miejscach gdzie si\u0119 znajdujemy<br \/>\nUfam \u017ce jeste\u015b<br \/>\nKiedykolwiek gdziekolwiek<\/p>\n<p>Jezu b\u0105d\u017a w Ojczy\u017anie naszej<br \/>\nUfam \u017ce jeste\u015b<br \/>\nW siostrach i braciach i w \u015bwiecie<br \/>\nKt\u00f3ry wybiera Ciebie<\/p>\n<p><a href=\"http:\/\/hubertpietka.bialystok.pl\/wp-content\/uploads\/2021\/09\/IMG_20210923_103112.jpg\"><img loading=\"lazy\" decoding=\"async\" class=\"alignnone size-thumbnail wp-image-4579\" src=\"http:\/\/hubertpietka.bialystok.pl\/wp-content\/uploads\/2021\/09\/IMG_20210923_103112-150x150.jpg\" alt=\"\" width=\"150\" height=\"150\" srcset=\"https:\/\/hubertpietka.bialystok.pl\/wp-content\/uploads\/2021\/09\/IMG_20210923_103112-150x150.jpg 150w, https:\/\/hubertpietka.bialystok.pl\/wp-content\/uploads\/2021\/09\/IMG_20210923_103112-75x75.jpg 75w\" sizes=\"auto, (max-width: 150px) 100vw, 150px\" \/><\/a><\/p>\n<p><strong>Na zdj. Kaplica Caritasu w Supra\u015blu<\/strong><br \/>\n<strong> Caritas <em>suprise<\/em>\u00a0dobro bywa niespodziank\u0105<\/strong><br \/>\n<strong> Dzi\u0119kuj\u0119 Ci Panie<\/strong><br \/>\n<strong> Za wszelkie dobra kt\u00f3re dajesz<\/strong><br \/>\n<strong> Za nasze ma\u0142\u017ce\u0144stwo i wszelkie otoczenie jego<\/strong><br \/>\n<strong> Za nas samych wzajemny dar<\/strong><br \/>\n<strong> Ludzi bli\u017cej i dalej<\/strong><br \/>\n<strong> I dobra inne<\/strong><\/p>\n<p><em>Dzi\u015b \u015bw. Ojca Pio<\/em><br \/>\n<em> Jego imi\u0119 pobo\u017cny znaczy<\/em><br \/>\n<em> Spraw Panie aby\u015bmy uczciwie<\/em><br \/>\n<em> Spe\u0142niali swe \u017cycie<\/em><\/p>\n<p style=\"text-align: center;\"><a href=\"https:\/\/youtu.be\/W_ErqD1Yo7w\"><strong><em>Przyjd\u017a i zajmij miejsce swe<\/em><\/strong><\/a><\/p>\n<p style=\"text-align: center;\"><a href=\"https:\/\/youtu.be\/M4PB7h5LmJo\"><em><strong>Zdolne dzieciaki &#8211; Jezu wejd\u017a do mego serca<\/strong><\/em><\/a><\/p>\n<p style=\"text-align: center;\"><a href=\"https:\/\/youtu.be\/_OKhWx24xP0\"><em><strong>Razem za Jezusem &#8211; Dzi\u0119ki ci Maryjo (Thanking blessed Mary)<\/strong><\/em><\/a><\/p>\n","protected":false},"excerpt":{"rendered":"<p>Yeah \/\u00a0Jezu jeste\u015b tu Jezu b\u0105d\u017a w moim sercu Ufam \u017ce jeste\u015b W mojej \u017conie bliskich Kt\u00f3rzy s\u0105 z Ciebie wszystkich Jezu b\u0105d\u017a w naszym&hellip; <\/p>\n","protected":false},"author":1,"featured_media":0,"parent":0,"menu_order":0,"comment_status":"closed","ping_status":"closed","template":"","meta":{"footnotes":""},"class_list":["post-4577","page","type-page","status-publish","hentry"],"_links":{"self":[{"href":"https:\/\/hubertpietka.bialystok.pl\/index.php?rest_route=\/wp\/v2\/pages\/4577","targetHints":{"allow":["GET"]}}],"collection":[{"href":"https:\/\/hubertpietka.bialystok.pl\/index.php?rest_route=\/wp\/v2\/pages"}],"about":[{"href":"https:\/\/hubertpietka.bialystok.pl\/index.php?rest_route=\/wp\/v2\/types\/page"}],"author":[{"embeddable":true,"href":"https:\/\/hubertpietka.bialystok.pl\/index.php?rest_route=\/wp\/v2\/users\/1"}],"replies":[{"embeddable":true,"href":"https:\/\/hubertpietka.bialystok.pl\/index.php?rest_route=%2Fwp%2Fv2%2Fcomments&post=4577"}],"version-history":[{"count":2,"href":"https:\/\/hubertpietka.bialystok.pl\/index.php?rest_route=\/wp\/v2\/pages\/4577\/revisions"}],"predecessor-version":[{"id":4580,"href":"https:\/\/hubertpietka.bialystok.pl\/index.php?rest_route=\/wp\/v2\/pages\/4577\/revisions\/4580"}],"wp:attachment":[{"href":"https:\/\/hubertpietka.bialystok.pl\/index.php?rest_route=%2Fwp%2Fv2%2Fmedia&parent=4577"}],"curies":[{"name":"wp","href":"https:\/\/api.w.org\/{rel}","templated":true}]}}