{"id":4612,"date":"2021-10-04T22:07:45","date_gmt":"2021-10-04T22:07:45","guid":{"rendered":"http:\/\/hubertpietka.bialystok.pl\/?page_id=4612"},"modified":"2021-10-04T22:07:45","modified_gmt":"2021-10-04T22:07:45","slug":"kukla-papieza-franciszka","status":"publish","type":"page","link":"https:\/\/hubertpietka.bialystok.pl\/?page_id=4612","title":{"rendered":"Kuk\u0142a \/ papie\u017ca Franciszka"},"content":{"rendered":"<p><em><strong>Kuk\u0142a \/ papie\u017ca Franciszka<\/strong><\/em><\/p>\n<p>O Panie Bo\u017ce kochany<br \/>\nCo si\u0119 dzieje w Watykanie<br \/>\nCo dzieje si\u0119 \u015bwiatu<br \/>\n\u017be s\u0105 rzeczy takie<\/p>\n<p>Bo w Watykanie niestety<br \/>\nZamiast prawdziwego Franciszka manekin<br \/>\nS\u0105 na to argumenty<br \/>\nNatury nie do odparcia<\/p>\n<p>Oddajcie nam prawdziwego Franciszka<\/p>\n<p>1. Bo\u017cek poga\u0144ski w Watykanie<br \/>\nNa jesie\u0144 2020 r. nies\u0142ychane<\/p>\n<p>2. Papie\u017c niby za legalizacj\u0105<br \/>\nZwi\u0105zk\u00f3w homoseksualnych w\u0105tpliwych moralnie<\/p>\n<p>3. Orzeczenie niby papieskie o<br \/>\nBraku moralnych (sic) przeciwskaza\u0144<br \/>\nSzczepionek z abortowanych dzieci<\/p>\n<p>4. Podejrzane kontakty biznesowe Watykanu<br \/>\nZ wielkimi tego \u015bwiata<br \/>\nKt\u00f3rym nie do ko\u0144ca<br \/>\nPo drodze z Bogiem<\/p>\n<p>5. Szczepienia obowi\u0105zkowe na covid<br \/>\nDla wszystkich pracownik\u00f3w Watykanu<\/p>\n<p>Prawdziwy Papie\u017c Franciszek nigdy<br \/>\nNie podpisa\u0142by takich rzeczy<br \/>\nI ich nie sygnowa\u0142<br \/>\nSwym imieniem urz\u0119dem papiestwa<\/p>\n<p><strong>Dzi\u015b s\u0105 imieniny Franciszka<\/strong><br \/>\n<strong> Wspomnienie Biedaczyny z Asy\u017cu<\/strong><br \/>\n<strong> B\u00f3g powiedzia\u0142 do niego<\/strong><br \/>\n<strong> <em>M\u00f3j Ko\u015bci\u00f3\u0142 \u017ceby\u015b odbudowa\u0142<\/em><\/strong><br \/>\n<strong> I prawdziwy Papie\u017c Franciszek<\/strong><br \/>\n<strong> To czyni\u0142 do pandemii<\/strong><br \/>\n<strong> Co si\u0119 zadzia\u0142o wtedy<\/strong><\/p>\n<p>Prawdziwemu Papie\u017cowi Franciszkowi \u017cyczymy<br \/>\nM\u0105dro\u015bci s\u0142\u00f3w z Boga<br \/>\nTak jak wcze\u015bniej by\u0142o<br \/>\nI b\u0142ogos\u0142awie\u0144stw w zdrowiu<\/p>\n<p>Bo ten niby to<br \/>\nU\u017cywa nowomowy nacechowanej ideologicznie<br \/>\nKuku\u0142ka kuka<br \/>\nKuk\u0142a kuk\u0142a kuk\u0142a<\/p>\n<p><a href=\"http:\/\/hubertpietka.bialystok.pl\/wp-content\/uploads\/2021\/10\/IMG_20211004_233821.jpg\"><img loading=\"lazy\" decoding=\"async\" class=\"alignnone size-thumbnail wp-image-4613\" src=\"http:\/\/hubertpietka.bialystok.pl\/wp-content\/uploads\/2021\/10\/IMG_20211004_233821-150x150.jpg\" alt=\"\" width=\"150\" height=\"150\" srcset=\"https:\/\/hubertpietka.bialystok.pl\/wp-content\/uploads\/2021\/10\/IMG_20211004_233821-150x150.jpg 150w, https:\/\/hubertpietka.bialystok.pl\/wp-content\/uploads\/2021\/10\/IMG_20211004_233821-75x75.jpg 75w\" sizes=\"auto, (max-width: 150px) 100vw, 150px\" \/><\/a><\/p>\n<p><em>Na zdj. Kaplica adoracji<\/em><br \/>\n<em> W jednym z ko\u015bcio\u0142\u00f3w bia\u0142ostockich<\/em><br \/>\n<em> Jest jeszcze jeden niezbity argument<\/em><br \/>\n<em> Papie\u017c Franciszek prawdziwy nigdy by nie dopu\u015bci\u0142<\/em><br \/>\n<em> Do takiej pr\u00f3by<\/em><br \/>\n<em> By z tabernakulum podawana by\u0142a niekosekrowana hostia wiernym<\/em><br \/>\n<em> By Msz\u0119 sprawowali do tego nie powo\u0142ani itp<\/em><\/p>\n","protected":false},"excerpt":{"rendered":"<p>Kuk\u0142a \/ papie\u017ca Franciszka O Panie Bo\u017ce kochany Co si\u0119 dzieje w Watykanie Co dzieje si\u0119 \u015bwiatu \u017be s\u0105 rzeczy takie Bo w Watykanie niestety&hellip; <\/p>\n","protected":false},"author":1,"featured_media":0,"parent":0,"menu_order":0,"comment_status":"closed","ping_status":"closed","template":"","meta":{"footnotes":""},"class_list":["post-4612","page","type-page","status-publish","hentry"],"_links":{"self":[{"href":"https:\/\/hubertpietka.bialystok.pl\/index.php?rest_route=\/wp\/v2\/pages\/4612","targetHints":{"allow":["GET"]}}],"collection":[{"href":"https:\/\/hubertpietka.bialystok.pl\/index.php?rest_route=\/wp\/v2\/pages"}],"about":[{"href":"https:\/\/hubertpietka.bialystok.pl\/index.php?rest_route=\/wp\/v2\/types\/page"}],"author":[{"embeddable":true,"href":"https:\/\/hubertpietka.bialystok.pl\/index.php?rest_route=\/wp\/v2\/users\/1"}],"replies":[{"embeddable":true,"href":"https:\/\/hubertpietka.bialystok.pl\/index.php?rest_route=%2Fwp%2Fv2%2Fcomments&post=4612"}],"version-history":[{"count":1,"href":"https:\/\/hubertpietka.bialystok.pl\/index.php?rest_route=\/wp\/v2\/pages\/4612\/revisions"}],"predecessor-version":[{"id":4614,"href":"https:\/\/hubertpietka.bialystok.pl\/index.php?rest_route=\/wp\/v2\/pages\/4612\/revisions\/4614"}],"wp:attachment":[{"href":"https:\/\/hubertpietka.bialystok.pl\/index.php?rest_route=%2Fwp%2Fv2%2Fmedia&parent=4612"}],"curies":[{"name":"wp","href":"https:\/\/api.w.org\/{rel}","templated":true}]}}

Kukła / papieża Franciszka

<p><em><strong>Kukła / papieża Franciszka</strong></em></p>
<p>O Panie Boże kochany<br />
Co się dzieje w Watykanie<br />
Co dzieje się światu<br />
Że są rzeczy takie</p>
<p>Bo w Watykanie niestety<br />
Zamiast prawdziwego Franciszka manekin<br />
Są na to argumenty<br />
Natury nie do odparcia</p>
<p>Oddajcie nam prawdziwego Franciszka</p>
<p>1. Bożek pogański w Watykanie<br />
Na jesień 2020 r. niesłychane</p>
<p>2. Papież niby za legalizacją<br />
Związków homoseksualnych wątpliwych moralnie</p>
<p>3. Orzeczenie niby papieskie o<br />
Braku moralnych (sic) przeciwskazań<br />
Szczepionek z abortowanych dzieci</p>
<p>4. Podejrzane kontakty biznesowe Watykanu<br />
Z wielkimi tego świata<br />
Którym nie do końca<br />
Po drodze z Bogiem</p>
<p>5. Szczepienia obowiązkowe na covid<br />
Dla wszystkich pracowników Watykanu</p>
<p>Prawdziwy Papież Franciszek nigdy<br />
Nie podpisałby takich rzeczy<br />
I ich nie sygnował<br />
Swym imieniem urzędem papiestwa</p>
<p><strong>Dziś są imieniny Franciszka</strong><br />
<strong> Wspomnienie Biedaczyny z Asyżu</strong><br />
<strong> Bóg powiedział do niego</strong><br />
<strong> <em>Mój Kościół żebyś odbudował</em></strong><br />
<strong> I prawdziwy Papież Franciszek</strong><br />
<strong> To czynił do pandemii</strong><br />
<strong> Co się zadziało wtedy</strong></p>
<p>Prawdziwemu Papieżowi Franciszkowi życzymy<br />
Mądrości słów z Boga<br />
Tak jak wcześniej było<br />
I błogosławieństw w zdrowiu</p>
<p>Bo ten niby to<br />
Używa nowomowy nacechowanej ideologicznie<br />
Kukułka kuka<br />
Kukła kukła kukła</p>
<p><a href="http://hubertpietka.bialystok.pl/wp-content/uploads/2021/10/IMG_20211004_233821.jpg"><img loading="lazy" decoding="async" class="alignnone size-thumbnail wp-image-4613" src="http://hubertpietka.bialystok.pl/wp-content/uploads/2021/10/IMG_20211004_233821-150x150.jpg" alt="" width="150" height="150" srcset="https://hubertpietka.bialystok.pl/wp-content/uploads/2021/10/IMG_20211004_233821-150x150.jpg 150w, https://hubertpietka.bialystok.pl/wp-content/uploads/2021/10/IMG_20211004_233821-75x75.jpg 75w" sizes="auto, (max-width: 150px) 100vw, 150px" /></a></p>
<p><em>Na zdj. Kaplica adoracji</em><br />
<em> W jednym z kościołów białostockich</em><br />
<em> Jest jeszcze jeden niezbity argument</em><br />
<em> Papież Franciszek prawdziwy nigdy by nie dopuścił</em><br />
<em> Do takiej próby</em><br />
<em> By z tabernakulum podawana była niekosekrowana hostia wiernym</em><br />
<em> By Mszę sprawowali do tego nie powołani itp</em></p>

<p>Kukła / papieża Franciszka O Panie Boże kochany Co się dzieje w Watykanie Co dzieje się światu Że są rzeczy takie Bo w Watykanie niestety&hellip; </p>
