{"id":4638,"date":"2021-10-10T19:55:57","date_gmt":"2021-10-10T19:55:57","guid":{"rendered":"http:\/\/hubertpietka.bialystok.pl\/?page_id=4638"},"modified":"2021-10-10T19:55:57","modified_gmt":"2021-10-10T19:55:57","slug":"az-dotad-nie-dalej","status":"publish","type":"page","link":"https:\/\/hubertpietka.bialystok.pl\/?page_id=4638","title":{"rendered":"A\u017c dot\u0105d \/ nie dalej"},"content":{"rendered":"<p><em><strong>A\u017c dot\u0105d \/ nie dalej<\/strong><\/em><\/p>\n<p>A ci przyj\u015b\u0107 maj\u0105<br \/>\nTeraz za chwil\u0119 czy za chwil par\u0119<br \/>\nLegalnie czy nielegalnie<br \/>\nBo ka\u017cd\u0105 nieprawo\u015b\u0107 zalegalizowa\u0107 mo\u017cna<br \/>\nW imi\u0119 chleba i igrzysk<\/p>\n<p>A teraz to wsz\u0119dzie mnie porwa\u0107 mog\u0105<br \/>\nPrzecie\u017c zawsze znajdzie si\u0119 \u017cyczliwy<br \/>\nKt\u00f3ry im wska\u017ce gdzie przebywam teraz w\u0142a\u015bnie<br \/>\nI niekoniecznie z patologii spo\u0142ecznej<br \/>\nWobec bliskiej mi osoby te\u017c adekwatnie oczywi\u015bcie<\/p>\n<p>Ale przynajmniej s\u0119dziowie Konstytucyjnego Trybuna\u0142u<br \/>\nJak trzeba si\u0119 zachowali<br \/>\nI to dwukrotnie<br \/>\nNajpierw w kwestii niedopuszczalno\u015bci aborcji<br \/>\nA teraz w wy\u017cszo\u015bci prawa stanowionego<br \/>\nW Polsce od tego w Unii Europejskiej<br \/>\nI s\u0142usznie<br \/>\nBo tak jest w\u0142a\u015bnie w Polski Konstytucji<br \/>\nOczywi\u015bcie tak teraz jak wtedy<br \/>\nWielki lament podniesiono<br \/>\nPrzecie\u017c skoro si\u0119 nie ma \u017cadnej racji<br \/>\nTo zawsze mo\u017cna i trzeba pr\u00f3bowa\u0107 zakrzycze\u0107 prawd\u0119<\/p>\n<p><a href=\"http:\/\/hubertpietka.bialystok.pl\/wp-content\/uploads\/2021\/10\/IMG_20211010_203941.jpg\"><img loading=\"lazy\" decoding=\"async\" class=\"alignnone size-thumbnail wp-image-4639\" src=\"http:\/\/hubertpietka.bialystok.pl\/wp-content\/uploads\/2021\/10\/IMG_20211010_203941-150x150.jpg\" alt=\"\" width=\"150\" height=\"150\" srcset=\"https:\/\/hubertpietka.bialystok.pl\/wp-content\/uploads\/2021\/10\/IMG_20211010_203941-150x150.jpg 150w, https:\/\/hubertpietka.bialystok.pl\/wp-content\/uploads\/2021\/10\/IMG_20211010_203941-75x75.jpg 75w\" sizes=\"auto, (max-width: 150px) 100vw, 150px\" \/><\/a><\/p>\n<p><em>Na zdj. \u015aw. Jan Pawe\u0142 II w ko\u015bciele pi\u0144czowskim Matki Bo\u017cej Mirowskiej<\/em><br \/>\n<em> Dzi\u015b Dzie\u0144 Papieski<\/em><br \/>\n<em> A mir to pok\u00f3j<\/em><br \/>\n<em> Pok\u00f3j serca mo\u017cna znale\u017a\u0107 tylko i wy\u0142\u0105cznie wtedy<\/em><br \/>\n<em> Kiedy ma si\u0119 sumienie czyste<\/em><br \/>\n<em> I post\u0119puje si\u0119 wed\u0142ug Praw Bo\u017cych w\u0142a\u015bciwie<\/em><br \/>\n<em> Nawet w tym wsp\u00f3\u0142czesnym \u015bwiecie<\/em><br \/>\n<em> Kiedy nie brakuje komplikacji r\u00f3\u017cnych<\/em><\/p>\n<p><em>I nawet je\u015bli postawa najcz\u0119stsza<\/em><br \/>\n<em> Polega na umywaniu niestety r\u0105k od odpowiedzialno\u015bci<\/em><br \/>\n<em> A\u017c dot\u0105d nie dalej<\/em><br \/>\n<em> M\u00f3wi si\u0119 cz\u0142owiekowi i \u017cyciu<\/em><br \/>\n<em> A to trzeba m\u00f3wi\u0107 do Boga przeciwnik\u00f3w<\/em><\/p>\n<p><strong>Dzi\u015b te\u017c Matki Marii Angeli Truszkowskiej jest<\/strong><br \/>\n<strong> Jej nazwisko od truchle\u0107<\/strong><br \/>\n<strong> Nie trzeba si\u0119 l\u0119ka\u0107<\/strong><br \/>\n<strong> Je\u015bli post\u0119puje si\u0119 sprawiedliwie w Bogu<\/strong><\/p>\n<p style=\"text-align: left;\"><a href=\"https:\/\/youtu.be\/yCPHdU5pSxI\"><em><strong>Psalm 1<\/strong><\/em><\/a><\/p>\n<p><a href=\"https:\/\/youtu.be\/zsfl-hYwQXU\"><em><strong>2 Tm 2,3 &#8211; Psalm 23<\/strong><\/em><\/a><\/p>\n<p style=\"text-align: right;\"><a href=\"https:\/\/youtu.be\/vo5yTOZPC0o\"><em><strong>Oceany (Oceans) &#8211; Exodus 15<\/strong><\/em><\/a><\/p>\n","protected":false},"excerpt":{"rendered":"<p>A\u017c dot\u0105d \/ nie dalej A ci przyj\u015b\u0107 maj\u0105 Teraz za chwil\u0119 czy za chwil par\u0119 Legalnie czy nielegalnie Bo ka\u017cd\u0105 nieprawo\u015b\u0107 zalegalizowa\u0107 mo\u017cna W&hellip; <\/p>\n","protected":false},"author":1,"featured_media":0,"parent":0,"menu_order":0,"comment_status":"closed","ping_status":"closed","template":"","meta":{"footnotes":""},"class_list":["post-4638","page","type-page","status-publish","hentry"],"_links":{"self":[{"href":"https:\/\/hubertpietka.bialystok.pl\/index.php?rest_route=\/wp\/v2\/pages\/4638","targetHints":{"allow":["GET"]}}],"collection":[{"href":"https:\/\/hubertpietka.bialystok.pl\/index.php?rest_route=\/wp\/v2\/pages"}],"about":[{"href":"https:\/\/hubertpietka.bialystok.pl\/index.php?rest_route=\/wp\/v2\/types\/page"}],"author":[{"embeddable":true,"href":"https:\/\/hubertpietka.bialystok.pl\/index.php?rest_route=\/wp\/v2\/users\/1"}],"replies":[{"embeddable":true,"href":"https:\/\/hubertpietka.bialystok.pl\/index.php?rest_route=%2Fwp%2Fv2%2Fcomments&post=4638"}],"version-history":[{"count":1,"href":"https:\/\/hubertpietka.bialystok.pl\/index.php?rest_route=\/wp\/v2\/pages\/4638\/revisions"}],"predecessor-version":[{"id":4640,"href":"https:\/\/hubertpietka.bialystok.pl\/index.php?rest_route=\/wp\/v2\/pages\/4638\/revisions\/4640"}],"wp:attachment":[{"href":"https:\/\/hubertpietka.bialystok.pl\/index.php?rest_route=%2Fwp%2Fv2%2Fmedia&parent=4638"}],"curies":[{"name":"wp","href":"https:\/\/api.w.org\/{rel}","templated":true}]}}