{"id":4653,"date":"2021-10-13T21:17:23","date_gmt":"2021-10-13T21:17:23","guid":{"rendered":"http:\/\/hubertpietka.bialystok.pl\/?page_id=4653"},"modified":"2021-10-13T21:17:53","modified_gmt":"2021-10-13T21:17:53","slug":"pierwej-zgine-ja-potem-swiat","status":"publish","type":"page","link":"https:\/\/hubertpietka.bialystok.pl\/?page_id=4653","title":{"rendered":"Zgin\u0119 ja \/ zginiecie wy \/ zginie \u015bwiat"},"content":{"rendered":"<p><em><strong>Zgin\u0119 ja \/ zginiecie wy \/ zginie \u015bwiat<\/strong><\/em><\/p>\n<p>Je\u015bli my\u015blicie \u017ce si\u0119 ostaniecie<br \/>\nKiedy ja zgin\u0119<br \/>\nTo si\u0119 grubo mylicie<br \/>\nTen \u015bwiat b\u0119dzie trwa\u0142 wtedy tylko chwil\u0119<br \/>\nI przeminie w postaci jak\u0105 teraz znacie<br \/>\nJe\u015bli chcecie to spr\u00f3bujcie<br \/>\nSi\u0119 przekonacie ale wtedy b\u0119dzie za p\u00f3\u017ano troch\u0119<\/p>\n<p>Je\u015bli te\u017c co\u015b si\u0119 stanie mojej \u017conie kochanej<br \/>\nTo ja sobie co\u015b zrobi\u0119<br \/>\nI wtedy b\u0119dzie efekt podobny<br \/>\nDo tego kt\u00f3ry wskaza\u0142em pierwej<br \/>\nSkoro oni mog\u0105 pos\u0142ugiwa\u0107 si\u0119<br \/>\nSzanta\u017cem to i ja mog\u0119<br \/>\nI to na pewno zrobi\u0119<\/p>\n<p>*Rzeka morze piasek*<br \/>\n*Rzek\u0142em (a) mo\u017ce (ten) piesek*<br \/>\nLub bliscy nam<br \/>\nNie radz\u0119<br \/>\nCokolwiek cokolwieczunio nawet<\/p>\n<p><a href=\"http:\/\/hubertpietka.bialystok.pl\/wp-content\/uploads\/2021\/10\/IMG_20211013_224202.jpg\"><img loading=\"lazy\" decoding=\"async\" class=\"alignnone size-thumbnail wp-image-4654\" src=\"http:\/\/hubertpietka.bialystok.pl\/wp-content\/uploads\/2021\/10\/IMG_20211013_224202-150x150.jpg\" alt=\"\" width=\"150\" height=\"150\" srcset=\"https:\/\/hubertpietka.bialystok.pl\/wp-content\/uploads\/2021\/10\/IMG_20211013_224202-150x150.jpg 150w, https:\/\/hubertpietka.bialystok.pl\/wp-content\/uploads\/2021\/10\/IMG_20211013_224202-75x75.jpg 75w\" sizes=\"auto, (max-width: 150px) 100vw, 150px\" \/><\/a><\/p>\n<p><strong>Na zdj. Matka Bo\u017ca Fatimska w ko\u015bciele bia\u0142ostockim Zmartwychwstania<\/strong><br \/>\n<strong> Ave Maryja ave Niepokalana<\/strong><br \/>\n<strong> I napis na dole plakatu<\/strong><br \/>\n<strong> <em>Przesta\u0144cie grzeszy\u0107 i m\u00f3dlcie si\u0119<\/em><\/strong><br \/>\n<strong><em> A moje Niepokalane Serce zatriumfuje<\/em><\/strong><br \/>\n<strong> B\u00f3g jest najwi\u0119kszym natchnieniem moim<\/strong><br \/>\n<strong> Tu\u017c za nim \u017cona moja dla mnie jest muz\u0105<\/strong><br \/>\n<strong> Jutro \u015bw. Ma\u0142gorzaty Marii Alacoque jest<\/strong><br \/>\n<strong> Jej imi\u0119 znaczy <em>per\u0142a<\/em><\/strong><br \/>\n<strong> Moja \u017cona jest dla mnie per\u0142\u0105 tak\u0105<\/strong><br \/>\n<strong> Jak chocia\u017cby u Bu\u0142hakowa w <em>Mistrzu i Ma\u0142gorzacie<\/em><\/strong><br \/>\n<strong> W kontek\u015bcie rzeczy najpierwszych<\/strong><\/p>\n<p style=\"text-align: center;\"><a href=\"https:\/\/youtu.be\/WypJWzHTDhE\"><em><strong>NiemaGOtu &#8211; Biada<\/strong><\/em><\/a><\/p>\n","protected":false},"excerpt":{"rendered":"<p>Zgin\u0119 ja \/ zginiecie wy \/ zginie \u015bwiat Je\u015bli my\u015blicie \u017ce si\u0119 ostaniecie Kiedy ja zgin\u0119 To si\u0119 grubo mylicie Ten \u015bwiat b\u0119dzie trwa\u0142 wtedy&hellip; <\/p>\n","protected":false},"author":1,"featured_media":0,"parent":0,"menu_order":0,"comment_status":"closed","ping_status":"closed","template":"","meta":{"footnotes":""},"class_list":["post-4653","page","type-page","status-publish","hentry"],"_links":{"self":[{"href":"https:\/\/hubertpietka.bialystok.pl\/index.php?rest_route=\/wp\/v2\/pages\/4653","targetHints":{"allow":["GET"]}}],"collection":[{"href":"https:\/\/hubertpietka.bialystok.pl\/index.php?rest_route=\/wp\/v2\/pages"}],"about":[{"href":"https:\/\/hubertpietka.bialystok.pl\/index.php?rest_route=\/wp\/v2\/types\/page"}],"author":[{"embeddable":true,"href":"https:\/\/hubertpietka.bialystok.pl\/index.php?rest_route=\/wp\/v2\/users\/1"}],"replies":[{"embeddable":true,"href":"https:\/\/hubertpietka.bialystok.pl\/index.php?rest_route=%2Fwp%2Fv2%2Fcomments&post=4653"}],"version-history":[{"count":2,"href":"https:\/\/hubertpietka.bialystok.pl\/index.php?rest_route=\/wp\/v2\/pages\/4653\/revisions"}],"predecessor-version":[{"id":4656,"href":"https:\/\/hubertpietka.bialystok.pl\/index.php?rest_route=\/wp\/v2\/pages\/4653\/revisions\/4656"}],"wp:attachment":[{"href":"https:\/\/hubertpietka.bialystok.pl\/index.php?rest_route=%2Fwp%2Fv2%2Fmedia&parent=4653"}],"curies":[{"name":"wp","href":"https:\/\/api.w.org\/{rel}","templated":true}]}}