{"id":4727,"date":"2021-10-26T21:53:53","date_gmt":"2021-10-26T21:53:53","guid":{"rendered":"http:\/\/hubertpietka.bialystok.pl\/?page_id=4727"},"modified":"2021-10-26T22:03:25","modified_gmt":"2021-10-26T22:03:25","slug":"smieciowe-kwestie-niz-wszystko-wazniejsze","status":"publish","type":"page","link":"https:\/\/hubertpietka.bialystok.pl\/?page_id=4727","title":{"rendered":"\u015amieciowe kwestie \/ ni\u017c wszystko wa\u017cniejsze"},"content":{"rendered":"<p><em><strong>\u015amieciowe kwestie \/ ni\u017c wszystko wa\u017cniejsze<\/strong><\/em><\/p>\n<p>Pan da\u0142 mi pozna\u0107 pewn\u0105 wa\u017cn\u0105 spraw\u0119<br \/>\n\u017be najwa\u017cniejsz\u0105 kwesti\u0105 we wsp\u00f3\u0142czesnej mi\u0119dzyludzkiej debacie<br \/>\nS\u0105 ekologizmu kwestie<br \/>\nA najwa\u017cniejszymi argumentami s\u0105 niestety \u015bmieciowe argumenty<\/p>\n<p>Wobec tego<br \/>\nTak wywie\u017ali\u015bmy dzisiaj problemowe \u015bmieci<br \/>\nAle bynajmniej nie na tak zwane wysypisko dzikie<br \/>\nTak podpisa\u0142a \u017cona deklaracj\u0119 odpowiedni\u0105<br \/>\nAle zapomnieli\u015bmy o jednej rzeczy<\/p>\n<p>W\u015br\u00f3d tych niesegregowanych \u015bmieci<br \/>\nZnalaz\u0142a si\u0119 te\u017c jedna rzecz<br \/>\nButelka pet tak zwany z zawarto\u015bci\u0105 przeze mnie niezidentyfikowan\u0105<br \/>\nBo by\u0142a to spu\u015bcizna ale po dziadkach<br \/>\nWykopana podczas podw\u00f3rka porz\u0105dkowania<\/p>\n<p>Tak nie znalaz\u0142a si\u0119 w tej deklaracji<br \/>\nBo po prostu zapomnieli\u015bmy o tej tak wa\u017cnej sprawie<br \/>\nJa do tej butelki te\u017c nie zagl\u0105da\u0142em<br \/>\nBo skoro zakopana<br \/>\nTo si\u0119 jej zawarto\u015bci po prostu troch\u0119 obawia\u0142em<\/p>\n<p>Ca\u0142\u0105 win\u0105 mojej \u017cony jest<br \/>\n\u017be nie umie\u015bci\u0142a tego k\u0142opotliwego dziedzictwa<br \/>\nW deklaracji przy oddawaniu \u015bmieci<br \/>\nZreszt\u0105 ona nawet nie wiedzia\u0142a o niej<\/p>\n<p>A win\u0105 najwi\u0119ksz\u0105 moj\u0105<br \/>\nTo to \u017ce ja tu sprz\u0105tam akurat<br \/>\n(M\u00f3wi\u0105c nawiasem to te\u017c zreszt\u0105 pasuje niekt\u00f3rym)<br \/>\nI \u017ce zapomnia\u0142em o tym<\/p>\n<p>A teraz kwestia prawna odpowiedzialno\u015bci tak zwanej<br \/>\nKto odpowiada za wykroczenia dziadk\u00f3w<br \/>\nTak w teorii czysto prawnej<br \/>\nWnuczka czy mo\u017ce jednak c\u00f3rka<br \/>\nTak w prostej linii dziedziczenia k\u0142opotliwej spu\u015bcizny<br \/>\nTym bardziej \u017ce to bynajmniej nie moja \u017cona<br \/>\nPodpisywa\u0142a deklaracj\u0119 \u015bmieciow\u0105<\/p>\n<p>To kto prawnie odpowiada<br \/>\nPrzecie\u017c my tylko posprz\u0105tali\u015bmy<br \/>\nI nie przebywamy tu stale tylko czasowo<br \/>\nMimo \u017ce to jest w\u0142asno\u015b\u0107 mojej \u017cony<br \/>\nTo jak to jest<\/p>\n<p><a href=\"http:\/\/hubertpietka.bialystok.pl\/wp-content\/uploads\/2021\/10\/IMG_20211026_235313.jpg\"><img loading=\"lazy\" decoding=\"async\" class=\"alignnone size-thumbnail wp-image-4728\" src=\"http:\/\/hubertpietka.bialystok.pl\/wp-content\/uploads\/2021\/10\/IMG_20211026_235313-150x150.jpg\" alt=\"\" width=\"150\" height=\"150\" srcset=\"https:\/\/hubertpietka.bialystok.pl\/wp-content\/uploads\/2021\/10\/IMG_20211026_235313-150x150.jpg 150w, https:\/\/hubertpietka.bialystok.pl\/wp-content\/uploads\/2021\/10\/IMG_20211026_235313-75x75.jpg 75w\" sizes=\"auto, (max-width: 150px) 100vw, 150px\" \/><\/a><\/p>\n<p><strong>Na zdj. Zach\u00f3d s\u0142o\u0144ca na Bia\u0142oborzu<\/strong><br \/>\n<strong> <em>Dziadkowie jedli orzechy<\/em><\/strong><br \/>\n<strong><em> A wnuczkom po\u0142ama\u0142y si\u0119 z\u0119by<\/em><\/strong><br \/>\n<strong> Przyda\u0142oby si\u0119 oczyszcza\u0107 pewne sprawy<\/strong><br \/>\n<strong> Ale ze sprawiedliwo\u015bci\u0105 cho\u0107 elementarn\u0105<\/strong><\/p>\n<p><strong>My nie mamy pretensji \u017cadnych do dziadk\u00f3w<\/strong><br \/>\n<strong> To by\u0142y trudne czasy<\/strong><br \/>\n<strong>I widocznie nie bardzo mieli co zrobi\u0107 innego<br \/>\nZ tym k\u0142opotem<\/strong><br \/>\n<strong> A my to rozumiemy<\/strong><br \/>\n<strong> Ale dlaczego my mamy odpowiada\u0107 za to<\/strong><br \/>\n<strong> My tu sprz\u0105tamy tylko<\/strong><br \/>\n<strong> Jako\u015b nikt inny wcze\u015bniej si\u0119 za to nie zabra\u0142<\/strong><\/p>\n<p><strong>I na tym polega ca\u0142a moja nie\u015bwiadomo\u015b\u0107<\/strong><br \/>\n<strong> \u017be w zgodzie z tak zwanym zdrowym rozs\u0105dkiem<\/strong><br \/>\n<strong> Nie zapozna\u0142em si\u0119 z podejrzan\u0105 zawarto\u015bci\u0105 w wykopanej butelce<\/strong><\/p>\n","protected":false},"excerpt":{"rendered":"<p>\u015amieciowe kwestie \/ ni\u017c wszystko wa\u017cniejsze Pan da\u0142 mi pozna\u0107 pewn\u0105 wa\u017cn\u0105 spraw\u0119 \u017be najwa\u017cniejsz\u0105 kwesti\u0105 we wsp\u00f3\u0142czesnej mi\u0119dzyludzkiej debacie S\u0105 ekologizmu kwestie A najwa\u017cniejszymi&hellip; <\/p>\n","protected":false},"author":1,"featured_media":0,"parent":0,"menu_order":0,"comment_status":"closed","ping_status":"closed","template":"","meta":{"footnotes":""},"class_list":["post-4727","page","type-page","status-publish","hentry"],"_links":{"self":[{"href":"https:\/\/hubertpietka.bialystok.pl\/index.php?rest_route=\/wp\/v2\/pages\/4727","targetHints":{"allow":["GET"]}}],"collection":[{"href":"https:\/\/hubertpietka.bialystok.pl\/index.php?rest_route=\/wp\/v2\/pages"}],"about":[{"href":"https:\/\/hubertpietka.bialystok.pl\/index.php?rest_route=\/wp\/v2\/types\/page"}],"author":[{"embeddable":true,"href":"https:\/\/hubertpietka.bialystok.pl\/index.php?rest_route=\/wp\/v2\/users\/1"}],"replies":[{"embeddable":true,"href":"https:\/\/hubertpietka.bialystok.pl\/index.php?rest_route=%2Fwp%2Fv2%2Fcomments&post=4727"}],"version-history":[{"count":3,"href":"https:\/\/hubertpietka.bialystok.pl\/index.php?rest_route=\/wp\/v2\/pages\/4727\/revisions"}],"predecessor-version":[{"id":4732,"href":"https:\/\/hubertpietka.bialystok.pl\/index.php?rest_route=\/wp\/v2\/pages\/4727\/revisions\/4732"}],"wp:attachment":[{"href":"https:\/\/hubertpietka.bialystok.pl\/index.php?rest_route=%2Fwp%2Fv2%2Fmedia&parent=4727"}],"curies":[{"name":"wp","href":"https:\/\/api.w.org\/{rel}","templated":true}]}}