{"id":4735,"date":"2021-10-27T21:00:20","date_gmt":"2021-10-27T21:00:20","guid":{"rendered":"http:\/\/hubertpietka.bialystok.pl\/?page_id=4735"},"modified":"2021-10-27T21:00:21","modified_gmt":"2021-10-27T21:00:21","slug":"smierc-i-pojmanie-za-kare","status":"publish","type":"page","link":"https:\/\/hubertpietka.bialystok.pl\/?page_id=4735","title":{"rendered":"\u015amier\u0107 i pojmanie \/ za kar\u0119"},"content":{"rendered":"<p><em><strong>\u015amier\u0107 i pojmanie \/ za kar\u0119<\/strong><\/em><\/p>\n<p>Czy\u017c to nie jest tak<br \/>\n\u017be ja mam by\u0107 ukarany<br \/>\n(Za grzechy jakie)<br \/>\n\u015amierci\u0105 mojej \u017cony najlepiej na moich oczach<br \/>\nA i ona ma mie\u0107 odpowiedni\u0105 kar\u0119<br \/>\n(Za grzechy jakie straszne)<br \/>\nA maj\u0105 do tego narz\u0119dzia i ludzi<br \/>\nOj maj\u0105 a jak\u017ce<br \/>\nA tak swoj\u0105 drog\u0105 to si\u0119 zastanawiam<br \/>\nCo takim ludziom na przyk\u0142ad za spe\u0142nienie tej (sic!) kary obiecali<br \/>\nBo niestety tacy si\u0119 znajd\u0105 wsz\u0119dzie niemal\u017ce<\/p>\n<p>A co obiecali tym kt\u00f3rzy maj\u0105 im pom\u00f3c<br \/>\nW mnie pojmaniu<br \/>\nBo s\u0105 do tego gorliwi bardzo ale niestety<br \/>\nW niezbyt w\u0142a\u015bciwym s\u0142owa znaczeniu<\/p>\n<p>Jak maj\u0105 otwarte<br \/>\nTo zaproszenie to tylko czysta formalno\u015b\u0107 a jak\u017ce<br \/>\nA zdarzaj\u0105 si\u0119 takie sytuacje<br \/>\nTen kto ma im otworzy\u0107 ma im otworzy\u0107<br \/>\nA kto ma zaprosi\u0107 ma ich zaprosi\u0107<br \/>\nGotowy ju\u017c jest odpowiedni scenariusz<br \/>\nTo teraz za chwil\u0119 czy za chwil par\u0119<br \/>\nI je\u015bli cokolwiek cokolwieczunio nawet<\/p>\n<p>A je\u015bli chcecie si\u0119 przekona\u0107<br \/>\nCzy rzeczywi\u015bcie sko\u0144czy si\u0119 \u015bwiat<br \/>\nTo zr\u00f3bcie co\u015b mojej \u017conie lub mi<br \/>\nNie \u0142ud\u017acie si\u0119 B\u00f3g nie pozwoli z Siebie kpi\u0107<br \/>\nLub z naszymi i naszym<br \/>\nWszystko oczywi\u015bcie odpowiednio pozorowane<br \/>\nI ja bynajmniej nie jestem tego nie\u015bwiadomy<br \/>\nI zawsze b\u0119d\u0119 si\u0119 w Bogu broni\u0142<br \/>\nA je\u015bli chce si\u0119 kogo\u015b odpowiednio pozby\u0107<br \/>\nTo najlepiej zarzuci\u0107 mu nie\u015bwiadomo\u015b\u0107<\/p>\n<p><a href=\"http:\/\/hubertpietka.bialystok.pl\/wp-content\/uploads\/2021\/10\/IMG_20211027_224143.jpg\"><img loading=\"lazy\" decoding=\"async\" class=\"alignnone size-thumbnail wp-image-4736\" src=\"http:\/\/hubertpietka.bialystok.pl\/wp-content\/uploads\/2021\/10\/IMG_20211027_224143-150x150.jpg\" alt=\"\" width=\"150\" height=\"150\" srcset=\"https:\/\/hubertpietka.bialystok.pl\/wp-content\/uploads\/2021\/10\/IMG_20211027_224143-150x150.jpg 150w, https:\/\/hubertpietka.bialystok.pl\/wp-content\/uploads\/2021\/10\/IMG_20211027_224143-75x75.jpg 75w\" sizes=\"auto, (max-width: 150px) 100vw, 150px\" \/><\/a><\/p>\n<p><em>Na zdj. Grota Maryjna przy sanktuarium b\u0142. Wincentego Kad\u0142ubka j\u0119drzejowskim<\/em><br \/>\n<em> Maryjo w Tobie pok\u0142adamy ufno\u015b\u0107 sw\u0105 i ty\u015b nasz\u0105 ucieczk\u0105<\/em><br \/>\n<em> B\u0142. Wincenty Kad\u0142ubku m\u00f3dl si\u0119 za nami<\/em><br \/>\n<em> By \u017c\u0105dze niesprawiedliwych profit\u00f3w w ludziach nie wygrywa\u0142y<\/em><\/p>\n<p><strong>Jutro \u015bw. Szymona Gorliwego i Judy Tadeusza<\/strong><br \/>\n<strong> Gorliwym trzeba by\u0107 w rzeczach dobrych i w\u0142a\u015bciwych<\/strong><br \/>\n<strong> Wtedy B\u00f3g wys\u0142ucha intencji czystych<\/strong><br \/>\n<strong> A odwa\u017cnym te\u017c trzeba by\u0107<\/strong><br \/>\n<strong> W tym co nale\u017cy si\u0119<\/strong><br \/>\n<strong> Aby si\u0119 zachowa\u0107 jak trzeba<\/strong><br \/>\n<strong> W kwestiach etycznie jasnych<\/strong><\/p>\n","protected":false},"excerpt":{"rendered":"<p>\u015amier\u0107 i pojmanie \/ za kar\u0119 Czy\u017c to nie jest tak \u017be ja mam by\u0107 ukarany (Za grzechy jakie) \u015amierci\u0105 mojej \u017cony najlepiej na moich&hellip; <\/p>\n","protected":false},"author":1,"featured_media":0,"parent":0,"menu_order":0,"comment_status":"closed","ping_status":"closed","template":"","meta":{"footnotes":""},"class_list":["post-4735","page","type-page","status-publish","hentry"],"_links":{"self":[{"href":"https:\/\/hubertpietka.bialystok.pl\/index.php?rest_route=\/wp\/v2\/pages\/4735","targetHints":{"allow":["GET"]}}],"collection":[{"href":"https:\/\/hubertpietka.bialystok.pl\/index.php?rest_route=\/wp\/v2\/pages"}],"about":[{"href":"https:\/\/hubertpietka.bialystok.pl\/index.php?rest_route=\/wp\/v2\/types\/page"}],"author":[{"embeddable":true,"href":"https:\/\/hubertpietka.bialystok.pl\/index.php?rest_route=\/wp\/v2\/users\/1"}],"replies":[{"embeddable":true,"href":"https:\/\/hubertpietka.bialystok.pl\/index.php?rest_route=%2Fwp%2Fv2%2Fcomments&post=4735"}],"version-history":[{"count":1,"href":"https:\/\/hubertpietka.bialystok.pl\/index.php?rest_route=\/wp\/v2\/pages\/4735\/revisions"}],"predecessor-version":[{"id":4737,"href":"https:\/\/hubertpietka.bialystok.pl\/index.php?rest_route=\/wp\/v2\/pages\/4735\/revisions\/4737"}],"wp:attachment":[{"href":"https:\/\/hubertpietka.bialystok.pl\/index.php?rest_route=%2Fwp%2Fv2%2Fmedia&parent=4735"}],"curies":[{"name":"wp","href":"https:\/\/api.w.org\/{rel}","templated":true}]}}