{"id":4795,"date":"2021-11-08T11:39:15","date_gmt":"2021-11-08T11:39:15","guid":{"rendered":"http:\/\/hubertpietka.bialystok.pl\/?page_id=4795"},"modified":"2021-11-08T11:39:15","modified_gmt":"2021-11-08T11:39:15","slug":"cos-do-dodania-w-sprawie-rowu-poglebiania","status":"publish","type":"page","link":"https:\/\/hubertpietka.bialystok.pl\/?page_id=4795","title":{"rendered":"Co\u015b do dodania \/ w sprawie rowu pog\u0142\u0119biania"},"content":{"rendered":"<p><em><strong>Co\u015b do dodania \/ w sprawie rowu pog\u0142\u0119biania<\/strong><\/em><\/p>\n<p>W\u0142a\u015bnie r\u00f3w pog\u0142\u0119biaj\u0105 ko\u0142o domu<br \/>\nZaraz wyjd\u0105 na jaw zbrodnie bardzo straszne<br \/>\nZakopane zw\u0142oki psa i kota<br \/>\nPrzejachanych przez samochody<br \/>\nI zakopane w tym rowie ko\u0142o nas<br \/>\nJu\u017c widz\u0119 koronier\u00f3w<br \/>\nNo bo jak to<br \/>\nNielegalne zutylizowanie zw\u0142ok zwierz\u0119cych<br \/>\nI to jeszcze na terenie w pasie w\u0142asno\u015bci gminy<br \/>\nIle lat ten r\u00f3w pog\u0142\u0119biany nie by\u0142<br \/>\nB\u00f3g raczy wiedzie\u0107<br \/>\nAle trzeba to zrobi\u0107 teraz<br \/>\nBy te straszne zbrodnie ujrza\u0142y \u015bwiat\u0142o dzienne<br \/>\nA jak\u017ce<\/p>\n<p><a href=\"http:\/\/hubertpietka.bialystok.pl\/wp-content\/uploads\/2021\/11\/IMG_20211108_122829.jpg\"><img loading=\"lazy\" decoding=\"async\" class=\"alignnone size-thumbnail wp-image-4796\" src=\"http:\/\/hubertpietka.bialystok.pl\/wp-content\/uploads\/2021\/11\/IMG_20211108_122829-150x150.jpg\" alt=\"\" width=\"150\" height=\"150\" srcset=\"https:\/\/hubertpietka.bialystok.pl\/wp-content\/uploads\/2021\/11\/IMG_20211108_122829-150x150.jpg 150w, https:\/\/hubertpietka.bialystok.pl\/wp-content\/uploads\/2021\/11\/IMG_20211108_122829-75x75.jpg 75w\" sizes=\"auto, (max-width: 150px) 100vw, 150px\" \/><\/a><\/p>\n<p><em>Na zdj. Zach\u00f3d s\u0142o\u0144ca na Bia\u0142oborzu<\/em><br \/>\n<em> Zawsze mo\u017cna na kim\u015b psy lub koty powiesi\u0107<\/em><br \/>\n<em> Jak si\u0119 chce okazja si\u0119 zawsze jaka\u015b znajdzie<\/em><br \/>\n<em> Trzeba tylko dobrze poszuka\u0107<\/em><br \/>\n<em> I przedstawi\u0107 wszystko w \u015bwietle jedynie s\u0142usznym<\/em><\/p>\n<p><strong>Dzi\u015b \u015bw. Adeodata<\/strong><br \/>\n<strong> Jego imi\u0119 znaczy doda\u0107<\/strong><br \/>\n<strong> Czy mam co\u015b jeszcze tu do dodania<\/strong><br \/>\n<strong> Chyba tylko tyle<\/strong><br \/>\n<strong> \u017be i przez rowu pog\u0142\u0119bianie<\/strong><br \/>\n<strong> Spr\u00f3bowa\u0107 mo\u017cna pog\u0142\u0119bi\u0107 tak\u017ce<\/strong><br \/>\n<strong> Przepa\u015b\u0107 mi\u0119dzy lud\u017ami<\/strong><\/p>\n","protected":false},"excerpt":{"rendered":"<p>Co\u015b do dodania \/ w sprawie rowu pog\u0142\u0119biania W\u0142a\u015bnie r\u00f3w pog\u0142\u0119biaj\u0105 ko\u0142o domu Zaraz wyjd\u0105 na jaw zbrodnie bardzo straszne Zakopane zw\u0142oki psa i kota&hellip; <\/p>\n","protected":false},"author":1,"featured_media":0,"parent":0,"menu_order":0,"comment_status":"closed","ping_status":"closed","template":"","meta":{"footnotes":""},"class_list":["post-4795","page","type-page","status-publish","hentry"],"_links":{"self":[{"href":"https:\/\/hubertpietka.bialystok.pl\/index.php?rest_route=\/wp\/v2\/pages\/4795","targetHints":{"allow":["GET"]}}],"collection":[{"href":"https:\/\/hubertpietka.bialystok.pl\/index.php?rest_route=\/wp\/v2\/pages"}],"about":[{"href":"https:\/\/hubertpietka.bialystok.pl\/index.php?rest_route=\/wp\/v2\/types\/page"}],"author":[{"embeddable":true,"href":"https:\/\/hubertpietka.bialystok.pl\/index.php?rest_route=\/wp\/v2\/users\/1"}],"replies":[{"embeddable":true,"href":"https:\/\/hubertpietka.bialystok.pl\/index.php?rest_route=%2Fwp%2Fv2%2Fcomments&post=4795"}],"version-history":[{"count":1,"href":"https:\/\/hubertpietka.bialystok.pl\/index.php?rest_route=\/wp\/v2\/pages\/4795\/revisions"}],"predecessor-version":[{"id":4797,"href":"https:\/\/hubertpietka.bialystok.pl\/index.php?rest_route=\/wp\/v2\/pages\/4795\/revisions\/4797"}],"wp:attachment":[{"href":"https:\/\/hubertpietka.bialystok.pl\/index.php?rest_route=%2Fwp%2Fv2%2Fmedia&parent=4795"}],"curies":[{"name":"wp","href":"https:\/\/api.w.org\/{rel}","templated":true}]}}