{"id":4907,"date":"2021-11-30T07:44:04","date_gmt":"2021-11-30T07:44:04","guid":{"rendered":"http:\/\/hubertpietka.bialystok.pl\/?page_id=4907"},"modified":"2021-11-30T07:44:04","modified_gmt":"2021-11-30T07:44:04","slug":"wojska-rosyjskie-przy-wschodniej-granicy","status":"publish","type":"page","link":"https:\/\/hubertpietka.bialystok.pl\/?page_id=4907","title":{"rendered":"Wojska rosyjskie \/ przy wschodniej granicy"},"content":{"rendered":"<p><em><strong>Wojska rosyjskie \/ przy wschodniej granicy<\/strong><\/em><\/p>\n<p>*U-kraina*<br \/>\n*<em>You<\/em> i kraina* ta<br \/>\nA *<em>Your<\/em> kraina*<br \/>\nA je\u015bli by chodzi\u0142o o tw\u00f3j kraj<br \/>\nBo podobno Rosja magazynuje wojska<br \/>\nPrzy wschodniej granicy Ukrainy<br \/>\nI podobno ju\u017c to po raz drugi<br \/>\nOd kijowskiego Majdanu<br \/>\nJestem z Ukrain\u0105 sercem<\/p>\n<p>I nie mo\u017cna milcze\u0107<br \/>\nBo jak m\u00f3wi\u0142 \u015bp. Prezydent prof. Lech Kaczy\u0144ski<br \/>\nKt\u00f3ry w Smole\u0144sku poleg\u0142<br \/>\nJak m\u00f3wi\u0142 w gruzi\u0144skim Tbilisi<br \/>\n<em>Najpierw Ukraina Gruzja kraje ba\u0142tyckie<\/em><br \/>\n<em> A potem mo\u017ce kraj m\u00f3j<\/em><br \/>\nMo\u017ce dlatego w\u0142a\u015bnie zgin\u0105\u0142<\/p>\n<p>A czy\u017c to zamieszanie<br \/>\nNa wschodniej polskiej granicy<br \/>\nNie ma te\u017c konotacji rosyjskich<\/p>\n<p><a href=\"http:\/\/hubertpietka.bialystok.pl\/wp-content\/uploads\/2021\/11\/IMG_20211130_083324.jpg\"><img loading=\"lazy\" decoding=\"async\" class=\"alignnone size-thumbnail wp-image-4908\" src=\"http:\/\/hubertpietka.bialystok.pl\/wp-content\/uploads\/2021\/11\/IMG_20211130_083324-150x150.jpg\" alt=\"\" width=\"150\" height=\"150\" srcset=\"https:\/\/hubertpietka.bialystok.pl\/wp-content\/uploads\/2021\/11\/IMG_20211130_083324-150x150.jpg 150w, https:\/\/hubertpietka.bialystok.pl\/wp-content\/uploads\/2021\/11\/IMG_20211130_083324-75x75.jpg 75w\" sizes=\"auto, (max-width: 150px) 100vw, 150px\" \/><\/a><\/p>\n<p><em>Na zdj. Koza Basia nasza w zagr\u00f3dce<\/em><br \/>\n<em> Je co\u015b sobie<\/em><br \/>\n<em> Prosz\u0119 zwr\u00f3ci\u0107 uwag\u0119 na to jakie ma umaszczenie<\/em><br \/>\n<em> Bia\u0142a plamka przypomina Polsk\u0119<\/em><br \/>\n<em> A ta oddzielona od niej<\/em><br \/>\n<em> Ukrain\u0119 i kraje poni\u017cej<\/em><br \/>\n<em>S\u0142owacj\u0119 Rumuni\u0119 Mo\u0142dawi\u0119<\/em><br \/>\n<em> Mo\u017ce dlatego S\u0142owacja kolumn\u0119 wojskow\u0105<\/em><br \/>\n<em> Wys\u0142a\u0142a Ukrainie na wsparcie<\/em><br \/>\n<em> Jak widzia\u0142em na filmiku pewnym<\/em><br \/>\n<em> Przeje\u017cd\u017caj\u0105c\u0105 przez polskie Podkarpacie<\/em><\/p>\n<p><strong>Nie mo\u017cna ju\u017c d\u0142u\u017cej milcze\u0107<\/strong><br \/>\n<strong> Dzi\u015b 430 rocznica urodzin Aposto\u0142a Polesia<\/strong><br \/>\n<strong> \u015aw. Andrzeja *Bo-boli*<\/strong><br \/>\n<strong> Mnie bol\u0105 te rzeczy<\/strong><br \/>\n<strong> Przysz\u0142o\u015b\u0107 na prawdzie budowa\u0107 trzeba<\/strong><br \/>\n<strong> Dzi\u015b te\u017c \u015bw. Andrzeja Aposto\u0142a<\/strong><br \/>\n<strong> Czczonego mocno w tradycji wschodniej<\/strong><br \/>\n<strong> Imi\u0119 jego <em>dzielny<\/em> znaczy<\/strong><br \/>\n<strong> Nie mo\u017cna bezczynnie tylko patrze\u0107<\/strong><br \/>\n<strong> Trzeba dzia\u0142a\u0107 ku dobru<\/strong><br \/>\n<strong> I nie myli\u0107 agresora i jego ofiar<\/strong><br \/>\n<strong> Matko S\u0142owa Patronko katolik\u00f3w rosyjskich<\/strong><br \/>\n<strong> M\u00f3dl si\u0119 za nami<\/strong><br \/>\n<strong> By\u015bmy byli odwa\u017cni<\/strong><br \/>\n<strong> I w s\u0142owie i w czynie odpowiednim tak\u017ce<\/strong><\/p>\n","protected":false},"excerpt":{"rendered":"<p>Wojska rosyjskie \/ przy wschodniej granicy *U-kraina* *You i kraina* ta A *Your kraina* A je\u015bli by chodzi\u0142o o tw\u00f3j kraj Bo podobno Rosja magazynuje&hellip; <\/p>\n","protected":false},"author":1,"featured_media":0,"parent":0,"menu_order":0,"comment_status":"closed","ping_status":"closed","template":"","meta":{"footnotes":""},"class_list":["post-4907","page","type-page","status-publish","hentry"],"_links":{"self":[{"href":"https:\/\/hubertpietka.bialystok.pl\/index.php?rest_route=\/wp\/v2\/pages\/4907","targetHints":{"allow":["GET"]}}],"collection":[{"href":"https:\/\/hubertpietka.bialystok.pl\/index.php?rest_route=\/wp\/v2\/pages"}],"about":[{"href":"https:\/\/hubertpietka.bialystok.pl\/index.php?rest_route=\/wp\/v2\/types\/page"}],"author":[{"embeddable":true,"href":"https:\/\/hubertpietka.bialystok.pl\/index.php?rest_route=\/wp\/v2\/users\/1"}],"replies":[{"embeddable":true,"href":"https:\/\/hubertpietka.bialystok.pl\/index.php?rest_route=%2Fwp%2Fv2%2Fcomments&post=4907"}],"version-history":[{"count":1,"href":"https:\/\/hubertpietka.bialystok.pl\/index.php?rest_route=\/wp\/v2\/pages\/4907\/revisions"}],"predecessor-version":[{"id":4909,"href":"https:\/\/hubertpietka.bialystok.pl\/index.php?rest_route=\/wp\/v2\/pages\/4907\/revisions\/4909"}],"wp:attachment":[{"href":"https:\/\/hubertpietka.bialystok.pl\/index.php?rest_route=%2Fwp%2Fv2%2Fmedia&parent=4907"}],"curies":[{"name":"wp","href":"https:\/\/api.w.org\/{rel}","templated":true}]}}