{"id":4918,"date":"2021-12-02T14:57:15","date_gmt":"2021-12-02T14:57:15","guid":{"rendered":"http:\/\/hubertpietka.bialystok.pl\/?page_id=4918"},"modified":"2021-12-02T14:57:15","modified_gmt":"2021-12-02T14:57:15","slug":"hej-niutek-heniowi-staniszewskiemu-kilka-nutek","status":"publish","type":"page","link":"https:\/\/hubertpietka.bialystok.pl\/?page_id=4918","title":{"rendered":"*He(j)-niutek* \/ Heniowi Staniszewskiemu kilka nutek"},"content":{"rendered":"<p><em><strong>*He(j)-niutek* \/ Heniowi Staniszewskiemu kilka nutek<\/strong><\/em><\/p>\n<p><strong>1.<\/strong><br \/>\nPewna osoba uwa\u017ca<br \/>\n\u017be jest przez nas bardzo \u017ale traktowana<br \/>\nKorzeniem tego problemu<br \/>\nBy\u0142o nadu\u017cywanie przez ni\u0105 alkoholu<br \/>\nAle nie tylko o to tu chodzi<\/p>\n<p>Ja nie mam nic do alkoholu osobi\u015bcie<br \/>\nJakby nie inaczej potoczy\u0142o si\u0119 moje \u017cycie<br \/>\nTo te\u017c bym mo\u017ce i go nadu\u017cywa\u0142<br \/>\nMam wielu przyjaci\u00f3\u0142 alkoholik\u00f3w<br \/>\nNieprzypadkowo te\u017c Krew Eucharystyczna Jezusa<br \/>\nWywodzi si\u0119 z wina<br \/>\nO miar\u0119 tu chodzi przecie\u017c<br \/>\nA alkoholizm to choroba jest<br \/>\nKt\u00f3r\u0105 mo\u017cna leczy\u0107<\/p>\n<p>Ta osoba kt\u00f3ra ma wobec nas<br \/>\nWiele zarzut\u00f3w te\u017c<br \/>\nTak si\u0119 sk\u0142ada \u017ce<br \/>\nChora psychicznie jednocze\u015bnie jest<br \/>\nTo dla mnie te\u017c \u017cadna przeszkod\u0105 nie jest<br \/>\nZnam wiele takich os\u00f3b<br \/>\nI cz\u0119sto s\u0105 to mimo swego cierpienia<br \/>\nOsoby pi\u0119kne<br \/>\nMam te\u017c i w\u015br\u00f3d takich<br \/>\nWielu przyjaci\u00f3\u0142<\/p>\n<p>W tym przypadku chodzi o co\u015b innego<br \/>\nO to \u017ce w trakcie alkoholowego upojenia<br \/>\nU tej osoby ujawnia si\u0119 pewne zniewolenie<br \/>\nKt\u00f3re mocno w nas uderza<br \/>\nA ta osoba potem nic nie pami\u0119ta<br \/>\nI si\u0119 tego wypiera<br \/>\nA my jej histori\u0119 znamy<br \/>\nI to \u017ce nie zawsze wybiera\u0142a drogi<br \/>\nCzyste duchowo i moralnie<\/p>\n<p>I o to tu chodzi<br \/>\nNikt o zdrowych zmys\u0142ach<br \/>\nNie wystawia\u0142 by si\u0119 \u015bwiadomie i dobrowolnie<br \/>\nNa dzia\u0142anie z\u0142a<br \/>\nJak\u0105kolwiek form\u0119 ono przybiera<\/p>\n<p><strong>2.<\/strong><\/p>\n<p>Niedawno odszed\u0142 m\u00f3j przyjaciel<br \/>\nPrzedwczoraj by\u0142 jego pogrzeb<br \/>\nTak nadu\u017cywa\u0142 alkoholu<br \/>\nAle zawsze mia\u0142 dobre s\u0142owo<br \/>\nI nie by\u0142 raczej agresywny<\/p>\n<p>Z Heniutkiem rozmawiali\u015bmy o pi\u0142ce<br \/>\nTo by\u0142a wa\u017cna sfera w jego \u017cyciu<br \/>\nJak ja gra\u0142 we W\u0142\u00f3kniarzu<br \/>\nMy\u015bl\u0119 \u017ce by\u0142 dobrym pi\u0142karzem<br \/>\nOceniaj\u0105c jego serce waleczne<\/p>\n<p>Zawsze za\u017cartowa\u0107 umia\u0142<br \/>\nI nawet gdy za ko\u0142nierz nie wylewa\u0142<br \/>\nTo kulturalnie i \u0142agodnie<br \/>\nNie by\u0142 mo\u017ce anio\u0142em dla \u017cony swojej<br \/>\nAle o wnuk\u00f3w i dzieci dba\u0142 na pewno<\/p>\n<p>Heniu by\u0142 przyk\u0142adem<br \/>\nJak pogodzi\u0107 uzale\u017cnienie od alkoholu<br \/>\nZ byciem cz\u0142owiekiem<br \/>\nMimo wszystko a mo\u017ce i w\u0142a\u015bnie dlatego<br \/>\nI my\u015bl\u0119 \u017ce by\u0142 \u015bwiadomy s\u0142abo\u015bci swoich<\/p>\n<p>Odpoczywaj w pokoju<br \/>\nStary pi\u0142karzu<br \/>\nSerca si\u0119 rozpoznaj\u0105<br \/>\nNawet mimo<br \/>\nStyl\u00f3w \u017cycia r\u00f3\u017cnych<\/p>\n<p><a href=\"http:\/\/hubertpietka.bialystok.pl\/wp-content\/uploads\/2021\/12\/IMG_20211202_153911.jpg\"><img loading=\"lazy\" decoding=\"async\" class=\"alignnone size-thumbnail wp-image-4919\" src=\"http:\/\/hubertpietka.bialystok.pl\/wp-content\/uploads\/2021\/12\/IMG_20211202_153911-150x150.jpg\" alt=\"\" width=\"150\" height=\"150\" srcset=\"https:\/\/hubertpietka.bialystok.pl\/wp-content\/uploads\/2021\/12\/IMG_20211202_153911-150x150.jpg 150w, https:\/\/hubertpietka.bialystok.pl\/wp-content\/uploads\/2021\/12\/IMG_20211202_153911-75x75.jpg 75w\" sizes=\"auto, (max-width: 150px) 100vw, 150px\" \/><\/a><\/p>\n<p><em>Na zdj. Maryja Niepokalana w ko\u015bciele serca\u0144skim<\/em><br \/>\n<em> W K\u0105tach Starych<\/em><br \/>\n<em> Panno Czysta<\/em><br \/>\n<em> To co trzeba<\/em><br \/>\n<em> Prostuj i oczyszczaj<\/em><\/p>\n<p><em>Trzeba mie\u0107 serce dla wszystkich<\/em><br \/>\n<em> Serce niskie<\/em><br \/>\n<em> Uni\u017caj\u0105ce si\u0119 jednak najpierw i zawsze przed Panem<\/em><br \/>\n<em> Czy mi wobec kogo\u015b kogokolwiek<\/em><br \/>\n<em> Brakuje serca<\/em><br \/>\n<em> Czy w egoizmie si\u0119 zamykam<\/em><br \/>\n<em> Czy nie raczej jak psalmista<\/em><br \/>\n<em> Oddaj\u0119 to wszystko Panu<\/em><\/p>\n<p><em>Czy\u017c biblijny psalmista by\u0142 egoist\u0105<\/em><br \/>\n<em> Kiedy modli\u0142 si\u0119 w prze\u015bladowaniu i utrapieniu<\/em><br \/>\n<em> Czy\u017c nie tak w\u0142a\u015bnie post\u0119powa\u0107 si\u0119 staram<\/em><br \/>\n<em> Ty wiesz Panie<\/em><\/p>\n<p style=\"text-align: center;\"><a href=\"https:\/\/youtu.be\/T0XXseBT8I8\"><strong><em>Krystian Ochman &#8211; \u015awiat\u0142ocienie \/ Odcinek fina\u0142owy &#8211; The Voice of Poland 11<\/em><\/strong><\/a><\/p>\n","protected":false},"excerpt":{"rendered":"<p>*He(j)-niutek* \/ Heniowi Staniszewskiemu kilka nutek 1. Pewna osoba uwa\u017ca \u017be jest przez nas bardzo \u017ale traktowana Korzeniem tego problemu By\u0142o nadu\u017cywanie przez ni\u0105 alkoholu&hellip; <\/p>\n","protected":false},"author":1,"featured_media":0,"parent":0,"menu_order":0,"comment_status":"closed","ping_status":"closed","template":"","meta":{"footnotes":""},"class_list":["post-4918","page","type-page","status-publish","hentry"],"_links":{"self":[{"href":"https:\/\/hubertpietka.bialystok.pl\/index.php?rest_route=\/wp\/v2\/pages\/4918","targetHints":{"allow":["GET"]}}],"collection":[{"href":"https:\/\/hubertpietka.bialystok.pl\/index.php?rest_route=\/wp\/v2\/pages"}],"about":[{"href":"https:\/\/hubertpietka.bialystok.pl\/index.php?rest_route=\/wp\/v2\/types\/page"}],"author":[{"embeddable":true,"href":"https:\/\/hubertpietka.bialystok.pl\/index.php?rest_route=\/wp\/v2\/users\/1"}],"replies":[{"embeddable":true,"href":"https:\/\/hubertpietka.bialystok.pl\/index.php?rest_route=%2Fwp%2Fv2%2Fcomments&post=4918"}],"version-history":[{"count":1,"href":"https:\/\/hubertpietka.bialystok.pl\/index.php?rest_route=\/wp\/v2\/pages\/4918\/revisions"}],"predecessor-version":[{"id":4920,"href":"https:\/\/hubertpietka.bialystok.pl\/index.php?rest_route=\/wp\/v2\/pages\/4918\/revisions\/4920"}],"wp:attachment":[{"href":"https:\/\/hubertpietka.bialystok.pl\/index.php?rest_route=%2Fwp%2Fv2%2Fmedia&parent=4918"}],"curies":[{"name":"wp","href":"https:\/\/api.w.org\/{rel}","templated":true}]}}