{"id":5140,"date":"2022-01-05T00:20:42","date_gmt":"2022-01-05T00:20:42","guid":{"rendered":"http:\/\/hubertpietka.bialystok.pl\/?page_id=5140"},"modified":"2022-01-05T00:20:42","modified_gmt":"2022-01-05T00:20:42","slug":"czerw-cowe-odniesienia-pewne","status":"publish","type":"page","link":"https:\/\/hubertpietka.bialystok.pl\/?page_id=5140","title":{"rendered":"Czerw-cowe \/ odniesienia pewne"},"content":{"rendered":"<p><em><strong>Czerw-cowe \/ odniesienia pewne<\/strong><\/em><\/p>\n<p><strong>1.<\/strong><br \/>\nOd czerwca a mo\u017ce i troch\u0119 wcze\u015bniej<br \/>\nJu\u017c na wiosn\u0119 chcia\u0142em zapyta\u0107<br \/>\nI jesieni\u0105 i latem zada\u0107 pewne pytanie<br \/>\nS\u0105siedzie drogi<br \/>\nKto tam mieszka u ciebie<\/p>\n<p>Nie \u017cebym by\u0142 w\u015bcibski<br \/>\nDrogi s\u0105siedzie taki czy inny<br \/>\nZapewne to s\u0105 zwyk\u0142e osoby<br \/>\nTakie czy inne<br \/>\nJednak kt\u00f3re potrafi\u0105 si\u0119 przysposobi\u0107<\/p>\n<p>By okaza\u0107 pewn\u0105 wielko\u015b\u0107<br \/>\nW sytuacji kt\u00f3ra tego b\u0119dzie niew\u0105tpliwie wymaga\u0107<br \/>\nWielko\u015b\u0107 wspania\u0142ych ludzi si\u0119 okazuje<br \/>\nW ge\u015bcie odpowiedniej pomocy<br \/>\nInnym ludziom wielkim wspania\u0142ym przecie\u017c<\/p>\n<p><strong>2.<\/strong><br \/>\nTak od czerwca a mo\u017ce i d\u0142u\u017cej<br \/>\nZadomowi\u0107 si\u0119 \u017cmija mo\u017ce<br \/>\nNie tylko w domu<br \/>\nAle i w pewnym klasztorze<br \/>\nI to niby *serc-anin* a *serca ani* ani<\/p>\n<p><strong>3.<\/strong><br \/>\n<strong>Dzi\u015b wspominany by\u0142 \u015bw. *Cyr-jak*<\/strong><br \/>\n<strong> *Cyrk jaki* i w klasztorze<\/strong><br \/>\n<strong> I w ko\u0142o domu<\/strong><br \/>\n<strong> I w domu<\/strong><br \/>\n<strong> Najwa\u017cniejsze jednak aby te atrakcje<\/strong><br \/>\n<strong> Zgubi\u0107 mog\u0142y pewnych prostak\u00f3w<\/strong><br \/>\n<strong> A osoby wielkie i wspania\u0142e<\/strong><br \/>\n<strong> G\u00f3r\u0105 si\u0119 okaza\u0142y<\/strong><\/p>\n<p><strong>4.<\/strong><br \/>\nOd czerwca a mo\u017ce d\u0142u\u017cej<br \/>\nI nie tylko roku tego<br \/>\nCzerw toczy polsk\u0105 ziemi\u0119<br \/>\nI nie tylko chyba tutaj<br \/>\nCzerw toczy wiele serc ludzkich<br \/>\nA czerwem najgorszym rakiem duszy<br \/>\nJest \u017cycie w grzechu ci\u0119\u017ckim<\/p>\n<p><a href=\"http:\/\/hubertpietka.bialystok.pl\/wp-content\/uploads\/2022\/01\/IMG_20220105_010906.jpg\"><img loading=\"lazy\" decoding=\"async\" class=\"alignnone size-thumbnail wp-image-5143\" src=\"http:\/\/hubertpietka.bialystok.pl\/wp-content\/uploads\/2022\/01\/IMG_20220105_010906-150x150.jpg\" alt=\"\" width=\"150\" height=\"150\" srcset=\"https:\/\/hubertpietka.bialystok.pl\/wp-content\/uploads\/2022\/01\/IMG_20220105_010906-150x150.jpg 150w, https:\/\/hubertpietka.bialystok.pl\/wp-content\/uploads\/2022\/01\/IMG_20220105_010906-75x75.jpg 75w\" sizes=\"auto, (max-width: 150px) 100vw, 150px\" \/><\/a><\/p>\n<p><em>Na zdj.\u00a0Na tego czerwa Jezus Mi\u0142osierny<\/em><br \/>\n<em> I \u017cycie w prawdzie<\/em><br \/>\n<em> Cho\u0107 wydaje si\u0119 \u017ce k\u0142amstwo i ob\u0142uda<\/em><br \/>\n<em> Maj\u0105 si\u0119 bardzo dobrze<\/em><br \/>\n<em> To On i tak zwyci\u0119\u017cy<\/em><br \/>\n<em> Bo On wbrew pozorom<\/em><br \/>\n<em> Zwyci\u0119\u017ca zawsze przez prawd\u0119<\/em><br \/>\n<em> W ko\u015bciele Ducha \u015awi\u0119tego kieleckim<\/em><br \/>\n<em> Jezus Mi\u0142osierny<\/em><\/p>\n","protected":false},"excerpt":{"rendered":"<p>Czerw-cowe \/ odniesienia pewne 1. Od czerwca a mo\u017ce i troch\u0119 wcze\u015bniej Ju\u017c na wiosn\u0119 chcia\u0142em zapyta\u0107 I jesieni\u0105 i latem zada\u0107 pewne pytanie S\u0105siedzie&hellip; <\/p>\n","protected":false},"author":1,"featured_media":0,"parent":0,"menu_order":0,"comment_status":"closed","ping_status":"closed","template":"","meta":{"footnotes":""},"class_list":["post-5140","page","type-page","status-publish","hentry"],"_links":{"self":[{"href":"https:\/\/hubertpietka.bialystok.pl\/index.php?rest_route=\/wp\/v2\/pages\/5140","targetHints":{"allow":["GET"]}}],"collection":[{"href":"https:\/\/hubertpietka.bialystok.pl\/index.php?rest_route=\/wp\/v2\/pages"}],"about":[{"href":"https:\/\/hubertpietka.bialystok.pl\/index.php?rest_route=\/wp\/v2\/types\/page"}],"author":[{"embeddable":true,"href":"https:\/\/hubertpietka.bialystok.pl\/index.php?rest_route=\/wp\/v2\/users\/1"}],"replies":[{"embeddable":true,"href":"https:\/\/hubertpietka.bialystok.pl\/index.php?rest_route=%2Fwp%2Fv2%2Fcomments&post=5140"}],"version-history":[{"count":2,"href":"https:\/\/hubertpietka.bialystok.pl\/index.php?rest_route=\/wp\/v2\/pages\/5140\/revisions"}],"predecessor-version":[{"id":5144,"href":"https:\/\/hubertpietka.bialystok.pl\/index.php?rest_route=\/wp\/v2\/pages\/5140\/revisions\/5144"}],"wp:attachment":[{"href":"https:\/\/hubertpietka.bialystok.pl\/index.php?rest_route=%2Fwp%2Fv2%2Fmedia&parent=5140"}],"curies":[{"name":"wp","href":"https:\/\/api.w.org\/{rel}","templated":true}]}}