{"id":5189,"date":"2022-01-15T10:16:01","date_gmt":"2022-01-15T10:16:01","guid":{"rendered":"http:\/\/hubertpietka.bialystok.pl\/?page_id=5189"},"modified":"2022-01-15T10:18:03","modified_gmt":"2022-01-15T10:18:03","slug":"kruchosc-a-swiat","status":"publish","type":"page","link":"https:\/\/hubertpietka.bialystok.pl\/?page_id=5189","title":{"rendered":"Krucho\u015b\u0107 \/ a \u015bwiat"},"content":{"rendered":"<p><em><strong>Krucho\u015b\u0107 \/ a \u015bwiat<\/strong><\/em><\/p>\n<p>Powiedzia\u0142 do mnie Pan<br \/>\n<em>Je\u015bli zginiesz ty zginie \u015bwiat<\/em><br \/>\nCzemu powiedzia\u0142 tak<br \/>\nOn to wie<\/p>\n<p>A tymczasem<br \/>\n\u015awiat do zatracenia zmierza<br \/>\nChce rzuci\u0107 si\u0119 g\u0142ow\u0105 w d\u00f3\u0142 w przepa\u015b\u0107<br \/>\nIle\u017c mo\u017cna lawin\u0119 powstrzymywa\u0107<br \/>\nCzy\u017c kijem rzek\u0119 zawr\u00f3cisz<\/p>\n<p>Mnie wbrew pozorom<br \/>\nTak bardzo nie zale\u017cy<br \/>\nBym \u017cy\u0142 bo wiem<br \/>\nDok\u0105d ja id\u0119<br \/>\nA czy\u017c \u015bwiat to wie<br \/>\nWiecie gdzie idziecie<br \/>\nJeste\u015bcie pewni \u017ce tam b\u0119dziecie<br \/>\nSko\u0144czy si\u0119 \u015bwiat<br \/>\nA potem s\u0105d<\/p>\n<p>Bo zabrano mi wszystko<br \/>\nNawet moje ostatnie dziecko muzyczne<br \/>\nWcze\u015bniej pi\u0142k\u0119<br \/>\nRelacje mi zabieraj\u0105<br \/>\nUtrzymanie<br \/>\nNawet portal kt\u00f3ry s\u0142u\u017cy<br \/>\nBy wspomaga\u0107 tw\u00f3rc\u00f3w<br \/>\nNajbli\u017csz\u0105 osob\u0119 chc\u0105 mi zabra\u0107<br \/>\nI mnie z tego domu a jak\u017ce<\/p>\n<p><strong>Dzi\u015b wspomnienie \u015bw. Paw\u0142a pustelnika<\/strong><br \/>\n<strong> Patrona paulin\u00f3w<\/strong><br \/>\n<strong> Imi\u0119 jego znaczy ma\u0142y kruchy<\/strong><br \/>\n<strong> Czy\u017c B\u00f3g nie z\u0142o\u017cy\u0142 tego ca\u0142ego \u015bwiata<\/strong><br \/>\n<strong> W r\u0119kach ma\u0142ego kruchego Dzieci\u0119cia<\/strong><br \/>\n<strong> I tych kt\u00f3rzy byli z i przy Nim<\/strong><br \/>\n<strong> Paradoks Bo\u017cy<\/strong><br \/>\n<strong> \u015awiat i krucho\u015b\u0107 r\u00f3wnolegle id\u0105 razem<\/strong><\/p>\n<p><strong><a href=\"http:\/\/hubertpietka.bialystok.pl\/wp-content\/uploads\/2022\/01\/IMG_20220115_110000.jpg\"><img loading=\"lazy\" decoding=\"async\" class=\"alignnone size-thumbnail wp-image-5190\" src=\"http:\/\/hubertpietka.bialystok.pl\/wp-content\/uploads\/2022\/01\/IMG_20220115_110000-150x150.jpg\" alt=\"\" width=\"150\" height=\"150\" srcset=\"https:\/\/hubertpietka.bialystok.pl\/wp-content\/uploads\/2022\/01\/IMG_20220115_110000-150x150.jpg 150w, https:\/\/hubertpietka.bialystok.pl\/wp-content\/uploads\/2022\/01\/IMG_20220115_110000-75x75.jpg 75w\" sizes=\"auto, (max-width: 150px) 100vw, 150px\" \/><\/a><\/strong><\/p>\n<p><em>Na zdj. Stajenka betlejemska i Maryi figurka<\/em><br \/>\n<em> Na dziedzi\u0144cu krakowskiego klasztoru albertynek<\/em><br \/>\n<em> Totus Tuus Maryja<\/em><br \/>\n<em> Tak czy inaczej zawsze<\/em><br \/>\n<em> Ty zwyci\u0119\u017caj czas ju\u017c<\/em><\/p>\n<p>A Bo\u017ca Matka tak\u0105 ko\u0142ysank\u0119<br \/>\n\u015apiewa\u0142a Dzieci\u0105tku<\/p>\n<p style=\"text-align: center;\"><a href=\"https:\/\/youtu.be\/aNVLkU7z6nk\"><em><strong>Czerwone Gitary &#8211; Ko\u0142ysanka dla Okruszka<\/strong><\/em><\/a><\/p>\n","protected":false},"excerpt":{"rendered":"<p>Krucho\u015b\u0107 \/ a \u015bwiat Powiedzia\u0142 do mnie Pan Je\u015bli zginiesz ty zginie \u015bwiat Czemu powiedzia\u0142 tak On to wie A tymczasem \u015awiat do zatracenia zmierza&hellip; <\/p>\n","protected":false},"author":1,"featured_media":0,"parent":0,"menu_order":0,"comment_status":"closed","ping_status":"closed","template":"","meta":{"footnotes":""},"class_list":["post-5189","page","type-page","status-publish","hentry"],"_links":{"self":[{"href":"https:\/\/hubertpietka.bialystok.pl\/index.php?rest_route=\/wp\/v2\/pages\/5189","targetHints":{"allow":["GET"]}}],"collection":[{"href":"https:\/\/hubertpietka.bialystok.pl\/index.php?rest_route=\/wp\/v2\/pages"}],"about":[{"href":"https:\/\/hubertpietka.bialystok.pl\/index.php?rest_route=\/wp\/v2\/types\/page"}],"author":[{"embeddable":true,"href":"https:\/\/hubertpietka.bialystok.pl\/index.php?rest_route=\/wp\/v2\/users\/1"}],"replies":[{"embeddable":true,"href":"https:\/\/hubertpietka.bialystok.pl\/index.php?rest_route=%2Fwp%2Fv2%2Fcomments&post=5189"}],"version-history":[{"count":3,"href":"https:\/\/hubertpietka.bialystok.pl\/index.php?rest_route=\/wp\/v2\/pages\/5189\/revisions"}],"predecessor-version":[{"id":5193,"href":"https:\/\/hubertpietka.bialystok.pl\/index.php?rest_route=\/wp\/v2\/pages\/5189\/revisions\/5193"}],"wp:attachment":[{"href":"https:\/\/hubertpietka.bialystok.pl\/index.php?rest_route=%2Fwp%2Fv2%2Fmedia&parent=5189"}],"curies":[{"name":"wp","href":"https:\/\/api.w.org\/{rel}","templated":true}]}}

Kruchość / a świat

<p><em><strong>Kruchość / a świat</strong></em></p>
<p>Powiedział do mnie Pan<br />
<em>Jeśli zginiesz ty zginie świat</em><br />
Czemu powiedział tak<br />
On to wie</p>
<p>A tymczasem<br />
Świat do zatracenia zmierza<br />
Chce rzucić się głową w dół w przepaść<br />
Ileż można lawinę powstrzymywać<br />
Czyż kijem rzekę zawrócisz</p>
<p>Mnie wbrew pozorom<br />
Tak bardzo nie zależy<br />
Bym żył bo wiem<br />
Dokąd ja idę<br />
A czyż świat to wie<br />
Wiecie gdzie idziecie<br />
Jesteście pewni że tam będziecie<br />
Skończy się świat<br />
A potem sąd</p>
<p>Bo zabrano mi wszystko<br />
Nawet moje ostatnie dziecko muzyczne<br />
Wcześniej piłkę<br />
Relacje mi zabierają<br />
Utrzymanie<br />
Nawet portal który służy<br />
By wspomagać twórców<br />
Najbliższą osobę chcą mi zabrać<br />
I mnie z tego domu a jakże</p>
<p><strong>Dziś wspomnienie św. Pawła pustelnika</strong><br />
<strong> Patrona paulinów</strong><br />
<strong> Imię jego znaczy mały kruchy</strong><br />
<strong> Czyż Bóg nie złożył tego całego świata</strong><br />
<strong> W rękach małego kruchego Dziecięcia</strong><br />
<strong> I tych którzy byli z i przy Nim</strong><br />
<strong> Paradoks Boży</strong><br />
<strong> Świat i kruchość równolegle idą razem</strong></p>
<p><strong><a href="http://hubertpietka.bialystok.pl/wp-content/uploads/2022/01/IMG_20220115_110000.jpg"><img loading="lazy" decoding="async" class="alignnone size-thumbnail wp-image-5190" src="http://hubertpietka.bialystok.pl/wp-content/uploads/2022/01/IMG_20220115_110000-150x150.jpg" alt="" width="150" height="150" srcset="https://hubertpietka.bialystok.pl/wp-content/uploads/2022/01/IMG_20220115_110000-150x150.jpg 150w, https://hubertpietka.bialystok.pl/wp-content/uploads/2022/01/IMG_20220115_110000-75x75.jpg 75w" sizes="auto, (max-width: 150px) 100vw, 150px" /></a></strong></p>
<p><em>Na zdj. Stajenka betlejemska i Maryi figurka</em><br />
<em> Na dziedzińcu krakowskiego klasztoru albertynek</em><br />
<em> Totus Tuus Maryja</em><br />
<em> Tak czy inaczej zawsze</em><br />
<em> Ty zwyciężaj czas już</em></p>
<p>A Boża Matka taką kołysankę<br />
Śpiewała Dzieciątku</p>
<p style="text-align: center;"><a href="https://youtu.be/aNVLkU7z6nk"><em><strong>Czerwone Gitary &#8211; Kołysanka dla Okruszka</strong></em></a></p>

<p>Kruchość / a świat Powiedział do mnie Pan Jeśli zginiesz ty zginie świat Czemu powiedział tak On to wie A tymczasem Świat do zatracenia zmierza&hellip; </p>
