{"id":5279,"date":"2022-02-04T00:55:06","date_gmt":"2022-02-04T00:55:06","guid":{"rendered":"http:\/\/hubertpietka.bialystok.pl\/?page_id=5279"},"modified":"2022-02-04T01:02:24","modified_gmt":"2022-02-04T01:02:24","slug":"kto-sluzy-komu-poznaje-sie-po-owocach","status":"publish","type":"page","link":"https:\/\/hubertpietka.bialystok.pl\/?page_id=5279","title":{"rendered":"Kto s\u0142u\u017cy komu \/ poznaje si\u0119 po owocach"},"content":{"rendered":"<p><em><strong>Kto s\u0142u\u017cy komu \/ poznaje si\u0119 po owocach<\/strong><\/em><\/p>\n<p>Jak to mo\u017cna wszystko czyni\u0107<br \/>\nZupe\u0142nie przypadkowo i ca\u0142kowicie niewinnie<br \/>\nTak jak pewien wielki i wspania\u0142y cz\u0142owiek<br \/>\nKt\u00f3ry im przez to s\u0142u\u017cy<br \/>\nWe wszystkim co do nas si\u0119 odnosi<br \/>\nAle to tylko tak wychodzi<br \/>\nI w ten sam spos\u00f3b<br \/>\nWychodzi on im naprzeciw<br \/>\nW kroku pierwszym<br \/>\nA w drugim si\u0119 on przyczyni\u0107 ma<br \/>\nDo mojego pojmania<br \/>\nOczywi\u015bcie w spos\u00f3b ca\u0142kowicie niewinny<br \/>\nI zupe\u0142nie przypadkowo<br \/>\nNie mo\u017ce by\u0107 inaczej<br \/>\nJak sam to m\u00f3wi<\/p>\n<p>Jezus powiedzia\u0142 do swoich uczni\u00f3w<br \/>\n\u017be w\u0119\u017ce b\u0119d\u0105 bra\u0107 do r\u0105k swych<br \/>\nCzyli b\u0119d\u0105 si\u0119 oni rozprawia\u0107 z ob\u0142ud\u0105<br \/>\nJezus da\u0142 takie prawo uczniom<br \/>\nBo i sam to czyni\u0142 wobec faryzeusz\u00f3w<br \/>\nPoza tym powiedzia\u0142 te\u017c \u017ce<br \/>\nJe\u015bli by co\u015b zatrutego wypili<br \/>\nTo nie b\u0119dzie im szkodzi\u0107<br \/>\nCzyli \u017cadne k\u0142amstwo<br \/>\nSkierowane w nich si\u0119 na d\u0142u\u017csz\u0105 met\u0119 nie ostoi<br \/>\nWobec prawdy Bo\u017cej<\/p>\n<p>Nie my\u015bl \u017ce nie my\u015bl\u0119<br \/>\n\u017be nie pami\u0119tam<br \/>\nZwracam si\u0119 do bliskich<br \/>\n\u017be nie kocham<br \/>\nSi\u0119 za was modl\u0119<br \/>\nBo ja w swej ma\u0142o\u015bci<br \/>\nOgarn\u0105\u0107 mog\u0119 niewiele<br \/>\nAle B\u00f3g wszystko mo\u017ce<br \/>\nDlatego Mu Was oddaj\u0119<br \/>\nI On wszystko ogarnie<br \/>\nW Swoim czasie<br \/>\nOka\u017ce si\u0119 jeszcze Jego chwa\u0142a<br \/>\nMimo \u017ce teraz wydaje si\u0119 troch\u0119 inaczej<\/p>\n<p>Dzisiaj \u015bw. Nelsona<br \/>\nJest taki chwyt w zapasach<br \/>\nZaczyna si\u0119 olimpiada co prawda ta zimowa<br \/>\nCzasem si\u0119 wydaje \u017ce nie uda si\u0119 wyswobodzi\u0107<br \/>\nZ jakiego\u015b z\u0142owrogiego *u(\u015b)cisku*<br \/>\n\u017be pozamykane drogi wszystkie<br \/>\nA jednak B\u00f3g jest wi\u0119kszy<\/p>\n<p><a href=\"http:\/\/hubertpietka.bialystok.pl\/wp-content\/uploads\/2022\/02\/IMG_20220204_014723.jpg\"><img loading=\"lazy\" decoding=\"async\" class=\"alignnone size-thumbnail wp-image-5280\" src=\"http:\/\/hubertpietka.bialystok.pl\/wp-content\/uploads\/2022\/02\/IMG_20220204_014723-150x150.jpg\" alt=\"\" width=\"150\" height=\"150\" srcset=\"https:\/\/hubertpietka.bialystok.pl\/wp-content\/uploads\/2022\/02\/IMG_20220204_014723-150x150.jpg 150w, https:\/\/hubertpietka.bialystok.pl\/wp-content\/uploads\/2022\/02\/IMG_20220204_014723-75x75.jpg 75w\" sizes=\"auto, (max-width: 150px) 100vw, 150px\" \/><\/a><\/p>\n<p><em>Na zdj. Wsch\u00f3d s\u0142o\u0144ca dzisiaj z rana<\/em><br \/>\n<em> Zostali\u015bmy obudzeni z tego powodu<\/em><br \/>\n<em> \u017be kto\u015b szuka\u0142 kluczy u nas<\/em><br \/>\n<em> Kt\u00f3re sam wzi\u0105\u0142 do siebie<\/em><br \/>\n<em> Mimo \u017ce powinny by\u0107 na wsp\u00f3lnym miejscu<\/em><br \/>\n<em> Oczywi\u015bcie ca\u0142kowicie przypadkowo i zupe\u0142nie niewinnie<\/em><br \/>\n<em> Ale dzi\u0119ki temu taki paradoks<\/em><br \/>\n<em> Mogli\u015bmy pochwali\u0107 Pana rano<\/em><br \/>\n<em> Mimo pocz\u0105tkowych emocji raczej nie\u00a0 pozytywnych bardzo<\/em><br \/>\n<em> Przecie\u017c mo\u017cna pami\u0119ta\u0107 i zapomnie\u0107<\/em><br \/>\n<em> Przypadkowo i niewinnie wszystko<\/em><br \/>\n<em> W zale\u017cno\u015bci od tego<\/em><br \/>\n<em> Co komu ma s\u0142u\u017cy\u0107<\/em><br \/>\n<em> Nie nam przecie\u017c<\/em><br \/>\n<em> To kto\u015b przy wielkiej \u0142asce<\/em><br \/>\n<em> U nich zdecydowanie<\/em><\/p>\n<p style=\"text-align: center;\"><a href=\"https:\/\/youtu.be\/CRAHU1YYGL8\"><strong><em>Ochman &#8211; Pewnego dnia<\/em><\/strong><\/a><\/p>\n","protected":false},"excerpt":{"rendered":"<p>Kto s\u0142u\u017cy komu \/ poznaje si\u0119 po owocach Jak to mo\u017cna wszystko czyni\u0107 Zupe\u0142nie przypadkowo i ca\u0142kowicie niewinnie Tak jak pewien wielki i wspania\u0142y cz\u0142owiek&hellip; <\/p>\n","protected":false},"author":1,"featured_media":0,"parent":0,"menu_order":0,"comment_status":"closed","ping_status":"closed","template":"","meta":{"footnotes":""},"class_list":["post-5279","page","type-page","status-publish","hentry"],"_links":{"self":[{"href":"https:\/\/hubertpietka.bialystok.pl\/index.php?rest_route=\/wp\/v2\/pages\/5279","targetHints":{"allow":["GET"]}}],"collection":[{"href":"https:\/\/hubertpietka.bialystok.pl\/index.php?rest_route=\/wp\/v2\/pages"}],"about":[{"href":"https:\/\/hubertpietka.bialystok.pl\/index.php?rest_route=\/wp\/v2\/types\/page"}],"author":[{"embeddable":true,"href":"https:\/\/hubertpietka.bialystok.pl\/index.php?rest_route=\/wp\/v2\/users\/1"}],"replies":[{"embeddable":true,"href":"https:\/\/hubertpietka.bialystok.pl\/index.php?rest_route=%2Fwp%2Fv2%2Fcomments&post=5279"}],"version-history":[{"count":2,"href":"https:\/\/hubertpietka.bialystok.pl\/index.php?rest_route=\/wp\/v2\/pages\/5279\/revisions"}],"predecessor-version":[{"id":5283,"href":"https:\/\/hubertpietka.bialystok.pl\/index.php?rest_route=\/wp\/v2\/pages\/5279\/revisions\/5283"}],"wp:attachment":[{"href":"https:\/\/hubertpietka.bialystok.pl\/index.php?rest_route=%2Fwp%2Fv2%2Fmedia&parent=5279"}],"curies":[{"name":"wp","href":"https:\/\/api.w.org\/{rel}","templated":true}]}}