{"id":5316,"date":"2022-02-16T01:09:59","date_gmt":"2022-02-16T01:09:59","guid":{"rendered":"http:\/\/hubertpietka.bialystok.pl\/?page_id=5316"},"modified":"2022-02-16T01:09:59","modified_gmt":"2022-02-16T01:09:59","slug":"atak-rosyjski-na-panstwo-ukrainskie","status":"publish","type":"page","link":"https:\/\/hubertpietka.bialystok.pl\/?page_id=5316","title":{"rendered":"Atak rosyjski \/ na pa\u0144stwo ukrai\u0144skie"},"content":{"rendered":"<p><em><strong>Atak rosyjski \/ na pa\u0144stwo ukrai\u0144skie<\/strong><\/em><\/p>\n<p>Pewien cz\u0142owiek wspania\u0142y i wielki<br \/>\nCo nast\u0119puje stwierdzi\u0142<br \/>\n\u017be przecie\u017c Ukraina to s\u0105 rosyjskie ziemie<br \/>\nPodobno ju\u017c wojsko *sobie*ckie<br \/>\nJest gotowe do ataku na to pa\u0144stwo<br \/>\nPrzecie\u017c mu si\u0119 ten teren wed\u0142ug niekt\u00f3rych nale\u017cy<br \/>\nA mo\u017ce id\u0105c dalej<br \/>\nTo podobnie i Polska i kraje ba\u0142tyckie<br \/>\nKraje s\u0142owia\u0144skie i tak dalej<br \/>\nJe\u015bli wydaje si\u0119 cywilizacjom zachodnim<br \/>\n\u017be mog\u0105 by\u0107 spokojne w tej sytuacji<br \/>\nTo oby nie potwierdzi\u0142y si\u0119 ambicje Rosji<br \/>\nPodobne chocia\u017cby do tych jak w roku 1920<br \/>\nBo co\u015b to wszystko zakrawa<br \/>\nNa militarny imperializm<br \/>\nKt\u00f3ry ma swe tradycj\u0119 przecie\u017c w tym kraju<\/p>\n<p style=\"text-align: center;\"><a href=\"https:\/\/youtu.be\/e1AmVd8OLd0\"><em><strong>Hej Soko\u0142y &#8211; AnnaLu &amp; Shavez<\/strong><\/em><\/a><\/p>\n<p>A cz\u0142owiek wspania\u0142y i wielki<br \/>\nNa milusi\u00f3w swoich ci\u0105gle czeka<br \/>\nOczywi\u015bcie niewinnie i przypadkowo<br \/>\nI zapewne pod\u015bwiadomie<br \/>\nTe\u017c im wychodzi na przeciw<br \/>\nA swoj\u0105 te\u017c drog\u0105 s\u0105 ci milusie czasem<br \/>\nRubaszniki sympatyczne bardzo<br \/>\nBo jak nie ja mam im wyj\u015b\u0107 na przeciw<br \/>\nTo mo\u017ce moja \u017cona a mo\u017ce kto\u015b z boku<br \/>\nNa pewno mia\u0142by on u nich zas\u0142ugi<br \/>\nNa miar\u0119 cz\u0142owieka wielkiego wspania\u0142ego<br \/>\nZa taki post\u0119pek<br \/>\nA moj\u0105 \u017cona to mo\u017ce i by\u0142aby uniewinniona<br \/>\nChocia\u017c Panie Bo\u017ce mi\u0142y<br \/>\nNic z\u0142ego nie zrobi\u0142a<br \/>\nTylko bardzo ukocha\u0142a swojego m\u0119\u017ca<\/p>\n<p style=\"text-align: center;\"><a href=\"https:\/\/youtu.be\/IYAvu2m2je4\"><em><strong>Cztery Pory Mi\u0142owania &#8211; Drapie\u017cne noce<\/strong><\/em><\/a><\/p>\n<p><a href=\"http:\/\/hubertpietka.bialystok.pl\/wp-content\/uploads\/2022\/02\/IMG_20220216_011254.jpg\"><img loading=\"lazy\" decoding=\"async\" class=\"alignnone size-thumbnail wp-image-5317\" src=\"http:\/\/hubertpietka.bialystok.pl\/wp-content\/uploads\/2022\/02\/IMG_20220216_011254-150x150.jpg\" alt=\"\" width=\"150\" height=\"150\" srcset=\"https:\/\/hubertpietka.bialystok.pl\/wp-content\/uploads\/2022\/02\/IMG_20220216_011254-150x150.jpg 150w, https:\/\/hubertpietka.bialystok.pl\/wp-content\/uploads\/2022\/02\/IMG_20220216_011254-75x75.jpg 75w\" sizes=\"auto, (max-width: 150px) 100vw, 150px\" \/><\/a><\/p>\n<p><em>Na zdj. Termos po kawie dzisiejszej<\/em><br \/>\n<em> Dwie postaci kt\u00f3re chc\u0105 podzieli\u0107<\/em><br \/>\n<em> Podobnie i kraje kt\u00f3rym si\u0119 to wydaje<\/em><br \/>\n<em> \u017be s\u0105 bezpieczne bardzo<\/em><br \/>\n<em> Bo dzieli ich jaka\u015b granica od wrzenia<\/em><br \/>\n<em> \u017beby si\u0119 nie zdziwi\u0142y<\/em><br \/>\n<em> \u017be granice w niekt\u00f3rych przypadkach<\/em><br \/>\n<em> Mog\u0105 by\u0107&#8230; troch\u0119 p\u0142ynne<\/em><\/p>\n<p style=\"text-align: center;\"><a href=\"https:\/\/youtu.be\/5UB1hlbDLuo\"><strong><em>Ballada wrze\u015bniowa &#8211; Jacek Kaczmarski<\/em><\/strong><\/a><\/p>\n","protected":false},"excerpt":{"rendered":"<p>Atak rosyjski \/ na pa\u0144stwo ukrai\u0144skie Pewien cz\u0142owiek wspania\u0142y i wielki Co nast\u0119puje stwierdzi\u0142 \u017be przecie\u017c Ukraina to s\u0105 rosyjskie ziemie Podobno ju\u017c wojsko *sobie*ckie&hellip; <\/p>\n","protected":false},"author":1,"featured_media":0,"parent":0,"menu_order":0,"comment_status":"closed","ping_status":"closed","template":"","meta":{"footnotes":""},"class_list":["post-5316","page","type-page","status-publish","hentry"],"_links":{"self":[{"href":"https:\/\/hubertpietka.bialystok.pl\/index.php?rest_route=\/wp\/v2\/pages\/5316","targetHints":{"allow":["GET"]}}],"collection":[{"href":"https:\/\/hubertpietka.bialystok.pl\/index.php?rest_route=\/wp\/v2\/pages"}],"about":[{"href":"https:\/\/hubertpietka.bialystok.pl\/index.php?rest_route=\/wp\/v2\/types\/page"}],"author":[{"embeddable":true,"href":"https:\/\/hubertpietka.bialystok.pl\/index.php?rest_route=\/wp\/v2\/users\/1"}],"replies":[{"embeddable":true,"href":"https:\/\/hubertpietka.bialystok.pl\/index.php?rest_route=%2Fwp%2Fv2%2Fcomments&post=5316"}],"version-history":[{"count":1,"href":"https:\/\/hubertpietka.bialystok.pl\/index.php?rest_route=\/wp\/v2\/pages\/5316\/revisions"}],"predecessor-version":[{"id":5318,"href":"https:\/\/hubertpietka.bialystok.pl\/index.php?rest_route=\/wp\/v2\/pages\/5316\/revisions\/5318"}],"wp:attachment":[{"href":"https:\/\/hubertpietka.bialystok.pl\/index.php?rest_route=%2Fwp%2Fv2%2Fmedia&parent=5316"}],"curies":[{"name":"wp","href":"https:\/\/api.w.org\/{rel}","templated":true}]}}