{"id":5390,"date":"2022-03-07T21:40:53","date_gmt":"2022-03-07T21:40:53","guid":{"rendered":"http:\/\/hubertpietka.bialystok.pl\/?page_id=5390"},"modified":"2022-03-07T21:44:38","modified_gmt":"2022-03-07T21:44:38","slug":"poswiecenie-rosji-matce-bozej-fatimskiej","status":"publish","type":"page","link":"https:\/\/hubertpietka.bialystok.pl\/?page_id=5390","title":{"rendered":"Po\u015bwi\u0119cenie Rosji \/ Matce Bo\u017cej Fatimskiej + DODATEK (w\u0142asny \u015bwiatek)"},"content":{"rendered":"<p><em><strong>Po\u015bwi\u0119cenie Rosji \/ Matce Bo\u017cej Fatimskiej<\/strong><\/em><\/p>\n<p><strong>1.<\/strong><\/p>\n<p>Matka Bo\u017ca Fatimska powiedzia\u0142a<br \/>\n\u017be <em>konieczne jest po\u015bwi\u0119cenie Rosji<br \/>\nJej Niepokalanemu Sercu<br \/>\nBo inaczej jej b\u0142\u0119dy<br \/>\nRozlej\u0105 si\u0119 po ca\u0142ym \u015bwiecie<\/em><\/p>\n<p>Nie chodzi tu tylko o<br \/>\nJej imperializm i militaryzm<br \/>\nKt\u00f3remu teraz ofiarnie i dzielnie<br \/>\nUkraina si\u0119 przeciwstawia<br \/>\nZ wymiern\u0105 innych pomoc\u0105<\/p>\n<p>Bardziej tu chodzi o doktryn\u0119 b\u0142\u0119dn\u0105<br \/>\nKt\u00f3r\u0105 ten kraj \u017cyje<br \/>\nI jego nar\u00f3d<br \/>\nBo podobno 75 procent Rosjan<br \/>\nPopiera ideologi\u0119 <em>Krem-la-la-la<\/em><br \/>\nSpu\u015bcizn\u0119 po sowieckim komunistycznym pa\u0144stwie<\/p>\n<p>Przeinaczanie prawdy tak absurdalne<br \/>\n\u017be nawet nie da si\u0119 dyskutowa\u0107 z tym<br \/>\nNazywanie bia\u0142ego czarnym i odwrotnie<br \/>\nPot\u0119gowanie matrixa ob\u0142udy<br \/>\nTak \u017ce prawda si\u0119 gubi<\/p>\n<p><strong>2.<\/strong><\/p>\n<p>Dlatego konieczne jest po\u015bwi\u0119cenie Rosji<br \/>\nNiepokalanemu Sercu Maryi<br \/>\nMo\u017cna to zrobi\u0107 w ten w\u0142a\u015bnie spos\u00f3b<br \/>\nI ka\u017cdy mo\u017ce to zrobi\u0107<\/p>\n<p><em><strong>W \u0142\u0105czno\u015bci z papie\u017cem Ko\u015bcio\u0142a \u015awi\u0119tego i biskupami ca\u0142ego \u015bwiata<br \/>\nPo\u015bwi\u0119cam Rosj\u0119 Niepokalanemu Sercu Maryi<br \/>\nTak aby zosta\u0142y odwr\u00f3cone skutki jej b\u0142\u0119d\u00f3w<br \/>\nBy by\u0142o zniweczone dzia\u0142anie z\u0142a<br \/>\nJezu ufam Tobie ave Maria<\/strong><\/em><\/p>\n<p>\u015awiat nie mo\u017ce pod\u0105\u017ca\u0107 za tymi b\u0142\u0119dami<br \/>\nBo zatraci sw\u0105 istot\u0119<br \/>\nD\u0105\u017cenia do dobra pi\u0119kna prawdy<\/p>\n<p><a href=\"http:\/\/hubertpietka.bialystok.pl\/wp-content\/uploads\/2022\/03\/IMG_20220307_223819.jpg\"><img loading=\"lazy\" decoding=\"async\" class=\"alignnone size-thumbnail wp-image-5391\" src=\"http:\/\/hubertpietka.bialystok.pl\/wp-content\/uploads\/2022\/03\/IMG_20220307_223819-150x150.jpg\" alt=\"\" width=\"150\" height=\"150\" srcset=\"https:\/\/hubertpietka.bialystok.pl\/wp-content\/uploads\/2022\/03\/IMG_20220307_223819-150x150.jpg 150w, https:\/\/hubertpietka.bialystok.pl\/wp-content\/uploads\/2022\/03\/IMG_20220307_223819-75x75.jpg 75w\" sizes=\"auto, (max-width: 150px) 100vw, 150px\" \/><\/a><\/p>\n<p><em>Na zdj. Matka Boska Cz\u0119stochowska<br \/>\nCodziennie nar\u00f3d polski<br \/>\nModlitw\u0119 do niej zanosi<br \/>\nO \u017cycie w pokoju mi\u0142o\u015bci<br \/>\nNie tylko dla siebie<br \/>\nLecz i \u015bwiata ca\u0142ego<br \/>\nTeraz rozlega si\u0119 tam wo\u0142anie<br \/>\nO pok\u00f3j na Ukrainie<br \/>\nBy nie gin\u0119li tam ludzie<br \/>\nBy nie cierpieli niewinni<br \/>\nBo\u017ce wspom\u00f3\u017c Ukrain\u0119 w d\u0105\u017ceniu<br \/>\nO sprawiedliwym narodu tego samostanowieniu<br \/>\nJak i innych narod\u00f3w<br \/>\nKt\u00f3re chc\u0105 \u017cy\u0107 w prawdzie<br \/>\nI obroni\u0107 dobro<\/em><\/p>\n<hr \/>\n<p><strong>+ DODATEK (w\u0142asny \u015bwiatek)<\/strong><\/p>\n<p>Niekt\u00f3re s\u0142u\u017cby u nas<br \/>\nSi\u0119 zachowuj\u0105 jakby przej\u0119\u0142y<br \/>\nSpu\u015bcizn\u0119 z poprzedniej epoki<br \/>\nPowielaj\u0105 PRL-u b\u0142\u0119dy<br \/>\nNieprzypadkowo tutaj<br \/>\nW tym temacie<br \/>\nPo\u015bwi\u0119cenia Rosji<br \/>\nBo one akurat jej b\u0142\u0119dy skrupulatnie powielaj\u0105<br \/>\nPrze\u015bladuj\u0105c chc\u0105cych \u017cy\u0107 w prawdzie<\/p>\n<p>A co do godzin wyznaczonych<br \/>\nW kt\u00f3rych przyj\u015b\u0107 maj\u0105<br \/>\nTacy czy inni<br \/>\nTo kt\u00f3\u017c nad\u0105\u017cy za nimi<br \/>\nWczoraj w tym temacie<br \/>\nZrodzi\u0142o mi si\u0119 przys\u0142owie<br \/>\n<em>Mno\u017cy mo\u017cliwo\u015bci<br \/>\nKto nie mo\u017ce sprawiedliwie pro\u015bciej<\/em><\/p>\n<p>A jak to si\u0119 dzieje<br \/>\n\u017be ten wielki wspania\u0142y cz\u0142owiek<br \/>\nJak i zreszt\u0105 oni<br \/>\nWszystko niewinnie nie\u015bwiadomie<br \/>\nCzy jaktamkolwiek<br \/>\nByle skutecznie i odpowiednio<br \/>\n\u017be im s\u0142u\u017cy tak doskonale<br \/>\nAle w taki spos\u00f3b w\u0142a\u015bnie i nie inaczej<br \/>\n<em>Po owocach poznacie<\/em><br \/>\nI taka na koniec<br \/>\nWyabstrahowana od wszystkiego refleksja<br \/>\n<em>Nie d\u0105\u017cy do \u017cycia prawd\u0105<br \/>\nKto \u017cyje w ob\u0142udzie<br \/>\nI zawsze udawa\u0107 b\u0119dzie<br \/>\nBy osi\u0105gn\u0105\u0107 swe partykularne cele<\/em><\/p>\n","protected":false},"excerpt":{"rendered":"<p>Po\u015bwi\u0119cenie Rosji \/ Matce Bo\u017cej Fatimskiej 1. Matka Bo\u017ca Fatimska powiedzia\u0142a \u017be konieczne jest po\u015bwi\u0119cenie Rosji Jej Niepokalanemu Sercu Bo inaczej jej b\u0142\u0119dy Rozlej\u0105 si\u0119&hellip; <\/p>\n","protected":false},"author":1,"featured_media":0,"parent":0,"menu_order":0,"comment_status":"closed","ping_status":"closed","template":"","meta":{"footnotes":""},"class_list":["post-5390","page","type-page","status-publish","hentry"],"_links":{"self":[{"href":"https:\/\/hubertpietka.bialystok.pl\/index.php?rest_route=\/wp\/v2\/pages\/5390","targetHints":{"allow":["GET"]}}],"collection":[{"href":"https:\/\/hubertpietka.bialystok.pl\/index.php?rest_route=\/wp\/v2\/pages"}],"about":[{"href":"https:\/\/hubertpietka.bialystok.pl\/index.php?rest_route=\/wp\/v2\/types\/page"}],"author":[{"embeddable":true,"href":"https:\/\/hubertpietka.bialystok.pl\/index.php?rest_route=\/wp\/v2\/users\/1"}],"replies":[{"embeddable":true,"href":"https:\/\/hubertpietka.bialystok.pl\/index.php?rest_route=%2Fwp%2Fv2%2Fcomments&post=5390"}],"version-history":[{"count":3,"href":"https:\/\/hubertpietka.bialystok.pl\/index.php?rest_route=\/wp\/v2\/pages\/5390\/revisions"}],"predecessor-version":[{"id":5394,"href":"https:\/\/hubertpietka.bialystok.pl\/index.php?rest_route=\/wp\/v2\/pages\/5390\/revisions\/5394"}],"wp:attachment":[{"href":"https:\/\/hubertpietka.bialystok.pl\/index.php?rest_route=%2Fwp%2Fv2%2Fmedia&parent=5390"}],"curies":[{"name":"wp","href":"https:\/\/api.w.org\/{rel}","templated":true}]}}